{"id":6,"date":"2012-02-09T11:46:30","date_gmt":"2012-02-09T11:46:30","guid":{"rendered":"https:\/\/kylat.ekarjala.fi\/partala\/?page_id=6"},"modified":"2012-02-13T15:54:10","modified_gmt":"2012-02-13T15:54:10","slug":"jasenet","status":"publish","type":"page","link":"https:\/\/kylat.ekarjala.fi\/partala\/jasenet\/","title":{"rendered":"J\u00e4senet"},"content":{"rendered":"<p><strong>Puheenjohtaja:<\/strong><br \/>\nKaija-Liisa Salo-Lipi\u00e4nen<br \/>\nSoskuantie 36<br \/>\n53400 LPR<br \/>\np. 458 1808,040-7182179<br \/>\ne-mail: k-l.lipiainen(\u00e4t)co.inet.fi<\/p>\n<p><strong>Varapuheenjohtaja:<\/strong><br \/>\nJarkko Hirvi<br \/>\nSoskuantie 14<br \/>\np. 4581 810, 0400-835 438<br \/>\ne-mail: jarkko.hirvi(\u00e4t)pp.inet.fi<\/p>\n<p><strong>Sihteeri:<\/strong><br \/>\nPasi Poikonen<br \/>\nNokantie 15<br \/>\np. 040-8677751<br \/>\ne-mail: pasipoikonen.poikonen@gmail.com<\/p>\n<p><strong>Rahastonhoitaja:<\/strong><br \/>\nPiia Petranen<br \/>\nPartalantie 118<br \/>\n53400 LPR<br \/>\np.0500-857 507<\/p>\n<p><strong>J\u00e4senet:<\/strong><br \/>\nMarkku Maijanen<br \/>\nJuhani Hannola<br \/>\nMarkku Mentunen<br \/>\nPertti Partanen<br \/>\nAnsa Rinta-Jaskari<br \/>\nTiina Kautonen<br \/>\nSanna Riikonen<\/p>\n","protected":false},"excerpt":{"rendered":"<p>Puheenjohtaja: Kaija-Liisa Salo-Lipi\u00e4nen Soskuantie 36 53400 LPR p. 458 1808,040-7182179 e-mail: k-l.lipiainen(\u00e4t)co.inet.fi Varapuheenjohtaja: Jarkko Hirvi Soskuantie 14 p. 4581 810, 0400-835 438 e-mail: jarkko.hirvi(\u00e4t)pp.inet.fi Sihteeri: Pasi Poikonen Nokantie 15 p. 040-8677751 e-mail: pasipoikonen.poikonen@gmail.com Rahastonhoitaja: Piia Petranen Partalantie 118 53400 LPR &hellip; <a href=\"https:\/\/kylat.ekarjala.fi\/partala\/jasenet\/\">Lue loppuun <span class=\"meta-nav\">&rarr;<\/span><\/a><\/p>\n","protected":false},"author":116,"featured_media":0,"parent":0,"menu_order":0,"comment_status":"closed","ping_status":"closed","template":"","meta":{"footnotes":""},"class_list":["post-6","page","type-page","status-publish","hentry"],"_links":{"self":[{"href":"https:\/\/kylat.ekarjala.fi\/partala\/wp-json\/wp\/v2\/pages\/6","targetHints":{"allow":["GET"]}}],"collection":[{"href":"https:\/\/kylat.ekarjala.fi\/partala\/wp-json\/wp\/v2\/pages"}],"about":[{"href":"https:\/\/kylat.ekarjala.fi\/partala\/wp-json\/wp\/v2\/types\/page"}],"author":[{"embeddable":true,"href":"https:\/\/kylat.ekarjala.fi\/partala\/wp-json\/wp\/v2\/users\/116"}],"replies":[{"embeddable":true,"href":"https:\/\/kylat.ekarjala.fi\/partala\/wp-json\/wp\/v2\/comments?post=6"}],"version-history":[{"count":4,"href":"https:\/\/kylat.ekarjala.fi\/partala\/wp-json\/wp\/v2\/pages\/6\/revisions"}],"predecessor-version":[{"id":20,"href":"https:\/\/kylat.ekarjala.fi\/partala\/wp-json\/wp\/v2\/pages\/6\/revisions\/20"}],"wp:attachment":[{"href":"https:\/\/kylat.ekarjala.fi\/partala\/wp-json\/wp\/v2\/media?parent=6"}],"curies":[{"name":"wp","href":"https:\/\/api.w.org\/{rel}","templated":true}]}}