{"id":146,"date":"2014-07-13T10:55:43","date_gmt":"2014-07-13T10:55:43","guid":{"rendered":"https:\/\/kylat.ekarjala.fi\/pohjalankila\/?page_id=146"},"modified":"2014-08-13T18:11:39","modified_gmt":"2014-08-13T18:11:39","slug":"kuvagalleria-juhannusjuhlat","status":"publish","type":"page","link":"https:\/\/kylat.ekarjala.fi\/pohjalankila\/kuvagalleria-juhannusjuhlat\/","title":{"rendered":"Juhannusjuhlien kuvia"},"content":{"rendered":"<p><a href=\"https:\/\/kylat.ekarjala.fi\/pohjalankila\/wp-content\/uploads\/sites\/38\/2014\/07\/1.jpg\"><br \/>\n<img loading=\"lazy\" decoding=\"async\" class=\"alignnone size-medium wp-image-173\" alt=\"OLYMPUS DIGITAL CAMERA\" src=\"https:\/\/kylat.ekarjala.fi\/pohjalankila\/wp-content\/uploads\/sites\/38\/2014\/07\/1-300x225.jpg\" width=\"300\" height=\"225\" srcset=\"https:\/\/kylat.ekarjala.fi\/pohjalankila\/wp-content\/uploads\/sites\/38\/2014\/07\/1-300x225.jpg 300w, https:\/\/kylat.ekarjala.fi\/pohjalankila\/wp-content\/uploads\/sites\/38\/2014\/07\/1-1024x768.jpg 1024w\" sizes=\"auto, (max-width: 300px) 100vw, 300px\" \/><\/a><\/p>\n<p>&nbsp;<\/p>\n<p>Juhannuskokko Torsanp\u00e4\u00e4ss\u00e4. Kuvaaja Risto Luukkonen<\/p>\n<p><img loading=\"lazy\" decoding=\"async\" class=\"alignnone size-medium wp-image-149\" alt=\"OLYMPUS DIGITAL CAMERA\" src=\"https:\/\/kylat.ekarjala.fi\/pohjalankila\/wp-content\/uploads\/sites\/38\/2014\/07\/Lasten-kokko-Torsanp\u00e4\u00e4ss\u00e4.-300x225.jpg\" width=\"300\" height=\"225\" srcset=\"https:\/\/kylat.ekarjala.fi\/pohjalankila\/wp-content\/uploads\/sites\/38\/2014\/07\/Lasten-kokko-Torsanp\u00e4\u00e4ss\u00e4.-300x225.jpg 300w, https:\/\/kylat.ekarjala.fi\/pohjalankila\/wp-content\/uploads\/sites\/38\/2014\/07\/Lasten-kokko-Torsanp\u00e4\u00e4ss\u00e4.-1024x768.jpg 1024w\" sizes=\"auto, (max-width: 300px) 100vw, 300px\" \/><\/p>\n<p>Lasten juhannuskokko Torsanp\u00e4\u00e4ss\u00e4. Kuvaaja Risto Luukkonen<\/p>\n<p><a href=\"https:\/\/kylat.ekarjala.fi\/pohjalankila\/wp-content\/uploads\/sites\/38\/2014\/07\/Juhannusjuhlasta..jpg\"><img loading=\"lazy\" decoding=\"async\" class=\"alignnone size-medium wp-image-150\" alt=\"OLYMPUS DIGITAL CAMERA\" src=\"https:\/\/kylat.ekarjala.fi\/pohjalankila\/wp-content\/uploads\/sites\/38\/2014\/07\/Juhannusjuhlasta.-300x225.jpg\" width=\"300\" height=\"225\" srcset=\"https:\/\/kylat.ekarjala.fi\/pohjalankila\/wp-content\/uploads\/sites\/38\/2014\/07\/Juhannusjuhlasta.-300x225.jpg 300w, https:\/\/kylat.ekarjala.fi\/pohjalankila\/wp-content\/uploads\/sites\/38\/2014\/07\/Juhannusjuhlasta.-1024x768.jpg 1024w\" sizes=\"auto, (max-width: 300px) 100vw, 300px\" \/><\/a><\/p>\n<p>&nbsp;<\/p>\n<p>Juhannuskokko Torsanp\u00e4\u00e4ss\u00e4 ja juhannusselfie. Kuvaaja Risto Luukkonen<\/p>\n<p>&nbsp;<\/p>\n<p><a href=\"https:\/\/kylat.ekarjala.fi\/pohjalankila\/wp-content\/uploads\/sites\/38\/2014\/07\/2.jpg\"><img loading=\"lazy\" decoding=\"async\" class=\"alignnone size-medium wp-image-174\" alt=\"OLYMPUS DIGITAL CAMERA\" src=\"https:\/\/kylat.ekarjala.fi\/pohjalankila\/wp-content\/uploads\/sites\/38\/2014\/07\/2-300x225.jpg\" width=\"300\" height=\"225\" srcset=\"https:\/\/kylat.ekarjala.fi\/pohjalankila\/wp-content\/uploads\/sites\/38\/2014\/07\/2-300x225.jpg 300w, https:\/\/kylat.ekarjala.fi\/pohjalankila\/wp-content\/uploads\/sites\/38\/2014\/07\/2-1024x768.jpg 1024w\" sizes=\"auto, (max-width: 300px) 100vw, 300px\" \/><\/a><\/p>\n<p>Kahvio, makkaran ja letun myyntipiste.<\/p>\n<p>&nbsp;<\/p>\n","protected":false},"excerpt":{"rendered":"<p>&nbsp; Juhannuskokko Torsanp\u00e4\u00e4ss\u00e4. Kuvaaja Risto Luukkonen Lasten juhannuskokko Torsanp\u00e4\u00e4ss\u00e4. Kuvaaja Risto Luukkonen &nbsp; Juhannuskokko Torsanp\u00e4\u00e4ss\u00e4 ja juhannusselfie. Kuvaaja Risto Luukkonen &nbsp; Kahvio, makkaran ja letun myyntipiste. &nbsp;<\/p>\n","protected":false},"author":86,"featured_media":0,"parent":0,"menu_order":0,"comment_status":"open","ping_status":"closed","template":"","meta":{"footnotes":""},"class_list":["post-146","page","type-page","status-publish","hentry"],"_links":{"self":[{"href":"https:\/\/kylat.ekarjala.fi\/pohjalankila\/wp-json\/wp\/v2\/pages\/146","targetHints":{"allow":["GET"]}}],"collection":[{"href":"https:\/\/kylat.ekarjala.fi\/pohjalankila\/wp-json\/wp\/v2\/pages"}],"about":[{"href":"https:\/\/kylat.ekarjala.fi\/pohjalankila\/wp-json\/wp\/v2\/types\/page"}],"author":[{"embeddable":true,"href":"https:\/\/kylat.ekarjala.fi\/pohjalankila\/wp-json\/wp\/v2\/users\/86"}],"replies":[{"embeddable":true,"href":"https:\/\/kylat.ekarjala.fi\/pohjalankila\/wp-json\/wp\/v2\/comments?post=146"}],"version-history":[{"count":10,"href":"https:\/\/kylat.ekarjala.fi\/pohjalankila\/wp-json\/wp\/v2\/pages\/146\/revisions"}],"predecessor-version":[{"id":218,"href":"https:\/\/kylat.ekarjala.fi\/pohjalankila\/wp-json\/wp\/v2\/pages\/146\/revisions\/218"}],"wp:attachment":[{"href":"https:\/\/kylat.ekarjala.fi\/pohjalankila\/wp-json\/wp\/v2\/media?parent=146"}],"curies":[{"name":"wp","href":"https:\/\/api.w.org\/{rel}","templated":true}]}}