{"id":313,"date":"2017-06-29T15:29:53","date_gmt":"2017-06-29T15:29:53","guid":{"rendered":"https:\/\/kylat.ekarjala.fi\/pohjalankila\/?page_id=313"},"modified":"2017-06-29T15:52:18","modified_gmt":"2017-06-29T15:52:18","slug":"juhannusjuhlat-2017","status":"publish","type":"page","link":"https:\/\/kylat.ekarjala.fi\/pohjalankila\/juhannusjuhlat-2017\/","title":{"rendered":"Juhannusjuhlat 2017"},"content":{"rendered":"<div id=\"attachment_318\" style=\"width: 310px\" class=\"wp-caption alignnone\"><a href=\"https:\/\/kylat.ekarjala.fi\/pohjalankila\/wp-content\/uploads\/sites\/38\/2017\/06\/DJI_0020.jpg\"><img loading=\"lazy\" decoding=\"async\" aria-describedby=\"caption-attachment-318\" class=\"size-medium wp-image-318\" src=\"https:\/\/kylat.ekarjala.fi\/pohjalankila\/wp-content\/uploads\/sites\/38\/2017\/06\/DJI_0020-300x169.jpg\" alt=\"Kuva Pauli Tiippana\" width=\"300\" height=\"169\" srcset=\"https:\/\/kylat.ekarjala.fi\/pohjalankila\/wp-content\/uploads\/sites\/38\/2017\/06\/DJI_0020-300x169.jpg 300w, https:\/\/kylat.ekarjala.fi\/pohjalankila\/wp-content\/uploads\/sites\/38\/2017\/06\/DJI_0020-768x432.jpg 768w, https:\/\/kylat.ekarjala.fi\/pohjalankila\/wp-content\/uploads\/sites\/38\/2017\/06\/DJI_0020-1024x576.jpg 1024w\" sizes=\"auto, (max-width: 300px) 100vw, 300px\" \/><\/a><p id=\"caption-attachment-318\" class=\"wp-caption-text\">Torsanp\u00e4\u00e4 on hieno paikka juhlalle. Kuva Pauli Tiipana.<\/p><\/div>\n<div id=\"attachment_315\" style=\"width: 310px\" class=\"wp-caption alignnone\"><a href=\"https:\/\/kylat.ekarjala.fi\/pohjalankila\/wp-content\/uploads\/sites\/38\/2017\/06\/DJI_0007.jpg\"><img loading=\"lazy\" decoding=\"async\" aria-describedby=\"caption-attachment-315\" class=\"size-medium wp-image-315\" src=\"https:\/\/kylat.ekarjala.fi\/pohjalankila\/wp-content\/uploads\/sites\/38\/2017\/06\/DJI_0007-300x169.jpg\" alt=\"Kuva\" width=\"300\" height=\"169\" srcset=\"https:\/\/kylat.ekarjala.fi\/pohjalankila\/wp-content\/uploads\/sites\/38\/2017\/06\/DJI_0007-300x169.jpg 300w, https:\/\/kylat.ekarjala.fi\/pohjalankila\/wp-content\/uploads\/sites\/38\/2017\/06\/DJI_0007-768x432.jpg 768w, https:\/\/kylat.ekarjala.fi\/pohjalankila\/wp-content\/uploads\/sites\/38\/2017\/06\/DJI_0007-1024x576.jpg 1024w\" sizes=\"auto, (max-width: 300px) 100vw, 300px\" \/><\/a><p id=\"caption-attachment-315\" class=\"wp-caption-text\">Kokko valmiina. Kuva\u00a0 Pauli Tiippana<\/p><\/div>\n<div id=\"attachment_316\" style=\"width: 310px\" class=\"wp-caption alignnone\"><a href=\"https:\/\/kylat.ekarjala.fi\/pohjalankila\/wp-content\/uploads\/sites\/38\/2017\/06\/DJI_0015.jpg\"><img loading=\"lazy\" decoding=\"async\" aria-describedby=\"caption-attachment-316\" class=\"size-medium wp-image-316\" src=\"https:\/\/kylat.ekarjala.fi\/pohjalankila\/wp-content\/uploads\/sites\/38\/2017\/06\/DJI_0015-300x169.jpg\" alt=\"Kuva Pauli Tiippana\" width=\"300\" height=\"169\" srcset=\"https:\/\/kylat.ekarjala.fi\/pohjalankila\/wp-content\/uploads\/sites\/38\/2017\/06\/DJI_0015-300x169.jpg 300w, https:\/\/kylat.ekarjala.fi\/pohjalankila\/wp-content\/uploads\/sites\/38\/2017\/06\/DJI_0015-768x432.jpg 768w, https:\/\/kylat.ekarjala.fi\/pohjalankila\/wp-content\/uploads\/sites\/38\/2017\/06\/DJI_0015-1024x576.jpg 1024w\" sizes=\"auto, (max-width: 300px) 100vw, 300px\" \/><\/a><p id=\"caption-attachment-316\" class=\"wp-caption-text\">Ennen alkua. Kuva Pauli Tippana.<\/p><\/div>\n<p>Juhannusjuhlat onnistuivat taas erinomaisesti. Yli 5oo\u00a0 k\u00e4vij\u00e4\u00e4, joiden joukossa yli 100 lasta nauttivat hienossa s\u00e4\u00e4ss\u00e4 tapahtumasta. Vapaaehtoiset talkoolaiset osallistuivat valmisteluihin ja niin Buffetin yll\u00e4pitoon, kuin muihinkin teht\u00e4viin. Haluatko olla mukana reilussa joukossa ensi vuonna? Tule mukaan Pohja-Lankilan kyl\u00e4t r.y:n toimintaan. Olit sitten vakiasuja tai kes\u00e4asukas\u00a0 panostasi tarvitaan.\u00a0 Ilmoittautua voit vaikka Kes\u00e4torin yhteydess\u00e4.<\/p>\n<p>&nbsp;<\/p>\n","protected":false},"excerpt":{"rendered":"<p>Juhannusjuhlat onnistuivat taas erinomaisesti. Yli 5oo\u00a0 k\u00e4vij\u00e4\u00e4, joiden joukossa yli 100 lasta nauttivat hienossa s\u00e4\u00e4ss\u00e4 tapahtumasta. Vapaaehtoiset talkoolaiset osallistuivat valmisteluihin ja niin Buffetin yll\u00e4pitoon, kuin muihinkin teht\u00e4viin. Haluatko olla mukana reilussa joukossa ensi vuonna? Tule mukaan Pohja-Lankilan kyl\u00e4t r.y:n toimintaan. Olit sitten vakiasuja tai kes\u00e4asukas\u00a0 panostasi tarvitaan.\u00a0 Ilmoittautua voit vaikka Kes\u00e4torin yhteydess\u00e4. &nbsp;<\/p>\n","protected":false},"author":163,"featured_media":0,"parent":0,"menu_order":0,"comment_status":"closed","ping_status":"closed","template":"","meta":{"footnotes":""},"class_list":["post-313","page","type-page","status-publish","hentry"],"_links":{"self":[{"href":"https:\/\/kylat.ekarjala.fi\/pohjalankila\/wp-json\/wp\/v2\/pages\/313","targetHints":{"allow":["GET"]}}],"collection":[{"href":"https:\/\/kylat.ekarjala.fi\/pohjalankila\/wp-json\/wp\/v2\/pages"}],"about":[{"href":"https:\/\/kylat.ekarjala.fi\/pohjalankila\/wp-json\/wp\/v2\/types\/page"}],"author":[{"embeddable":true,"href":"https:\/\/kylat.ekarjala.fi\/pohjalankila\/wp-json\/wp\/v2\/users\/163"}],"replies":[{"embeddable":true,"href":"https:\/\/kylat.ekarjala.fi\/pohjalankila\/wp-json\/wp\/v2\/comments?post=313"}],"version-history":[{"count":4,"href":"https:\/\/kylat.ekarjala.fi\/pohjalankila\/wp-json\/wp\/v2\/pages\/313\/revisions"}],"predecessor-version":[{"id":321,"href":"https:\/\/kylat.ekarjala.fi\/pohjalankila\/wp-json\/wp\/v2\/pages\/313\/revisions\/321"}],"wp:attachment":[{"href":"https:\/\/kylat.ekarjala.fi\/pohjalankila\/wp-json\/wp\/v2\/media?parent=313"}],"curies":[{"name":"wp","href":"https:\/\/api.w.org\/{rel}","templated":true}]}}