{"id":42,"date":"2014-12-05T09:36:21","date_gmt":"2014-12-05T07:36:21","guid":{"rendered":"https:\/\/kylat.ekarjala.fi\/ruokolahdenkylat\/?page_id=42"},"modified":"2014-12-05T09:36:21","modified_gmt":"2014-12-05T07:36:21","slug":"virmutjoki","status":"publish","type":"page","link":"https:\/\/kylat.ekarjala.fi\/ruokolahdenkylat\/virmutjoki\/","title":{"rendered":"Virmutjoki"},"content":{"rendered":"<p><a href=\"https:\/\/kylat.ekarjala.fi\/ruokolahdenkylat\/wp-content\/uploads\/sites\/76\/2014\/12\/virmutjoki3.jpg\"><img loading=\"lazy\" decoding=\"async\" class=\"size-thumbnail wp-image-44 alignright\" src=\"https:\/\/kylat.ekarjala.fi\/ruokolahdenkylat\/wp-content\/uploads\/sites\/76\/2014\/12\/virmutjoki3-150x150.jpg\" alt=\"virmutjoki3\" width=\"150\" height=\"150\" \/><\/a>Virmutjoki sijaitsee Imatralta Mikkeliin johtavan tien varrella Ruokolahden kuntakeskuksesta Rasilasta 7 km luoteeseen. Vuoksenniskalle on matkaa 16 km ja Mansikkalaan 22 km.<\/p>\n<p>Reilun 300 asukkaan kyl\u00e4n peruspalvelut ovat kunnossa. 3-opettajaisella koululla toimii esiopetusryhm\u00e4 ja perhep\u00e4iv\u00e4hoitoa on saatavissa. Kyl\u00e4n palvelukeskuksena toimii kauppakasino, jossa on kahvila, myym\u00e4l\u00e4, ravintola, asiamiesposti sek\u00e4 veikkaus online. Kyl\u00e4ss\u00e4 on my\u00f6s pienyritt\u00e4ji\u00e4, mm. autokorjaamo ja taksi. Perhejuhliin ja muihin tapahtumiin soveltuu hyvin peruskorjattu seurojentalo.<\/p>\n<p>Kes\u00e4tori<br \/>\n<img loading=\"lazy\" decoding=\"async\" class=\"size-thumbnail wp-image-45 alignright\" src=\"https:\/\/kylat.ekarjala.fi\/ruokolahdenkylat\/wp-content\/uploads\/sites\/76\/2014\/12\/virmutjoki2-150x150.jpg\" alt=\"virmutjoki2\" width=\"150\" height=\"150\" \/>Ei siis ihme, ett\u00e4 kyl\u00e4\u00e4n on muuttanut viime vuosien aikana yli 30 uutta perhett\u00e4, joiden joukossa on useita lapsiperheit\u00e4. Virmutjoen asumis- ja kunnostuskelpoiset talot k\u00e4yv\u00e4t hyvin kaupaksi osittain siksi, ett\u00e4 kyl\u00e4ll\u00e4 on oma vesiosuuskunta, joka saa veden kunnan vedenottamosta. Vapaa-ajan asuntoja on 140.<\/p>\n<p><strong>Liikkuen leijonajahtiin<\/strong><br \/>\n<img loading=\"lazy\" decoding=\"async\" class=\"size-thumbnail wp-image-43 alignright\" src=\"https:\/\/kylat.ekarjala.fi\/ruokolahdenkylat\/wp-content\/uploads\/sites\/76\/2014\/12\/virmutjoki-150x150.jpg\" alt=\"virmutjoki\" width=\"150\" height=\"150\" \/>Virmutjoki on tunnettu monipuolisista talviliikuntamahdollisuuksista. J\u00e4\u00e4kiekkokaukalon lis\u00e4ksi kyl\u00e4ss\u00e4 on useita 1-12 km:n mittaisia, hyvin hoidettuja hiihtolatuja. Laduille p\u00e4\u00e4see kauppakasinolta ja koululta.<\/p>\n<p>Kansainv\u00e4liseen kuuluisuuteen Virmutjoki nousi kes\u00e4ll\u00e4 1992. Ven\u00e4l\u00e4iseksi sirkusleijonaksi my\u00f6hemmin paljastunut peto n\u00e4htiin ensimm\u00e4isen kerran Virmutjoen Kalpinviidassa. Aikansa Ruokolahden metsiss\u00e4 ja tiedotusv\u00e4lineiss\u00e4 seikkaillut leijona palasi lopulta takaisin Ven\u00e4j\u00e4lle&#8230; vai palasiko sittenk\u00e4\u00e4n?<\/p>\n","protected":false},"excerpt":{"rendered":"<p>Virmutjoki sijaitsee Imatralta Mikkeliin johtavan tien varrella Ruokolahden kuntakeskuksesta Rasilasta 7 km luoteeseen. Vuoksenniskalle on matkaa 16 km ja Mansikkalaan 22 km. Reilun 300 asukkaan kyl\u00e4n peruspalvelut ovat kunnossa. 3-opettajaisella koululla toimii esiopetusryhm\u00e4 ja perhep\u00e4iv\u00e4hoitoa on saatavissa. Kyl\u00e4n palvelukeskuksena toimii &hellip; <a href=\"https:\/\/kylat.ekarjala.fi\/ruokolahdenkylat\/virmutjoki\/\">Lue loppuun <span class=\"meta-nav\">&rarr;<\/span><\/a><\/p>\n","protected":false},"author":1,"featured_media":0,"parent":0,"menu_order":0,"comment_status":"open","ping_status":"closed","template":"","meta":{"footnotes":""},"class_list":["post-42","page","type-page","status-publish","hentry"],"_links":{"self":[{"href":"https:\/\/kylat.ekarjala.fi\/ruokolahdenkylat\/wp-json\/wp\/v2\/pages\/42","targetHints":{"allow":["GET"]}}],"collection":[{"href":"https:\/\/kylat.ekarjala.fi\/ruokolahdenkylat\/wp-json\/wp\/v2\/pages"}],"about":[{"href":"https:\/\/kylat.ekarjala.fi\/ruokolahdenkylat\/wp-json\/wp\/v2\/types\/page"}],"author":[{"embeddable":true,"href":"https:\/\/kylat.ekarjala.fi\/ruokolahdenkylat\/wp-json\/wp\/v2\/users\/1"}],"replies":[{"embeddable":true,"href":"https:\/\/kylat.ekarjala.fi\/ruokolahdenkylat\/wp-json\/wp\/v2\/comments?post=42"}],"version-history":[{"count":1,"href":"https:\/\/kylat.ekarjala.fi\/ruokolahdenkylat\/wp-json\/wp\/v2\/pages\/42\/revisions"}],"predecessor-version":[{"id":46,"href":"https:\/\/kylat.ekarjala.fi\/ruokolahdenkylat\/wp-json\/wp\/v2\/pages\/42\/revisions\/46"}],"wp:attachment":[{"href":"https:\/\/kylat.ekarjala.fi\/ruokolahdenkylat\/wp-json\/wp\/v2\/media?parent=42"}],"curies":[{"name":"wp","href":"https:\/\/api.w.org\/{rel}","templated":true}]}}