{"id":18,"date":"2014-02-24T12:37:57","date_gmt":"2014-02-24T10:37:57","guid":{"rendered":"https:\/\/kylat.ekarjala.fi\/saanjarvi\/?page_id=18"},"modified":"2014-02-24T12:37:57","modified_gmt":"2014-02-24T10:37:57","slug":"maatalouselinkeinot","status":"publish","type":"page","link":"https:\/\/kylat.ekarjala.fi\/saanjarvi\/maatalouselinkeinot\/","title":{"rendered":"Maatalouselinkeinot"},"content":{"rendered":"<p>Maatalous viel\u00e4 n\u00e4kyvill\u00e4 kyl\u00e4ss\u00e4mme<\/p>\n<p>Viel\u00e4 tapaat lampaitakinMuutamalla tilalla kasvatetaan lampaitakin.<\/p>\n<p>SaparoKahdella tilalla harjoitetaan sikalatoimintaa.<\/p>\n<p>Vahvasen vadelmapellolla elokuussaMarjanviljely on kuulunut kyl\u00e4mme elinkeinoihin laajalti jo vuosikymmenien ajan.<\/p>\n","protected":false},"excerpt":{"rendered":"<p>Maatalous viel\u00e4 n\u00e4kyvill\u00e4 kyl\u00e4ss\u00e4mme Viel\u00e4 tapaat lampaitakinMuutamalla tilalla kasvatetaan lampaitakin. SaparoKahdella tilalla harjoitetaan sikalatoimintaa. Vahvasen vadelmapellolla elokuussaMarjanviljely on kuulunut kyl\u00e4mme elinkeinoihin laajalti jo vuosikymmenien ajan.<\/p>\n","protected":false},"author":1,"featured_media":0,"parent":0,"menu_order":0,"comment_status":"open","ping_status":"closed","template":"","meta":{"footnotes":""},"class_list":["post-18","page","type-page","status-publish","hentry"],"_links":{"self":[{"href":"https:\/\/kylat.ekarjala.fi\/saanjarvi\/wp-json\/wp\/v2\/pages\/18","targetHints":{"allow":["GET"]}}],"collection":[{"href":"https:\/\/kylat.ekarjala.fi\/saanjarvi\/wp-json\/wp\/v2\/pages"}],"about":[{"href":"https:\/\/kylat.ekarjala.fi\/saanjarvi\/wp-json\/wp\/v2\/types\/page"}],"author":[{"embeddable":true,"href":"https:\/\/kylat.ekarjala.fi\/saanjarvi\/wp-json\/wp\/v2\/users\/1"}],"replies":[{"embeddable":true,"href":"https:\/\/kylat.ekarjala.fi\/saanjarvi\/wp-json\/wp\/v2\/comments?post=18"}],"version-history":[{"count":1,"href":"https:\/\/kylat.ekarjala.fi\/saanjarvi\/wp-json\/wp\/v2\/pages\/18\/revisions"}],"predecessor-version":[{"id":20,"href":"https:\/\/kylat.ekarjala.fi\/saanjarvi\/wp-json\/wp\/v2\/pages\/18\/revisions\/20"}],"wp:attachment":[{"href":"https:\/\/kylat.ekarjala.fi\/saanjarvi\/wp-json\/wp\/v2\/media?parent=18"}],"curies":[{"name":"wp","href":"https:\/\/api.w.org\/{rel}","templated":true}]}}