{"id":33,"date":"2014-02-24T12:40:25","date_gmt":"2014-02-24T10:40:25","guid":{"rendered":"https:\/\/kylat.ekarjala.fi\/saanjarvi\/?page_id=33"},"modified":"2014-02-24T12:40:25","modified_gmt":"2014-02-24T10:40:25","slug":"retkeilyreitti","status":"publish","type":"page","link":"https:\/\/kylat.ekarjala.fi\/saanjarvi\/retkeilyreitti\/","title":{"rendered":"Retkeilyreitti"},"content":{"rendered":"<p><strong>S\u00e4\u00e4nj\u00e4rven retkipolku<\/strong><\/p>\n<p>OpastauluPolun l\u00e4ht\u00f6paikka sijaitsee entisen koulun pihassa, osoite S\u00e4\u00e4nj\u00e4rventie 401. Ilmoitustaululla ovat ohjeet ja mukaan otettavat rastiselostukset reitin kiert\u00e4jille.<br \/>\nRetkipolun kokonaispituus on noin 4 km. Reitti kulkee teit\u00e4 ja mets\u00e4polkuja pitkin Valkj\u00e4rven ymp\u00e4ri. Polku on merkitty maastoon oranssilla k\u00e4rjell\u00e4\u00e4n seisovalla neli\u00f6ll\u00e4 sek\u00e4 viitoituksin. Polku kulkee aluksi kyl\u00e4tiet\u00e4 asuintalojen ja vanhojen rakennusten ohi. Pian reitti k\u00e4\u00e4ntyy sivutielle ja mets\u00e4n rauhalliseen syleilyyn.<\/p>\n<p><strong>Lintutorni<\/strong><\/p>\n<p>Lintutorni valmistunut 2003Viitta opastaa kulkijan Valkj\u00e4rven kauniille rantaluhdalle. Pitkospuita pitkin vaeltaja p\u00e4\u00e4tyy lintutornille ihastelemaan alueen vesi- ja rantalintulajistoa. Varsinkin kev\u00e4isin tornista voi havaita monia sorsalajeja, telkki\u00e4, joutsenia ja kurkia. Lis\u00e4ksi lukuisat pikkulintulajit kuten pajusirkku, ruokokerttunen ja pensastasku pesiv\u00e4t alueella.<br \/>\nTornilta polku jatkuu tihe\u00e4n lehtimetsik\u00f6n kautta hein\u00e4ladolle ja sielt\u00e4 kuusimets\u00e4\u00e4n. Mets\u00e4n reunan kivir\u00f6ykki\u00f6ss\u00e4 on vanha ketunpes\u00e4. Pian kulkija ohittaa miehenkorkuisen muurahaispes\u00e4n.<\/p>\n<p><strong>Kota<\/strong><\/p>\n<p>Kota valmistunut 2002Polku jatkaa matkaansa Piilukivien ohi m\u00e4en p\u00e4\u00e4lle, jossa kohoaa komea hirsikota. Kodan tulisijalla ja leveill\u00e4 penkeill\u00e4 voi pys\u00e4hty\u00e4 pitk\u00e4ksikin aikaa ja y\u00f6pyminenkin on mahdollista.<br \/>\nKodan l\u00e4hell\u00e4 on ulkok\u00e4ym\u00e4l\u00e4. Kodalta reitti sukeltaa metsikk\u00f6\u00f6n, jossa talvisin kulkee latu-ura. Mets\u00e4n ja vanhan hakkuuaukean j\u00e4lkeen polku k\u00e4\u00e4ntyy pienelle kyl\u00e4tielle, jota kulkiessa voi ihastella idyllist\u00e4 maalaismaisemaa hevosaitauksineen ja vanhoine sep\u00e4n pajoineen.<\/p>\n<p><strong>Uimaranta ja laavu<\/strong><\/p>\n<p>Donitsi kyyti\u00e4Tielt\u00e4 polku k\u00e4\u00e4ntyy pellon reunaa pitkin lehtev\u00e4\u00e4n metsikk\u00f6\u00f6n ja saapuu j\u00e4lleen Valkj\u00e4rven rantaan. Paikalla sijaitsee kyl\u00e4n yleinen uimapaikka.<br \/>\nUimarannan l\u00e4heisyyteen on rakennettu jykev\u00e4 hirsilaavu, jonka nuotiolla voi paistaa ev\u00e4it\u00e4\u00e4n. Rannassa olevalla veneell\u00e4 voi jopa tehd\u00e4 souturetken Valkj\u00e4rvell\u00e4.<\/p>\n","protected":false},"excerpt":{"rendered":"<p>S\u00e4\u00e4nj\u00e4rven retkipolku OpastauluPolun l\u00e4ht\u00f6paikka sijaitsee entisen koulun pihassa, osoite S\u00e4\u00e4nj\u00e4rventie 401. Ilmoitustaululla ovat ohjeet ja mukaan otettavat rastiselostukset reitin kiert\u00e4jille. Retkipolun kokonaispituus on noin 4 km. Reitti kulkee teit\u00e4 ja mets\u00e4polkuja pitkin Valkj\u00e4rven ymp\u00e4ri. Polku on merkitty maastoon oranssilla k\u00e4rjell\u00e4\u00e4n &hellip; <a href=\"https:\/\/kylat.ekarjala.fi\/saanjarvi\/retkeilyreitti\/\">Lue loppuun <span class=\"meta-nav\">&rarr;<\/span><\/a><\/p>\n","protected":false},"author":1,"featured_media":0,"parent":0,"menu_order":0,"comment_status":"open","ping_status":"closed","template":"","meta":{"footnotes":""},"class_list":["post-33","page","type-page","status-publish","hentry"],"_links":{"self":[{"href":"https:\/\/kylat.ekarjala.fi\/saanjarvi\/wp-json\/wp\/v2\/pages\/33","targetHints":{"allow":["GET"]}}],"collection":[{"href":"https:\/\/kylat.ekarjala.fi\/saanjarvi\/wp-json\/wp\/v2\/pages"}],"about":[{"href":"https:\/\/kylat.ekarjala.fi\/saanjarvi\/wp-json\/wp\/v2\/types\/page"}],"author":[{"embeddable":true,"href":"https:\/\/kylat.ekarjala.fi\/saanjarvi\/wp-json\/wp\/v2\/users\/1"}],"replies":[{"embeddable":true,"href":"https:\/\/kylat.ekarjala.fi\/saanjarvi\/wp-json\/wp\/v2\/comments?post=33"}],"version-history":[{"count":1,"href":"https:\/\/kylat.ekarjala.fi\/saanjarvi\/wp-json\/wp\/v2\/pages\/33\/revisions"}],"predecessor-version":[{"id":35,"href":"https:\/\/kylat.ekarjala.fi\/saanjarvi\/wp-json\/wp\/v2\/pages\/33\/revisions\/35"}],"wp:attachment":[{"href":"https:\/\/kylat.ekarjala.fi\/saanjarvi\/wp-json\/wp\/v2\/media?parent=33"}],"curies":[{"name":"wp","href":"https:\/\/api.w.org\/{rel}","templated":true}]}}