{"id":41,"date":"2014-02-24T12:41:31","date_gmt":"2014-02-24T10:41:31","guid":{"rendered":"https:\/\/kylat.ekarjala.fi\/saanjarvi\/?page_id=41"},"modified":"2014-02-24T12:41:31","modified_gmt":"2014-02-24T10:41:31","slug":"harrastukset","status":"publish","type":"page","link":"https:\/\/kylat.ekarjala.fi\/saanjarvi\/harrastukset\/","title":{"rendered":"Harrastukset"},"content":{"rendered":"<p>Omatoimiset harrastukset<\/p>\n<p>S\u00e4ynj\u00e4rvi Lukuisat j\u00e4rvet antavat mahdollisuudet kalastukseen vuoden ymp\u00e4ri. <\/p>\n<p>Talvisin voit harrastaa hiihtoa.Avattuina ovat ladut 3 ja 6km.Pidempi latu poikkeaa retkeilyreitin kodalle.<\/p>\n<p>S\u00e4nkiendurolle l\u00f6ytyy oma harrastajajoukkonsa. Syksyisin on Tikan pellolla j\u00e4rjestetty n\u00e4yt\u00f6s- ja kilpailutapahtuma jo usean vuoden ajan. Arto Tikka, 050-4112538.<\/p>\n<p>K\u00e4sit\u00f6it\u00e4kin voi harrastaa ulkona.T\u00e4ss\u00e4 aurinkopainantaa syksyll\u00e4 2005.<\/p>\n<p>K\u00e4sity\u00f6harrastajalle on lis\u00e4ksi tarjolla kankaankudontaa, kirjontaa, huovutusta sek\u00e4 koneompelua.Lis\u00e4ksi on mahdollisuus osallistua polsliinimaalajien kursseille.<\/p>\n","protected":false},"excerpt":{"rendered":"<p>Omatoimiset harrastukset S\u00e4ynj\u00e4rvi Lukuisat j\u00e4rvet antavat mahdollisuudet kalastukseen vuoden ymp\u00e4ri. Talvisin voit harrastaa hiihtoa.Avattuina ovat ladut 3 ja 6km.Pidempi latu poikkeaa retkeilyreitin kodalle. S\u00e4nkiendurolle l\u00f6ytyy oma harrastajajoukkonsa. Syksyisin on Tikan pellolla j\u00e4rjestetty n\u00e4yt\u00f6s- ja kilpailutapahtuma jo usean vuoden ajan. Arto &hellip; <a href=\"https:\/\/kylat.ekarjala.fi\/saanjarvi\/harrastukset\/\">Lue loppuun <span class=\"meta-nav\">&rarr;<\/span><\/a><\/p>\n","protected":false},"author":1,"featured_media":0,"parent":0,"menu_order":0,"comment_status":"open","ping_status":"closed","template":"","meta":{"footnotes":""},"class_list":["post-41","page","type-page","status-publish","hentry"],"_links":{"self":[{"href":"https:\/\/kylat.ekarjala.fi\/saanjarvi\/wp-json\/wp\/v2\/pages\/41","targetHints":{"allow":["GET"]}}],"collection":[{"href":"https:\/\/kylat.ekarjala.fi\/saanjarvi\/wp-json\/wp\/v2\/pages"}],"about":[{"href":"https:\/\/kylat.ekarjala.fi\/saanjarvi\/wp-json\/wp\/v2\/types\/page"}],"author":[{"embeddable":true,"href":"https:\/\/kylat.ekarjala.fi\/saanjarvi\/wp-json\/wp\/v2\/users\/1"}],"replies":[{"embeddable":true,"href":"https:\/\/kylat.ekarjala.fi\/saanjarvi\/wp-json\/wp\/v2\/comments?post=41"}],"version-history":[{"count":1,"href":"https:\/\/kylat.ekarjala.fi\/saanjarvi\/wp-json\/wp\/v2\/pages\/41\/revisions"}],"predecessor-version":[{"id":43,"href":"https:\/\/kylat.ekarjala.fi\/saanjarvi\/wp-json\/wp\/v2\/pages\/41\/revisions\/43"}],"wp:attachment":[{"href":"https:\/\/kylat.ekarjala.fi\/saanjarvi\/wp-json\/wp\/v2\/media?parent=41"}],"curies":[{"name":"wp","href":"https:\/\/api.w.org\/{rel}","templated":true}]}}