{"id":74,"date":"2014-02-24T12:44:41","date_gmt":"2014-02-24T10:44:41","guid":{"rendered":"https:\/\/kylat.ekarjala.fi\/saanjarvi\/?page_id=74"},"modified":"2014-02-24T12:44:41","modified_gmt":"2014-02-24T10:44:41","slug":"poimintoja-kylatoimikunnan-vuosista","status":"publish","type":"page","link":"https:\/\/kylat.ekarjala.fi\/saanjarvi\/poimintoja-kylatoimikunnan-vuosista\/","title":{"rendered":"Poimintoja kyl\u00e4toimikunnan vuosista"},"content":{"rendered":"<p>S\u00c4\u00c4NJ\u00c4RVEN KYL\u00c4TOIMIKUNNAN SAAVUTUKSIA<\/p>\n<p>-Toimikunta perustettu 28.04 1981<\/p>\n<p>&#8211; Otettu esille uimarannan tarve koulun pohjoisp\u00e4\u00e4h\u00e4n sek\u00e4 tie mainitulle alueelle 06\/1981<\/p>\n<p>&#8211; esitetty kiekkokaukalon siirt\u00e4misest\u00e4 uimarannan tuntumaan 06\/81<\/p>\n<p>&#8211; pikkujoulut j\u00e4rjestettiin 12.12 1981 ensimm\u00e4isen kerran<\/p>\n<p>&#8211; laskiaistapahtuma 21.02 1982( mukana 150 henke\u00e4)\/ensimm\u00e4isen kerran<\/p>\n<p>-hengellinen juhla p\u00e4\u00e4si\u00e4isen\u00e4<\/p>\n<p>&#8211; is\u00e4np\u00e4iv\u00e4vietto 19.11 1982<\/p>\n<p>&#8211; laiturin rakennus talkoilla kes\u00e4 -82<\/p>\n<p>&#8211; esitys yhteisty\u00f6st\u00e4 Stu S\u00e4\u00e4nj\u00e4rven osaston kanssa j\u00e4\u00e4kiekkokaukalosta<\/p>\n<p>&#8211; liikenneilta -84<\/p>\n<p>-venepaikka S\u00e4kniemeen, kulku Lep\u00e4nkannon kautta -84<\/p>\n<p>-ymp\u00e4rist\u00f6n siivoustalkoot -85<\/p>\n<p>&#8211; uimapaikan saanti Jurvasen kyl\u00e4lle ja kulkuoikeus Haukhonkaan\/ ei toteutunut<\/p>\n<p>&#8211; mieskuoron lauluilta -85<\/p>\n<p>-siioni virsiseurat-86<\/p>\n<p>-paloturvallisuus tilaisuus<\/p>\n<p>&#8211; maatalouden liit\u00e4nn\u00e4iselinkeino ilta -87<\/p>\n<p>&#8211; marjanpoimijoiden kurssi -88<\/p>\n<p>&#8211; kylienv\u00e4linen viestihiihto -88<\/p>\n<p>&#8211; pururata -90<\/p>\n<p>&#8211; v\u00e4est\u00f6suojeluilta -89<\/p>\n<p>&#8211; puu wc uimarannalle-90<\/p>\n<p>&#8211; rivitalotontti tiedossa -90<\/p>\n<p>&#8211; kutsutaksi asia vireille-90<\/p>\n<p>&#8211; kunta ostanut rivitalotontin -91<\/p>\n<p>&#8211; luontoilta -91<\/p>\n<p>&#8211; kysely Valkj\u00e4rven ja S\u00e4\u00e4nj\u00e4rven kunnostamisesta -91<\/p>\n<p>&#8211; ongelmaj\u00e4tteiden ker\u00e4yskampanja -92<\/p>\n<p>&#8211; pulssikurssi -92<\/p>\n<p>-selvitys kyl\u00e4rengist\u00e4\/ piiasta<\/p>\n<p>&#8211; j\u00e4tteiden ker\u00e4ilypisteen rakentamisp\u00e4\u00e4t\u00f6s lavan luo ja Jurvasen kyl\u00e4\u00e4n -92<\/p>\n<p>&#8211; uuden vuoden vastaanotto -92<\/p>\n<p>&#8211; osoitej\u00e4rjestelm\u00e4 laatiminen -92<\/p>\n<p>&#8211; kyl\u00e4piiat toimintaan -92<\/p>\n<p>&#8211; j\u00e4rvitoimikunta -92<\/p>\n<p>&#8211; tilap\u00e4iv\u00e4 -92<\/p>\n<p>&#8211; muovilajittelukurssi -92<\/p>\n<p>&#8211; joulukuusen koristelukilpailu osallistuminen -92<\/p>\n<p>&#8211; j\u00e4tteiden ker\u00e4yspiste toimintaan -92<\/p>\n<p>&#8211; kirjelm\u00e4 koulun s\u00e4ilytt\u00e4miseksi<\/p>\n<p>&#8211; j\u00e4tehuolto ilta -93<\/p>\n<p>&#8211; mielenosoitus kunnantalon edess\u00e4 -93<\/p>\n<p>&#8211; yhteinen palaveri viiden kyl\u00e4toimikunnan kanssa<\/p>\n<p>&#8211; joulunavajaisissa torilla voimisteluesitys -93<\/p>\n<p>&#8211; \u00e4\u00e4nestysalueen s\u00e4ilytt\u00e4mis toimenpiteet k\u00e4yntiin -93<\/p>\n<p>&#8211; kestop\u00e4\u00e4llyste anomus S\u00e4\u00e4nj\u00e4rven tielle -94<\/p>\n<p>&#8211; kartoitus yrityksist\u00e4 talousalueella -94<\/p>\n<p>&#8211; kutsutaksin reitin suunnittelua -95<\/p>\n<p>&#8211; stop-merkin pyynt\u00f6 S\u00e4\u00e4nj\u00e4rven tien risteykseen -95<\/p>\n<p>&#8211; stop-merkki paikalle -95<\/p>\n<p>&#8211; kutsutaksi toimintaan -95<\/p>\n<p>&#8211; avoimetovetp\u00e4iv\u00e4 koululla -96<\/p>\n<p>&#8211; pilkkikisat Valkj\u00e4rvell\u00e4 -97<\/p>\n<p>&#8211; p\u00e4\u00e4si\u00e4iskoristekurssi- 97<\/p>\n<p>&#8211; alueen j\u00e4rjest\u00f6jen yhteiskokous -98<\/p>\n<p>&#8211; pomo+ rahoitus hakemus Pomosta potkua S\u00e4\u00e4nj\u00e4rvelle -97<\/p>\n<p>&#8211; kyl\u00e4toimikuntien leikkimielinen kolmiottelu -97<\/p>\n<p>&#8211; koulun pihan suunnittelup\u00e4iv\u00e4 -98<\/p>\n<p>&#8211; koulun pihan kunnostustalkoot -98<\/p>\n<p>&#8211; jotava opettaja Veikko Nenosen l\u00e4ksi\u00e4isjuhlat\/ avoimet ovet koululla -98<\/p>\n<p>&#8211; Pomosta potkua S\u00e4\u00e4nj\u00e4rvelle toiminta k\u00e4ynniss\u00e4 98-99<\/p>\n<p>&#8211; el\u00e4kel\u00e4isten yhteislaulupiiri koululla -99<\/p>\n<p>&#8211; j\u00e4tehuoltouudistus ilta -99<\/p>\n<p>&#8211; kyl\u00e4n kuulemisilta koululla -99<\/p>\n<p>&#8211; opettaja Saini Kylm\u00e4l\u00e4n el\u00e4kkeelle l\u00e4ht\u00f6 juhlat 2000<\/p>\n<p>&#8211; kylien kehitt\u00e4mis teemailta 2000<\/p>\n<p>&#8211; opettaja Kaija S\u00e4rk\u00e4n el\u00e4kkeelle l\u00e4ht\u00f6juhla 2001<\/p>\n<p>&#8211; keitt\u00e4j\u00e4 Anja Turun el\u00e4kkeelle l\u00e4ksi\u00e4iset 2001<\/p>\n<p>&#8211; j\u00e4tteenlajitteluilta 2002<\/p>\n<p>&#8211; kyl\u00e4suunnitelman tekoilta 2002<\/p>\n<p>&#8211; kyl\u00e4kysely 2002<\/p>\n<p>&#8211; maitokoppien kunnotus 2002<\/p>\n<p>&#8211; lauluilta koululla 2002<\/p>\n","protected":false},"excerpt":{"rendered":"<p>S\u00c4\u00c4NJ\u00c4RVEN KYL\u00c4TOIMIKUNNAN SAAVUTUKSIA -Toimikunta perustettu 28.04 1981 &#8211; Otettu esille uimarannan tarve koulun pohjoisp\u00e4\u00e4h\u00e4n sek\u00e4 tie mainitulle alueelle 06\/1981 &#8211; esitetty kiekkokaukalon siirt\u00e4misest\u00e4 uimarannan tuntumaan 06\/81 &#8211; pikkujoulut j\u00e4rjestettiin 12.12 1981 ensimm\u00e4isen kerran &#8211; laskiaistapahtuma 21.02 1982( mukana 150 henke\u00e4)\/ensimm\u00e4isen &hellip; <a href=\"https:\/\/kylat.ekarjala.fi\/saanjarvi\/poimintoja-kylatoimikunnan-vuosista\/\">Lue loppuun <span class=\"meta-nav\">&rarr;<\/span><\/a><\/p>\n","protected":false},"author":1,"featured_media":0,"parent":0,"menu_order":0,"comment_status":"open","ping_status":"closed","template":"","meta":{"footnotes":""},"class_list":["post-74","page","type-page","status-publish","hentry"],"_links":{"self":[{"href":"https:\/\/kylat.ekarjala.fi\/saanjarvi\/wp-json\/wp\/v2\/pages\/74","targetHints":{"allow":["GET"]}}],"collection":[{"href":"https:\/\/kylat.ekarjala.fi\/saanjarvi\/wp-json\/wp\/v2\/pages"}],"about":[{"href":"https:\/\/kylat.ekarjala.fi\/saanjarvi\/wp-json\/wp\/v2\/types\/page"}],"author":[{"embeddable":true,"href":"https:\/\/kylat.ekarjala.fi\/saanjarvi\/wp-json\/wp\/v2\/users\/1"}],"replies":[{"embeddable":true,"href":"https:\/\/kylat.ekarjala.fi\/saanjarvi\/wp-json\/wp\/v2\/comments?post=74"}],"version-history":[{"count":1,"href":"https:\/\/kylat.ekarjala.fi\/saanjarvi\/wp-json\/wp\/v2\/pages\/74\/revisions"}],"predecessor-version":[{"id":76,"href":"https:\/\/kylat.ekarjala.fi\/saanjarvi\/wp-json\/wp\/v2\/pages\/74\/revisions\/76"}],"wp:attachment":[{"href":"https:\/\/kylat.ekarjala.fi\/saanjarvi\/wp-json\/wp\/v2\/media?parent=74"}],"curies":[{"name":"wp","href":"https:\/\/api.w.org\/{rel}","templated":true}]}}