{"id":84,"date":"2011-10-19T13:07:07","date_gmt":"2011-10-19T11:37:07","guid":{"rendered":"https:\/\/kylat.ekarjala.fi\/saarenkyla\/?page_id=84"},"modified":"2011-10-19T13:07:07","modified_gmt":"2011-10-19T11:37:07","slug":"beach-volley-kentta","status":"publish","type":"page","link":"https:\/\/kylat.ekarjala.fi\/saarenkyla\/harrastukset\/beach-volley-kentta\/","title":{"rendered":"Beach volley-kentt\u00e4"},"content":{"rendered":"<p>Vuonna 2004 talkoilla valmistunut rantalentopallo-kentt\u00e4 uimalan vieress\u00e4 joka kaikkien k\u00e4yt\u00f6ss\u00e4. Viet\u00e4 leppoisa kes\u00e4p\u00e4iv\u00e4 pelaamalla rantalentist\u00e4 ja v\u00e4lill\u00e4 pulahtamalla vilpoisaan j\u00e4rviveteen. Iltaa voit jatkaa l\u00e4heisell\u00e4 laavulla. Pelaamiseen tarvitset vain oman pallon.<\/p>\n","protected":false},"excerpt":{"rendered":"<p>Vuonna 2004 talkoilla valmistunut rantalentopallo-kentt\u00e4 uimalan vieress\u00e4 joka kaikkien k\u00e4yt\u00f6ss\u00e4. Viet\u00e4 leppoisa kes\u00e4p\u00e4iv\u00e4 pelaamalla rantalentist\u00e4 ja v\u00e4lill\u00e4 pulahtamalla vilpoisaan j\u00e4rviveteen. Iltaa voit jatkaa l\u00e4heisell\u00e4 laavulla. Pelaamiseen tarvitset vain oman pallon.<\/p>\n","protected":false},"author":46,"featured_media":0,"parent":42,"menu_order":0,"comment_status":"open","ping_status":"open","template":"","meta":{"footnotes":""},"class_list":["post-84","page","type-page","status-publish","hentry"],"_links":{"self":[{"href":"https:\/\/kylat.ekarjala.fi\/saarenkyla\/wp-json\/wp\/v2\/pages\/84","targetHints":{"allow":["GET"]}}],"collection":[{"href":"https:\/\/kylat.ekarjala.fi\/saarenkyla\/wp-json\/wp\/v2\/pages"}],"about":[{"href":"https:\/\/kylat.ekarjala.fi\/saarenkyla\/wp-json\/wp\/v2\/types\/page"}],"author":[{"embeddable":true,"href":"https:\/\/kylat.ekarjala.fi\/saarenkyla\/wp-json\/wp\/v2\/users\/46"}],"replies":[{"embeddable":true,"href":"https:\/\/kylat.ekarjala.fi\/saarenkyla\/wp-json\/wp\/v2\/comments?post=84"}],"version-history":[{"count":1,"href":"https:\/\/kylat.ekarjala.fi\/saarenkyla\/wp-json\/wp\/v2\/pages\/84\/revisions"}],"predecessor-version":[{"id":85,"href":"https:\/\/kylat.ekarjala.fi\/saarenkyla\/wp-json\/wp\/v2\/pages\/84\/revisions\/85"}],"up":[{"embeddable":true,"href":"https:\/\/kylat.ekarjala.fi\/saarenkyla\/wp-json\/wp\/v2\/pages\/42"}],"wp:attachment":[{"href":"https:\/\/kylat.ekarjala.fi\/saarenkyla\/wp-json\/wp\/v2\/media?parent=84"}],"curies":[{"name":"wp","href":"https:\/\/api.w.org\/{rel}","templated":true}]}}