{"id":16,"date":"2014-11-25T10:39:04","date_gmt":"2014-11-25T08:39:04","guid":{"rendered":"https:\/\/kylat.ekarjala.fi\/savitaipaleenkylat\/?page_id=16"},"modified":"2014-11-25T10:39:04","modified_gmt":"2014-11-25T08:39:04","slug":"heituinlahti","status":"publish","type":"page","link":"https:\/\/kylat.ekarjala.fi\/savitaipaleenkylat\/heituinlahti\/","title":{"rendered":"Heituinlahti"},"content":{"rendered":"<p><a href=\"https:\/\/kylat.ekarjala.fi\/savitaipaleenkylat\/wp-content\/uploads\/sites\/75\/2014\/11\/heituinlahti.jpg\"><img loading=\"lazy\" decoding=\"async\" class=\"size-thumbnail wp-image-18 alignright\" src=\"https:\/\/kylat.ekarjala.fi\/savitaipaleenkylat\/wp-content\/uploads\/sites\/75\/2014\/11\/heituinlahti-150x150.jpg\" alt=\"heituinlahti\" width=\"150\" height=\"150\" \/><\/a>Heituinlahdella toimii Savitaipaleen ainoa kyl\u00e4koulu ja harrastusmahdollisuudet ovat kyl\u00e4l\u00e4isten mukaan todella hyv\u00e4t. Kyl\u00e4ss\u00e4 on pururata, valaistu latu ja kiekkokaukalo. Sis\u00e4liikuntaa ja erilaisia harrastuspiirej\u00e4 voi harrastaa kunnostetussa kyl\u00e4talossa tai koululla. Eri-ik\u00e4isten tarpeet on otettu hyvin huomioon. Lapset voivat k\u00e4yd\u00e4 mm. seurakunnan kerhossa ja vanhukset kokoontuvat omassa ryhm\u00e4ss\u00e4\u00e4n Heitlahen virkeiss\u00e4.<\/p>\n<p>Kangasmets\u00e4t ja puhdasvetiset j\u00e4rvet houkuttelevat luontoon, mets\u00e4lle ja kalalle. Virmaj\u00e4rven Hiidenvuorella kannattaa k\u00e4yd\u00e4 ihastelemassa maisemia.<\/p>\n<p><img loading=\"lazy\" decoding=\"async\" class=\"size-thumbnail wp-image-17 alignright\" src=\"https:\/\/kylat.ekarjala.fi\/savitaipaleenkylat\/wp-content\/uploads\/sites\/75\/2014\/11\/heituinlahti2-150x150.jpg\" alt=\"heituinlahti2\" width=\"150\" height=\"150\" \/>Reilun 500 asukkaan kyl\u00e4 on omatoiminen ja aktiivinen. Oman hyvinvoinnin ja yhteisten asioiden eteen ollaan valmiita toimimaan. Kyl\u00e4ss\u00e4 on aktiivinen nuorisoseura sek\u00e4 mets\u00e4stysseura, maatalousnaiset ja luonnonsuojeluyhdistys. Yhteisist\u00e4 tapahtumista t\u00e4rkeimm\u00e4t ovat hein\u00e4kuiset Heituinlahtip\u00e4iv\u00e4t ja talven laskiaistapahtuma.<\/p>\n<p>12 km:\u00e4 Savitaipaleen kirkolta sijaitsevalla kyl\u00e4ll\u00e4 toimii huoltoasema\/kauppa, asiamiesposti, ala-aste, kampaamo ja p\u00e4iv\u00e4hoitopaikka. Suurin ty\u00f6nantaja on saha, jonka lis\u00e4ksi kyl\u00e4ss\u00e4 on maatalous- ja puutarhayrityksi\u00e4 sek\u00e4 useita yksityisyritt\u00e4ji\u00e4.<\/p>\n<p>Heituinlahtelaiset tarjoavat myyntiin viihtyisi\u00e4 tontteja, kyl\u00e4ll\u00e4 on my\u00f6s muutamia vuokra-asuntoja.<\/p>\n","protected":false},"excerpt":{"rendered":"<p>Heituinlahdella toimii Savitaipaleen ainoa kyl\u00e4koulu ja harrastusmahdollisuudet ovat kyl\u00e4l\u00e4isten mukaan todella hyv\u00e4t. Kyl\u00e4ss\u00e4 on pururata, valaistu latu ja kiekkokaukalo. Sis\u00e4liikuntaa ja erilaisia harrastuspiirej\u00e4 voi harrastaa kunnostetussa kyl\u00e4talossa tai koululla. Eri-ik\u00e4isten tarpeet on otettu hyvin huomioon. Lapset voivat k\u00e4yd\u00e4 mm. seurakunnan &hellip; <a href=\"https:\/\/kylat.ekarjala.fi\/savitaipaleenkylat\/heituinlahti\/\">Lue loppuun <span class=\"meta-nav\">&rarr;<\/span><\/a><\/p>\n","protected":false},"author":1,"featured_media":0,"parent":0,"menu_order":0,"comment_status":"closed","ping_status":"closed","template":"","meta":{"footnotes":""},"class_list":["post-16","page","type-page","status-publish","hentry"],"_links":{"self":[{"href":"https:\/\/kylat.ekarjala.fi\/savitaipaleenkylat\/wp-json\/wp\/v2\/pages\/16","targetHints":{"allow":["GET"]}}],"collection":[{"href":"https:\/\/kylat.ekarjala.fi\/savitaipaleenkylat\/wp-json\/wp\/v2\/pages"}],"about":[{"href":"https:\/\/kylat.ekarjala.fi\/savitaipaleenkylat\/wp-json\/wp\/v2\/types\/page"}],"author":[{"embeddable":true,"href":"https:\/\/kylat.ekarjala.fi\/savitaipaleenkylat\/wp-json\/wp\/v2\/users\/1"}],"replies":[{"embeddable":true,"href":"https:\/\/kylat.ekarjala.fi\/savitaipaleenkylat\/wp-json\/wp\/v2\/comments?post=16"}],"version-history":[{"count":1,"href":"https:\/\/kylat.ekarjala.fi\/savitaipaleenkylat\/wp-json\/wp\/v2\/pages\/16\/revisions"}],"predecessor-version":[{"id":19,"href":"https:\/\/kylat.ekarjala.fi\/savitaipaleenkylat\/wp-json\/wp\/v2\/pages\/16\/revisions\/19"}],"wp:attachment":[{"href":"https:\/\/kylat.ekarjala.fi\/savitaipaleenkylat\/wp-json\/wp\/v2\/media?parent=16"}],"curies":[{"name":"wp","href":"https:\/\/api.w.org\/{rel}","templated":true}]}}