{"id":14,"date":"2012-04-12T19:15:24","date_gmt":"2012-04-12T18:45:24","guid":{"rendered":"https:\/\/kylat.ekarjala.fi\/simola\/?page_id=14"},"modified":"2022-01-26T12:15:39","modified_gmt":"2022-01-26T11:45:39","slug":"koulu","status":"publish","type":"page","link":"https:\/\/kylat.ekarjala.fi\/simola\/asuminen-kylalla\/palvelut\/koulu\/","title":{"rendered":"Koulu"},"content":{"rendered":"<p>Simolan kyl\u00e4koulu koulu sijaitsee n. 18 km etel\u00e4\u00e4n (Yl\u00e4maalle ja Vaalimaalle) Lappeenrannan keskustasta kantatie nro. 387:n l\u00e4heisyydess\u00e4.<\/p>\n<p>Koulussamme on kolme yhdysluokkaa :<\/p>\n<p>1-2<br \/>\n3-4<br \/>\n5-6<\/p>\n<p><a href=\"http:\/\/koulut.etela-karjala.fi\/simola\/index.htm\">http:\/\/koulut.etela-karjala.fi\/simola\/index.htm<\/a><\/p>\n","protected":false},"excerpt":{"rendered":"<p>Simolan kyl\u00e4koulu koulu sijaitsee n. 18 km etel\u00e4\u00e4n (Yl\u00e4maalle ja Vaalimaalle) Lappeenrannan keskustasta kantatie nro. 387:n l\u00e4heisyydess\u00e4. Koulussamme on kolme yhdysluokkaa : 1-2 3-4 5-6 http:\/\/koulut.etela-karjala.fi\/simola\/index.htm<\/p>\n","protected":false},"author":120,"featured_media":0,"parent":11,"menu_order":0,"comment_status":"closed","ping_status":"closed","template":"full-width-page.php","meta":{"footnotes":""},"class_list":["post-14","page","type-page","status-publish","hentry"],"_links":{"self":[{"href":"https:\/\/kylat.ekarjala.fi\/simola\/wp-json\/wp\/v2\/pages\/14","targetHints":{"allow":["GET"]}}],"collection":[{"href":"https:\/\/kylat.ekarjala.fi\/simola\/wp-json\/wp\/v2\/pages"}],"about":[{"href":"https:\/\/kylat.ekarjala.fi\/simola\/wp-json\/wp\/v2\/types\/page"}],"author":[{"embeddable":true,"href":"https:\/\/kylat.ekarjala.fi\/simola\/wp-json\/wp\/v2\/users\/120"}],"replies":[{"embeddable":true,"href":"https:\/\/kylat.ekarjala.fi\/simola\/wp-json\/wp\/v2\/comments?post=14"}],"version-history":[{"count":7,"href":"https:\/\/kylat.ekarjala.fi\/simola\/wp-json\/wp\/v2\/pages\/14\/revisions"}],"predecessor-version":[{"id":1422,"href":"https:\/\/kylat.ekarjala.fi\/simola\/wp-json\/wp\/v2\/pages\/14\/revisions\/1422"}],"up":[{"embeddable":true,"href":"https:\/\/kylat.ekarjala.fi\/simola\/wp-json\/wp\/v2\/pages\/11"}],"wp:attachment":[{"href":"https:\/\/kylat.ekarjala.fi\/simola\/wp-json\/wp\/v2\/media?parent=14"}],"curies":[{"name":"wp","href":"https:\/\/api.w.org\/{rel}","templated":true}]}}