{"id":1663,"date":"2023-05-11T21:36:55","date_gmt":"2023-05-11T18:36:55","guid":{"rendered":"https:\/\/kylat.ekarjala.fi\/simola\/?page_id=1663"},"modified":"2023-05-11T21:50:17","modified_gmt":"2023-05-11T18:50:17","slug":"kylatoimikunta-2022","status":"publish","type":"page","link":"https:\/\/kylat.ekarjala.fi\/simola\/kylatoimikunta-2022\/","title":{"rendered":"Kyl\u00e4toimikunta 2022"},"content":{"rendered":"\t\t<div data-elementor-type=\"wp-page\" data-elementor-id=\"1663\" class=\"elementor elementor-1663\" data-elementor-post-type=\"page\">\n\t\t\t\t\t\t<section class=\"elementor-section elementor-top-section elementor-element elementor-element-15e7a15b elementor-section-boxed elementor-section-height-default elementor-section-height-default\" data-id=\"15e7a15b\" data-element_type=\"section\" data-e-type=\"section\">\n\t\t\t\t\t\t<div class=\"elementor-container elementor-column-gap-default\">\n\t\t\t\t\t<div class=\"elementor-column elementor-col-100 elementor-top-column elementor-element elementor-element-3c125a25\" data-id=\"3c125a25\" data-element_type=\"column\" data-e-type=\"column\">\n\t\t\t<div class=\"elementor-widget-wrap elementor-element-populated\">\n\t\t\t\t\t\t<div class=\"elementor-element elementor-element-43a0f2a2 elementor-widget elementor-widget-text-editor\" data-id=\"43a0f2a2\" data-element_type=\"widget\" data-e-type=\"widget\" data-widget_type=\"text-editor.default\">\n\t\t\t\t<div class=\"elementor-widget-container\">\n\t\t\t\t\t\t\t\t\t\n<p>Simolan ja l\u00e4hikylien toimintavuosi 2022 oli hyvinkin aktiivinen ja monipuolinen. Paljon saimme<br \/>uusia ihmisi\u00e4 mukaan toiminnan piiriin ja kun kerran koronakin hellitti, niin p\u00e4\u00e4simme<br \/>toteuttamaan kaikki suunnitellut tapahtumat.<\/p>\n\n\n\n<p>Helmikuussa j\u00e4rjestimme Simolan koululla koko perheen talvitapahtuman sek\u00e4 kyl\u00e4kokouksen.<br \/>Talvitapahtumassa oli hiihtokilpailut, jossa kaikkien osallistuneiden kesken arvottiin yksi 50\u20ac<br \/>arvoinen Uk-lahjakortti. Hiiht\u00e4ji\u00e4 oli pienimmist\u00e4 sarjoista l\u00e4htien aina naisten yleiseen sarjaan ja<br \/>mukana oli n. 25 kilpailijaa. Kaikki kilpailijat palkittiin suklaisin mitalein sek\u00e4 pienin<br \/>tavarapalkinnoin. Kaukalolla oli samaan aikaan laukaisututka ja muuten sai vapaasti luistella ja<br \/>laskea m\u00e4ke\u00e4. Kyl\u00e4toimikunta tarjosi grillist\u00e4 Tilateurastamo Ikosen grillimakkaraa sek\u00e4 mehua.<br \/>Paikalla oli yhteens\u00e4 n. 50-60 henkil\u00f6\u00e4.<\/p>\n\n\n\n<p>Talvitapahtuman j\u00e4lkeinen kyl\u00e4kokous ei houkutellut v\u00e4ke\u00e4 paikalle, vain yksi rohkea kyl\u00e4l\u00e4inen<br \/>tuli paikalle kyl\u00e4toimikunnan j\u00e4senten lis\u00e4ksi. K\u00e4vimme esityslistalla olleet asiat vapaamuotoisesti<br \/>l\u00e4pi ja pohdimme yhdess\u00e4 keinoja saada pidetty\u00e4 kyl\u00e4 el\u00e4v\u00e4n\u00e4 ja my\u00f6s p\u00e4\u00e4tt\u00e4jien mieless\u00e4.<\/p>\n\n\n\n<p>Kev\u00e4\u00e4n aikana Simolan koulun pururadan ymp\u00e4rist\u00f6\u00f6n rakentui 7-v\u00e4yl\u00e4inen frisbeegolfrata. Sit\u00e4 on<br \/>muokattu kes\u00e4n mittaan k\u00e4ytt\u00e4jilt\u00e4 saadun palautteen mukaan ja loppukes\u00e4st\u00e4 Willimiehen<br \/>DiscGolfin edustajien kanssa mietimme sen lopulliseen muotoon. Syystapahtumaa ennen saimme<br \/>viralliset v\u00e4yl\u00e4opasteet ja infotaulun paikoilleen ja radan avajaiset pidimme syystapahtuman<br \/>yhteydess\u00e4.<\/p>\n\n\n\n<p>Kev\u00e4\u00e4ll\u00e4 kyl\u00e4toimikunta muisti yht\u00e4 Simolan koulun oppilasta stipendill\u00e4 opettajien valitsemilla<br \/>perusteilla.<\/p>\n\n\n\n<p>Kes\u00e4n suosikki oli koko perheen yhteinen jalkapallo Simolan yleisurheilukent\u00e4ll\u00e4 maanantai-<br \/>iltaisin. Parhaimmillaan mukana oli n.30 lasta ja aikuista. Pelaajia ei haitannut helle eik\u00e4 \u00f6t\u00f6k\u00e4t,<\/p>\n\n\n\n<p>vaan keskim\u00e4\u00e4rin mukana oli yli 20 henkil\u00f6\u00e4. Peli-illat olivat kes\u00e4-hein\u00e4kuun ajan sek\u00e4 elokuun<br \/>puolella yksi bonuskerta osallistujien toiveesta.<\/p>\n\n\n\n<p>Ruokosen uimarannan talkoot pidettiin 5.7., paikalla oli 10 talkoolaista. Talkoissa purettiin vanha<br \/>laituri sek\u00e4 vanhat pukukopit. Kaupunki hoiti j\u00e4tteet pois rannalta. Talkoolaisille tarjottiin<br \/>makkaraa, juotavaa ja pient\u00e4 naposteltavaa.<\/p>\n\n\n\n<p>Talkoot jatkuivat 11.7. Simolan koulun j\u00e4\u00e4kiekkokaukalolla, joissa purettiin kaukalon laidat. N\u00e4iss\u00e4<br \/>tarjottiin talkoolaisille makkaraa ja juotavaa. Syksyll\u00e4 kaupunki toimitti kaukalolle kivituhkaa, joka<br \/>levitettiin my\u00f6s talkoovoimin. Juuri ennen talven tuloa selvisi, ett\u00e4 kaupungilta saadaan kaukalolle<br \/>uudet k\u00e4ytetyt laidat vanhojen lahonneiden tilalle. Kaukalon j\u00e4\u00e4dytys p\u00e4\u00e4stiin aloittamaan<br \/>ensimm\u00e4isten joukossa ja ennen joulua kaukalo oli jo luistelukunnossa.<\/p>\n\n\n\n<p>Koko perheen retki Kouvolan Tykkim\u00e4keen j\u00e4rjestettiin 13.8., mukana oli yhteens\u00e4 32 osallistujaa.<br \/>Odotimme osallistujia enemm\u00e4nkin mukaan, mutta vaikuttiko asiaan viikolla alkanut koulu, liian<br \/>my\u00f6h\u00e4inen ajankohta vai jokin muu asia.<\/p>\n\n\n\n<p>Syystapahtuma pidettiin 18.9. Simolan koululla. Ohjelmassa oli frisbeegolfradan avajaiset ja<br \/>frisbeegolfmestaruuskilpailut sek\u00e4 kolmiottelu (lajeina saappaanheitto, m\u00f6lkkykeilaus ja koripallon<br \/>heitto). Mestaruuskisoihin osallistui l\u00e4hes 30 kilpailijaa ja mestariksi heitti Niklas Ikonen radan<br \/>ideaalituloksella. Kolmiotteluun osallistui n 25 leikkimielist\u00e4 kilpailijaa. Lis\u00e4ksi ohjelmassa oli<br \/>kepparirataa sek\u00e4 laukaisututkaa. Kes\u00e4lle suunniteltu kepparip\u00e4iv\u00e4 yhdistettiin t\u00e4h\u00e4n<br \/>syystapahtumaan. Syystapahtumassa pidimme my\u00f6s Euron kahvilaa, jonka tuotot menev\u00e4t<br \/>Ruokosen uimarannan uuden laiturin hankintaan. Kahvio tuotti 149\u20ac. Kokonaishenkil\u00f6m\u00e4\u00e4r\u00e4<br \/>syystapahtumassa oli 50-60 ihmist\u00e4.<\/p>\n\n\n\n<p>Jouluinen askartelukurssi j\u00e4rjestettiin KaroliinaKynttil\u00e4n tiloissa kynttil\u00f6it\u00e4 tehden 7.11. Mukana oli<br \/>10 osallistujaa kun yksi joutui perumaan osallistumisensa.<\/p>\n\n\n\n<p>Jo perinteeksi muodostuneet Simolan joulumyyj\u00e4iset pidettiin Simolan koululla 26.11. Ajankohta<br \/>oli juuri ensimm\u00e4isen adventin alla ja se n\u00e4kyi paikalla k\u00e4yneiden m\u00e4\u00e4r\u00e4ss\u00e4, alussa myyjien p\u00f6ytien<br \/>luokse muodostui jopa jonoja. My\u00f6s joulupukki ehti paikalle lapsia ilahduttamaan.<\/p>\n\n\n\n<p>Itsen\u00e4isyysp\u00e4iv\u00e4n kynttil\u00e4kirkko vesitornilla yhdess\u00e4 Lappeen seurakunnan kanssa kokosi yhteen n.<br \/>30 henkil\u00f6\u00e4, ilahduttavan paljon my\u00f6s lapsiperheit\u00e4. Kyl\u00e4toimikunta tarjosi osallistujille gl\u00f6gi\u00e4 ja<br \/>joulutorttuja.<\/p>\n\n\n\n<p>Yhteisty\u00f6 seurakunnan kanssa jatkui Kauneimpien joululaulujen tiimoilta 13.12. koululla.<br \/>Laulamaan kokoontui n. 30 henkil\u00f6\u00e4. Kyl\u00e4toimikunta tarjosi kaikille joulutorttuja ja gl\u00f6gi\u00e4.<br \/>Tapahtuma olisi voinut olla vaikka Lasten kauneimmat joululaulut sill\u00e4 osallistujien keski-ik\u00e4 oli<br \/>kirkkoherran mukaan tapahtumien pienin vuosikausiin.<\/p>\n\n\n\n<p>Kyl\u00e4toimikunta vuokrasi juhlatelttaa nelj\u00e4 kertaa.<\/p>\n\n\n\n<p>Kyl\u00e4toiminnan j\u00e4senin\u00e4 olivat vuonna 2022 Laura Koskim\u00e4ki, Sari Nyk\u00e4nen, Anu Kaipia, Reetta<br \/>Posti ja Sanni Vainikka.<\/p>\n\n\n\n<p>Kyl\u00e4toimikunta kokoontui vuoden aikana kolme kertaa, lis\u00e4ksi asioista sovittiin tarvittaessa wa-<br \/>ryhm\u00e4ss\u00e4.<\/p>\n\n\n\n<p>Kyl\u00e4toimikunta tiedotti asioitaan p\u00e4\u00e4s\u00e4\u00e4nt\u00f6isesti Facebook-ryhm\u00e4n v\u00e4lityksell\u00e4. Tapahtumista<br \/>jaettiin my\u00f6s kylille mainoksia postilaatikkojakeluna sek\u00e4 joulumyyj\u00e4isist\u00e4 oli Etel\u00e4-Saimaassa<br \/>maksettu mainos.<\/p>\n\t\t\t\t\t\t\t\t<\/div>\n\t\t\t\t<\/div>\n\t\t\t\t\t<\/div>\n\t\t<\/div>\n\t\t\t\t\t<\/div>\n\t\t<\/section>\n\t\t\t\t<\/div>\n\t\t","protected":false},"excerpt":{"rendered":"<p>Simolan ja l\u00e4hikylien toimintavuosi 2022 oli hyvinkin aktiivinen ja monipuolinen. Paljon saimmeuusia ihmisi\u00e4 mukaan toiminnan piiriin ja kun kerran koronakin hellitti, niin p\u00e4\u00e4simmetoteuttamaan kaikki suunnitellut tapahtumat. Helmikuussa j\u00e4rjestimme Simolan koululla koko perheen talvitapahtuman sek\u00e4 kyl\u00e4kokouksen.Talvitapahtumassa oli hiihtokilpailut, jossa kaikkien osallistuneiden &hellip; <a href=\"https:\/\/kylat.ekarjala.fi\/simola\/kylatoimikunta-2022\/\">Continue reading <span class=\"meta-nav\">&rarr;<\/span><\/a><\/p>\n","protected":false},"author":184,"featured_media":0,"parent":0,"menu_order":0,"comment_status":"closed","ping_status":"closed","template":"elementor_header_footer","meta":{"footnotes":""},"class_list":["post-1663","page","type-page","status-publish","hentry"],"_links":{"self":[{"href":"https:\/\/kylat.ekarjala.fi\/simola\/wp-json\/wp\/v2\/pages\/1663","targetHints":{"allow":["GET"]}}],"collection":[{"href":"https:\/\/kylat.ekarjala.fi\/simola\/wp-json\/wp\/v2\/pages"}],"about":[{"href":"https:\/\/kylat.ekarjala.fi\/simola\/wp-json\/wp\/v2\/types\/page"}],"author":[{"embeddable":true,"href":"https:\/\/kylat.ekarjala.fi\/simola\/wp-json\/wp\/v2\/users\/184"}],"replies":[{"embeddable":true,"href":"https:\/\/kylat.ekarjala.fi\/simola\/wp-json\/wp\/v2\/comments?post=1663"}],"version-history":[{"count":4,"href":"https:\/\/kylat.ekarjala.fi\/simola\/wp-json\/wp\/v2\/pages\/1663\/revisions"}],"predecessor-version":[{"id":1678,"href":"https:\/\/kylat.ekarjala.fi\/simola\/wp-json\/wp\/v2\/pages\/1663\/revisions\/1678"}],"wp:attachment":[{"href":"https:\/\/kylat.ekarjala.fi\/simola\/wp-json\/wp\/v2\/media?parent=1663"}],"curies":[{"name":"wp","href":"https:\/\/api.w.org\/{rel}","templated":true}]}}