{"id":30,"date":"2012-04-12T19:22:19","date_gmt":"2012-04-12T18:52:19","guid":{"rendered":"https:\/\/kylat.ekarjala.fi\/simola\/?page_id=30"},"modified":"2014-10-14T11:01:20","modified_gmt":"2014-10-14T10:31:20","slug":"myotavirtaan","status":"publish","type":"page","link":"https:\/\/kylat.ekarjala.fi\/simola\/asuminen-kylalla\/yhdistykset\/myotavirtaan\/","title":{"rendered":"My\u00f6t\u00e4virtaan"},"content":{"rendered":"<p><a href=\"http:\/\/yhdistykset.ekarjala.fi\/myovirta\/\">Yhdistyksen <\/a>tarkoituksena on edist\u00e4\u00e4 ja kehitt\u00e4\u00e4 kyl\u00e4l\u00e4isten elinoloja asumiseen, yritys- ja \u00a0harrastustoiminnan yll\u00e4pit\u00e4miseen sek\u00e4 yhteiskunnallisten palvelujen s\u00e4ilymisee Simolan ja l\u00e4hikylien ja Vainikkalan kyl\u00e4toimikuntien alueella.<\/p>\n<p>My\u00f6t\u00e4virtaan on kehitt\u00e4mishankkeiden avulla kunnostanut ja hankkinut<\/p>\n<ul>\n<li>My\u00f6t\u00e4virtaan Retkeilyreitin vuosina 2002-2005<\/li>\n<li>Vainikkalan kyl\u00e4n vapaa-ajan vieton mahdollisuuksia vuosina 2005-2007<\/li>\n<li>Ostamalla Simolan vesitornin vuonna 2011 kyl\u00e4l\u00e4isten ja matkailijoiden k\u00e4ytt\u00f6\u00f6n ja kunnostamalla vesitornin aluetta vuonna 2012<\/li>\n<\/ul>\n","protected":false},"excerpt":{"rendered":"<p>Yhdistyksen tarkoituksena on edist\u00e4\u00e4 ja kehitt\u00e4\u00e4 kyl\u00e4l\u00e4isten elinoloja asumiseen, yritys- ja \u00a0harrastustoiminnan yll\u00e4pit\u00e4miseen sek\u00e4 yhteiskunnallisten palvelujen s\u00e4ilymisee Simolan ja l\u00e4hikylien ja Vainikkalan kyl\u00e4toimikuntien alueella. My\u00f6t\u00e4virtaan on kehitt\u00e4mishankkeiden avulla kunnostanut ja hankkinut My\u00f6t\u00e4virtaan Retkeilyreitin vuosina 2002-2005 Vainikkalan kyl\u00e4n vapaa-ajan vieton mahdollisuuksia &hellip; <a href=\"https:\/\/kylat.ekarjala.fi\/simola\/asuminen-kylalla\/yhdistykset\/myotavirtaan\/\">Continue reading <span class=\"meta-nav\">&rarr;<\/span><\/a><\/p>\n","protected":false},"author":120,"featured_media":0,"parent":20,"menu_order":0,"comment_status":"closed","ping_status":"closed","template":"","meta":{"footnotes":""},"class_list":["post-30","page","type-page","status-publish","hentry"],"_links":{"self":[{"href":"https:\/\/kylat.ekarjala.fi\/simola\/wp-json\/wp\/v2\/pages\/30","targetHints":{"allow":["GET"]}}],"collection":[{"href":"https:\/\/kylat.ekarjala.fi\/simola\/wp-json\/wp\/v2\/pages"}],"about":[{"href":"https:\/\/kylat.ekarjala.fi\/simola\/wp-json\/wp\/v2\/types\/page"}],"author":[{"embeddable":true,"href":"https:\/\/kylat.ekarjala.fi\/simola\/wp-json\/wp\/v2\/users\/120"}],"replies":[{"embeddable":true,"href":"https:\/\/kylat.ekarjala.fi\/simola\/wp-json\/wp\/v2\/comments?post=30"}],"version-history":[{"count":6,"href":"https:\/\/kylat.ekarjala.fi\/simola\/wp-json\/wp\/v2\/pages\/30\/revisions"}],"predecessor-version":[{"id":321,"href":"https:\/\/kylat.ekarjala.fi\/simola\/wp-json\/wp\/v2\/pages\/30\/revisions\/321"}],"up":[{"embeddable":true,"href":"https:\/\/kylat.ekarjala.fi\/simola\/wp-json\/wp\/v2\/pages\/20"}],"wp:attachment":[{"href":"https:\/\/kylat.ekarjala.fi\/simola\/wp-json\/wp\/v2\/media?parent=30"}],"curies":[{"name":"wp","href":"https:\/\/api.w.org\/{rel}","templated":true}]}}