{"id":34,"date":"2012-04-12T19:23:21","date_gmt":"2012-04-12T18:53:21","guid":{"rendered":"https:\/\/kylat.ekarjala.fi\/simola\/?page_id=34"},"modified":"2016-02-01T18:18:09","modified_gmt":"2016-02-01T17:48:09","slug":"seurakunta","status":"publish","type":"page","link":"https:\/\/kylat.ekarjala.fi\/simola\/asuminen-kylalla\/palvelut\/seurakunta\/","title":{"rendered":"Seurakunta"},"content":{"rendered":"<p><strong><a href=\"http:\/\/www.lappeenrannanseurakunnat.fi\/lappee\/diakoniatyo\/\">DIAKONIATY\u00d6<\/a><\/strong><\/p>\n<p><strong>Diakoniaty\u00f6ss\u00e4 tarvitaan vapaaehtoisia!<\/strong> Voit ottaa yhteytt\u00e4 diakoniaty\u00f6ntekij\u00f6ihin halutessasi antaa aikaasi\u00a0yhteiseen ty\u00f6h\u00f6n.<\/p>\n<p><strong>T\u00c4HK\u00c4KERHO <\/strong>on kaikille avoin tuokio, jossa on tarjolla ajatuksia eri aiheista sek\u00e4 hartaus ja p\u00e4iv\u00e4kahvit.<\/p>\n<ul>\n<li>Simolan T\u00c4HK\u00c4KERHO\u00a0kokoontuu \u00a0kodeissa joka toinen torstai klo 13<\/li>\n<\/ul>\n<p><strong><a href=\"http:\/\/www.lappeenrannanseurakunnat.fi\/yhteiset_tyomuodot\/lapsityo\/pyhakoulut\/\">LASTEN TOIMINTA<\/a><\/strong><\/p>\n<p><strong>PYH\u00c4KOULU<\/strong><\/p>\n<p>Pyh\u00e4koulu on lasten oma jumalanpalvelus, jossa asioita opetellaan lapsen kanssa leikkien ja laulaen<\/p>\n<ul>\n<li>Simolan pyh\u00e4koulu ja \u00e4itipiiri kokoontuu Simolan koulun eskariluokassa sunnuntaisin klo 12, Rikkil\u00e4ntie 1292.<\/li>\n<li><strong>Lastenkirkko<\/strong> on auki joka p\u00e4iv\u00e4 klo 7 &#8211; 21. Lastenkirkko edellytt\u00e4\u00e4 sis\u00e4\u00e4nkirjautumisen.\n<div><cite><a href=\"http:\/\/lastenkirkko.fi\/\"><strong>lastenkirkko<\/strong>.fi<\/a><\/cite><\/div>\n<\/li>\n<\/ul>\n<p><strong><a href=\"http:\/\/www.lappeenrannanseurakunnat.fi\/lappee\/tytot_ja_pojat_7-14_v\/kerhot\/raippo_ent_lampola\/\">7-14 VUOTIAIDEN KERHO<\/a><\/strong><\/p>\n<ul>\n<li>Kokoontuu Lappeenpuistossa yhteisty\u00f6ss\u00e4 Lappeen Riennon kanssa.<\/li>\n<li>Muuta seurakunnallista tekemist\u00e4\u00a0\u00a0<a href=\"http:\/\/jiipeenetti.fi\/\">l\u00f6ytyy netist\u00e4<\/a>,k\u00e4y tutustumassa.<\/li>\n<\/ul>\n<p align=\"LEFT\"><span style=\"color: #00000a;font-family: Verdana;font-size: x-large\">SIMOLAN PYH\u00c4KOULU <\/span><\/p>\n<p align=\"LEFT\"><span style=\"color: #00000a;font-family: Verdana;font-size: x-large\">KOKOONTUU SUNNUNTAISIN <\/span><\/p>\n<p align=\"LEFT\"><span style=\"color: #00000a;font-family: Verdana;font-size: x-large\">KELLO 12-12:45 SIMOLAN KOULULLA<\/span><\/p>\n<p align=\"LEFT\"><span style=\"color: #00000a;font-family: Verdana;font-size: small\">ellei toisin ole mainittu<\/span><\/p>\n<p align=\"LEFT\"><span style=\"color: #00000a;font-family: Verdana;font-size: large\"><b>10.1. Pyh\u00e4koulu<\/b><\/span><\/p>\n<p align=\"LEFT\"><span style=\"color: #00000a;font-family: Verdana;font-size: large\"><b>17.1. Pyh\u00e4koulu<\/b><\/span><\/p>\n<p align=\"LEFT\"><span style=\"color: #00000a;font-family: Verdana;font-size: large\"><b>24.1. Pyh\u00e4koulu<\/b><\/span><\/p>\n<p align=\"LEFT\"><span style=\"color: #00000a;font-family: Verdana;font-size: large\"><b>31.1. Kynttil\u00e4np\u00e4iv\u00e4n Pyh\u00e4koulu<\/b><\/span><\/p>\n<p align=\"LEFT\"><span style=\"color: #00000a;font-family: Verdana;font-size: large\"><b>7.2. Laskiaissunnuntain Pyh\u00e4koulu ulkona<\/b><\/span><\/p>\n<p align=\"LEFT\"><span style=\"color: #00000a;font-family: Verdana;font-size: large\"><b>14.2. Yst\u00e4v\u00e4np\u00e4iv\u00e4n Pyh\u00e4koulu<\/b><\/span><\/p>\n<p align=\"LEFT\"><span style=\"color: #00000a;font-family: Verdana;font-size: large\"><b>21.2. Pyh\u00e4koulu<\/b><\/span><\/p>\n<p align=\"LEFT\"><span style=\"color: #00000a;font-family: Verdana;font-size: large\"><b>28.2. Pyh\u00e4koulu<\/b><\/span><\/p>\n<p align=\"LEFT\"><span style=\"color: #00000a;font-family: Verdana;font-size: large\"><b>6.3. Pyh\u00e4koulu<\/b><\/span><\/p>\n<p align=\"LEFT\"><span style=\"color: #00000a;font-family: Verdana;font-size: large\"><b>13.3. Marian ilmestysp\u00e4iv\u00e4n Pyh\u00e4koulu<\/b><\/span><\/p>\n<p align=\"LEFT\"><span style=\"color: #00000a;font-family: Verdana;font-size: large\"><b>20.3 Palmusunnuntain Pyh\u00e4koulu kirkossa<\/b><\/span><\/p>\n<p align=\"LEFT\"><span style=\"color: #00000a;font-family: Verdana;font-size: large\"><b>28.3 2.P\u00e4\u00e4si\u00e4isp\u00e4iv\u00e4n Pyh\u00e4koulu<\/b><\/span><\/p>\n<p align=\"LEFT\"><span style=\"color: #00000a;font-family: Verdana;font-size: large\"><b>3.4 Pyh\u00e4koulu<\/b><\/span><\/p>\n<p align=\"LEFT\"><span style=\"color: #00000a;font-family: Verdana;font-size: large\"><b>10.4. Pyh\u00e4koulu<\/b><\/span><\/p>\n<p align=\"LEFT\"><span style=\"color: #00000a;font-family: Verdana;font-size: large\"><b>17.4. Pyh\u00e4koulu<\/b><\/span><\/p>\n<p align=\"LEFT\"><span style=\"color: #00000a;font-family: Verdana;font-size: large\"><b>24.4 Pyh\u00e4koulu<\/b><\/span><\/p>\n<p align=\"LEFT\"><span style=\"color: #00000a;font-family: Verdana;font-size: large\"><b>1.5. Vapunp\u00e4iv\u00e4n Pyh\u00e4koulu koululla\/ laavulla<\/b><\/span><\/p>\n<p align=\"LEFT\"><span style=\"color: #00000a;font-family: Verdana;font-size: large\"><b>15.5. Helluntain Pyh\u00e4koulu ja p\u00e4\u00e4t\u00f6s laavulla<\/b><\/span><\/p>\n<p align=\"LEFT\"><span style=\"color: #00000a;font-family: Verdana;font-size: large\">TERVETULOA LAPSET JA VANHEMMAT!<\/span><\/p>\n<p align=\"LEFT\"><span style=\"color: #00000a;font-family: Verdana;font-size: medium\">Seurakunnan lapsity\u00f6<\/span><\/p>\n<p>&nbsp;<\/p>\n<p>&nbsp;<\/p>\n","protected":false},"excerpt":{"rendered":"<p>DIAKONIATY\u00d6 Diakoniaty\u00f6ss\u00e4 tarvitaan vapaaehtoisia! Voit ottaa yhteytt\u00e4 diakoniaty\u00f6ntekij\u00f6ihin halutessasi antaa aikaasi\u00a0yhteiseen ty\u00f6h\u00f6n. T\u00c4HK\u00c4KERHO on kaikille avoin tuokio, jossa on tarjolla ajatuksia eri aiheista sek\u00e4 hartaus ja p\u00e4iv\u00e4kahvit. Simolan T\u00c4HK\u00c4KERHO\u00a0kokoontuu \u00a0kodeissa joka toinen torstai klo 13 LASTEN TOIMINTA PYH\u00c4KOULU Pyh\u00e4koulu on &hellip; <a href=\"https:\/\/kylat.ekarjala.fi\/simola\/asuminen-kylalla\/palvelut\/seurakunta\/\">Continue reading <span class=\"meta-nav\">&rarr;<\/span><\/a><\/p>\n","protected":false},"author":120,"featured_media":0,"parent":11,"menu_order":0,"comment_status":"closed","ping_status":"closed","template":"full-width-page.php","meta":{"footnotes":""},"class_list":["post-34","page","type-page","status-publish","hentry"],"_links":{"self":[{"href":"https:\/\/kylat.ekarjala.fi\/simola\/wp-json\/wp\/v2\/pages\/34","targetHints":{"allow":["GET"]}}],"collection":[{"href":"https:\/\/kylat.ekarjala.fi\/simola\/wp-json\/wp\/v2\/pages"}],"about":[{"href":"https:\/\/kylat.ekarjala.fi\/simola\/wp-json\/wp\/v2\/types\/page"}],"author":[{"embeddable":true,"href":"https:\/\/kylat.ekarjala.fi\/simola\/wp-json\/wp\/v2\/users\/120"}],"replies":[{"embeddable":true,"href":"https:\/\/kylat.ekarjala.fi\/simola\/wp-json\/wp\/v2\/comments?post=34"}],"version-history":[{"count":12,"href":"https:\/\/kylat.ekarjala.fi\/simola\/wp-json\/wp\/v2\/pages\/34\/revisions"}],"predecessor-version":[{"id":989,"href":"https:\/\/kylat.ekarjala.fi\/simola\/wp-json\/wp\/v2\/pages\/34\/revisions\/989"}],"up":[{"embeddable":true,"href":"https:\/\/kylat.ekarjala.fi\/simola\/wp-json\/wp\/v2\/pages\/11"}],"wp:attachment":[{"href":"https:\/\/kylat.ekarjala.fi\/simola\/wp-json\/wp\/v2\/media?parent=34"}],"curies":[{"name":"wp","href":"https:\/\/api.w.org\/{rel}","templated":true}]}}