{"id":60,"date":"2012-04-12T19:30:30","date_gmt":"2012-04-12T19:00:30","guid":{"rendered":"https:\/\/kylat.ekarjala.fi\/simola\/?page_id=60"},"modified":"2020-01-28T19:54:55","modified_gmt":"2020-01-28T19:24:55","slug":"harrastukset","status":"publish","type":"page","link":"https:\/\/kylat.ekarjala.fi\/simola\/asuminen-kylalla\/harrastukset\/","title":{"rendered":"Harrastukset"},"content":{"rendered":"<p><strong>Simolan ja l\u00e4hikylien alueelta l\u00f6ytyy kuntoliikuntaan, ulkoiluun ja urheiluun hyv\u00e4t mahdollisuudet !<\/strong><\/p>\n<p><strong><a href=\"http:\/\/www.lappeenranta.fi\/Suomeksi\/Palvelut\/Liikunta_ja_ulkoilu\/Saunat,_avantouintipaikat_ja_uimarannat\/Uimarannat.iw3\">Uimaranta<\/a>\u00a0<\/strong>\u00a0 Ruokosen j\u00e4rven rannalla.<br \/>\nKyl\u00e4toimikunta on kunnostanut uimarantaa monena kev\u00e4\u00e4n\u00e4 talkoilla ja kaupunki on tukenut talkoita tarvikkeiden muodossa.<\/p>\n<p><strong>Urheilukentt\u00e4 <\/strong>Monolan kyl\u00e4ss\u00e4 on talkooty\u00f6n\u00e4 tehty ja nyt kaupungin yll\u00e4pit\u00e4m\u00e4n\u00e4 yleisurheilu-ja kyl\u00e4tapahtumien kokoontumispaikkana.<\/p>\n<p><strong>Latuverkosto <\/strong>kylien alueella kattaa kilometreitt\u00e4in hoidettuja latuja, jotka ovat yhteydess\u00e4 muiden kylien latuverkostoihin. Lappeen Riento urakoi latujen kunnossapidon.<\/p>\n<p><strong>J\u00e4\u00e4kiekkokaukalo <\/strong>Simolan koulun yhteydess\u00e4 antaa mahdollisuudet koululiikuntaan \u00a0ja muina aikoina kyl\u00e4l\u00e4isten luisteluharrastukselle. Kaupungin yll\u00e4pit\u00e4m\u00e4n j\u00e4\u00e4kiekkokaukalon vieress\u00e4 on pukukopit. Simolan ja l\u00e4hikylien kyl\u00e4toimikunta vastaa kaukalon kunnossapidosta.<\/p>\n<p><strong>Pururata <\/strong>Simolan koulun l\u00e4heisyydess\u00e4 tarjoaa haastavan kuntolenkin ymp\u00e4ri vuoden ja my\u00f6s valaistuna.<\/p>\n<p><strong><a href=\"http:\/\/www.myotavirtaan.fi\/\">Retkeilyreitti <\/a><\/strong>Suur-Pyh\u00e4kala j\u00e4rvest\u00e4 alkava yli 18 kilometrin mittainen joenuoma\u00a0on melojien k\u00e4ytett\u00e4viss\u00e4 Suomen rajalle saakka. Kanootteja vuokraa My\u00f6t\u00e4virtaan yhdistys. Reitin varrella on 4 laavua, lintutorneja ja patikkapolkuja.<\/p>\n","protected":false},"excerpt":{"rendered":"<p>Simolan ja l\u00e4hikylien alueelta l\u00f6ytyy kuntoliikuntaan, ulkoiluun ja urheiluun hyv\u00e4t mahdollisuudet ! Uimaranta\u00a0\u00a0 Ruokosen j\u00e4rven rannalla. Kyl\u00e4toimikunta on kunnostanut uimarantaa monena kev\u00e4\u00e4n\u00e4 talkoilla ja kaupunki on tukenut talkoita tarvikkeiden muodossa. Urheilukentt\u00e4 Monolan kyl\u00e4ss\u00e4 on talkooty\u00f6n\u00e4 tehty ja nyt kaupungin yll\u00e4pit\u00e4m\u00e4n\u00e4 &hellip; <a href=\"https:\/\/kylat.ekarjala.fi\/simola\/asuminen-kylalla\/harrastukset\/\">Continue reading <span class=\"meta-nav\">&rarr;<\/span><\/a><\/p>\n","protected":false},"author":120,"featured_media":0,"parent":1037,"menu_order":0,"comment_status":"closed","ping_status":"closed","template":"full-width-page.php","meta":{"footnotes":""},"class_list":["post-60","page","type-page","status-publish","hentry"],"_links":{"self":[{"href":"https:\/\/kylat.ekarjala.fi\/simola\/wp-json\/wp\/v2\/pages\/60","targetHints":{"allow":["GET"]}}],"collection":[{"href":"https:\/\/kylat.ekarjala.fi\/simola\/wp-json\/wp\/v2\/pages"}],"about":[{"href":"https:\/\/kylat.ekarjala.fi\/simola\/wp-json\/wp\/v2\/types\/page"}],"author":[{"embeddable":true,"href":"https:\/\/kylat.ekarjala.fi\/simola\/wp-json\/wp\/v2\/users\/120"}],"replies":[{"embeddable":true,"href":"https:\/\/kylat.ekarjala.fi\/simola\/wp-json\/wp\/v2\/comments?post=60"}],"version-history":[{"count":20,"href":"https:\/\/kylat.ekarjala.fi\/simola\/wp-json\/wp\/v2\/pages\/60\/revisions"}],"predecessor-version":[{"id":1399,"href":"https:\/\/kylat.ekarjala.fi\/simola\/wp-json\/wp\/v2\/pages\/60\/revisions\/1399"}],"up":[{"embeddable":true,"href":"https:\/\/kylat.ekarjala.fi\/simola\/wp-json\/wp\/v2\/pages\/1037"}],"wp:attachment":[{"href":"https:\/\/kylat.ekarjala.fi\/simola\/wp-json\/wp\/v2\/media?parent=60"}],"curies":[{"name":"wp","href":"https:\/\/api.w.org\/{rel}","templated":true}]}}