{"id":17,"date":"2011-08-16T18:48:28","date_gmt":"2011-08-16T18:48:28","guid":{"rendered":"https:\/\/kylat.ekarjala.fi\/suoanttila\/?page_id=17"},"modified":"2011-08-27T19:49:50","modified_gmt":"2011-08-27T19:49:50","slug":"lusikkovuoren-luola","status":"publish","type":"page","link":"https:\/\/kylat.ekarjala.fi\/suoanttila\/kylan-historia\/lusikkovuoren-luola\/","title":{"rendered":"Lusikkovuoren luola"},"content":{"rendered":"<p>LUSIKKOVUOREN LUOLA \u2013 Salpalinjan suurin<\/p>\n<p><a href=\"https:\/\/kylat.ekarjala.fi\/suoanttila\/wp-content\/uploads\/sites\/15\/2011\/08\/luola1.asb_.jpg\"><img loading=\"lazy\" decoding=\"async\" class=\"alignleft size-full wp-image-80\" src=\"https:\/\/kylat.ekarjala.fi\/suoanttila\/wp-content\/uploads\/sites\/15\/2011\/08\/luola1.asb_.jpg\" alt=\"\" width=\"354\" height=\"472\" \/><\/a>Lusikkovuoren  luola on Salpalinjan suurin luola kaikkiaan linjan reilusta  kahdestakymmenest\u00e4 luolasta. Lusikkovuoren luola on rakennettu 1941,  mutta sit\u00e4 ei ehditty tehd\u00e4 koskaan valmiiksi. Se on noin 300 metri\u00e4  taaempana kuin itse taistelulinja betonikorsuineen, joten se olisi sodan  aikana palvellut johtamis-, joukkosidonta- ja varastopaikkana sek\u00e4  miehist\u00f6n lepopaikkana. Arkistotietojen mukaan se oli tarkoitettu 400  miehen majoitustilaksi. Luolassa on betonilattia, kolme  sis\u00e4\u00e4nk\u00e4yntiaukkoa, kolme kaivoa ja viem\u00e4r\u00f6inti. Pituutta kallion sis\u00e4\u00e4n  rakennetulla luolalla on noin sata metri\u00e4 ja leveytt\u00e4 8-11 metri\u00e4.  Pelk\u00e4n kallion sis\u00e4\u00e4n ei miehist\u00f6\u00e4 sota-aikana olisi majoitettu, vaan  sinne oli tarkoitus rakentaa puiset huopakattoiset parakit.<\/p>\n<p><a href=\"https:\/\/kylat.ekarjala.fi\/suoanttila\/wp-content\/uploads\/sites\/15\/2011\/08\/kkk.asb_.jpg\"><img loading=\"lazy\" decoding=\"async\" class=\"alignleft size-full wp-image-79\" src=\"https:\/\/kylat.ekarjala.fi\/suoanttila\/wp-content\/uploads\/sites\/15\/2011\/08\/kkk.asb_.jpg\" alt=\"\" width=\"400\" height=\"272\" \/><\/a>Linnoitust\u00f6iden  tarkastuskertomuksessa maaliskuulta 1941 on mainittu, ett\u00e4 luolaa oli  silloin louhittu kolmen kuukauden ajan. Luolan rakennust\u00f6ist\u00e4 vastasi  rakennusliike F.W. Winter. Louhintaty\u00f6 tehtiin kahdessa kymmenen tunnin  vuorossa ja louhekivi ajettiin kolmella kuorma-autolla Elki\u00e4nj\u00e4rveen  tarkoituksena rakentaa Suenlahden poikki penger estekivirivist\u00f6lle.  Linnoitust\u00f6iss\u00e4 oli Suoanttilassa kuutisensataa miest\u00e4, jotka olivat  tulleet eri puolilta maata. Miehet asuivat parakeissa ja kyl\u00e4n taloissa.  Lusikkovuorella ty\u00f6maan ruokahuollosta vastasi lottien hoitama Kolmen  Kaisan Kulhola, joka oli vaatimaton lautaparakki tien varressa.<\/p>\n<p>Lusikkovuoren  luola sijaitsee strategisesti t\u00e4rke\u00e4ss\u00e4 paikassa. Samaan paikkaan  ven\u00e4l\u00e4iset rakensivat ensimm\u00e4isen maailmansodan aikana omia  linnoituksiaan. N\u00e4it\u00e4 patterit\u00f6iden aikana tehtyj\u00e4 kaivantoja ja  Salpalinjan juoksuhautoja on maastossa samoissa kohdin, toisten  taistelusuuntana it\u00e4 ja toisten l\u00e4nsi.<\/p>\n<p><a href=\"https:\/\/kylat.ekarjala.fi\/suoanttila\/wp-content\/uploads\/sites\/15\/2011\/08\/luola2.asb_.jpg\"><img loading=\"lazy\" decoding=\"async\" class=\"alignleft size-full wp-image-82\" src=\"https:\/\/kylat.ekarjala.fi\/suoanttila\/wp-content\/uploads\/sites\/15\/2011\/08\/luola2.asb_.jpg\" alt=\"\" width=\"400\" height=\"300\" \/><\/a>Lusikkovuoren  luolassa on pidetty konsertteja ja yleis\u00f6tilaisuuksia. Se on my\u00f6s yksi  el\u00e4mysmatkailijoiden k\u00e4yntikohde. Talvisin luolassa on luonnon  j\u00e4rjest\u00e4m\u00e4 taiden\u00e4yttely, kun lattiasta kasvaa jopa metrinkin korkuisia  j\u00e4\u00e4puikkoja.<\/p>\n","protected":false},"excerpt":{"rendered":"<p>LUSIKKOVUOREN LUOLA \u2013 Salpalinjan suurin Lusikkovuoren luola on Salpalinjan suurin luola kaikkiaan linjan reilusta kahdestakymmenest\u00e4 luolasta. Lusikkovuoren luola on rakennettu 1941, mutta sit\u00e4 ei ehditty tehd\u00e4 koskaan valmiiksi. Se on noin 300 metri\u00e4 taaempana kuin itse taistelulinja betonikorsuineen, joten se &hellip; <a href=\"https:\/\/kylat.ekarjala.fi\/suoanttila\/kylan-historia\/lusikkovuoren-luola\/\">Lue loppuun <span class=\"meta-nav\">&rarr;<\/span><\/a><\/p>\n","protected":false},"author":24,"featured_media":0,"parent":15,"menu_order":0,"comment_status":"open","ping_status":"open","template":"","meta":{"footnotes":""},"class_list":["post-17","page","type-page","status-publish","hentry"],"_links":{"self":[{"href":"https:\/\/kylat.ekarjala.fi\/suoanttila\/wp-json\/wp\/v2\/pages\/17","targetHints":{"allow":["GET"]}}],"collection":[{"href":"https:\/\/kylat.ekarjala.fi\/suoanttila\/wp-json\/wp\/v2\/pages"}],"about":[{"href":"https:\/\/kylat.ekarjala.fi\/suoanttila\/wp-json\/wp\/v2\/types\/page"}],"author":[{"embeddable":true,"href":"https:\/\/kylat.ekarjala.fi\/suoanttila\/wp-json\/wp\/v2\/users\/24"}],"replies":[{"embeddable":true,"href":"https:\/\/kylat.ekarjala.fi\/suoanttila\/wp-json\/wp\/v2\/comments?post=17"}],"version-history":[{"count":4,"href":"https:\/\/kylat.ekarjala.fi\/suoanttila\/wp-json\/wp\/v2\/pages\/17\/revisions"}],"predecessor-version":[{"id":81,"href":"https:\/\/kylat.ekarjala.fi\/suoanttila\/wp-json\/wp\/v2\/pages\/17\/revisions\/81"}],"up":[{"embeddable":true,"href":"https:\/\/kylat.ekarjala.fi\/suoanttila\/wp-json\/wp\/v2\/pages\/15"}],"wp:attachment":[{"href":"https:\/\/kylat.ekarjala.fi\/suoanttila\/wp-json\/wp\/v2\/media?parent=17"}],"curies":[{"name":"wp","href":"https:\/\/api.w.org\/{rel}","templated":true}]}}