{"id":20,"date":"2011-08-16T18:50:12","date_gmt":"2011-08-16T18:50:12","guid":{"rendered":"https:\/\/kylat.ekarjala.fi\/suoanttila\/?page_id=20"},"modified":"2023-08-02T14:09:49","modified_gmt":"2023-08-02T12:09:49","slug":"seurapirtti","status":"publish","type":"page","link":"https:\/\/kylat.ekarjala.fi\/suoanttila\/seurapirtti\/","title":{"rendered":"Seurapirtti"},"content":{"rendered":"<p><a href=\"https:\/\/kylat.ekarjala.fi\/suoanttila\/wp-content\/uploads\/sites\/15\/2011\/08\/seurapirtti.jpg\"><img loading=\"lazy\" decoding=\"async\" class=\"alignleft size-full wp-image-86\" src=\"https:\/\/kylat.ekarjala.fi\/suoanttila\/wp-content\/uploads\/sites\/15\/2011\/08\/seurapirtti.jpg\" alt=\"\" width=\"320\" height=\"240\" \/><\/a><\/p>\n<p>Suoanttilaan perustettiin v. 1948 urheiluseura, joka toimi p\u00e4\u00e4seura Luum\u00e4en Pojat ry:n Suoanttilan alaosastona. Kyl\u00e4ss\u00e4 oli olemassa paikallinen Suoanttilan Nuori-seura joka oli toiminut kyl\u00e4n erilaisten tapahtumien j\u00e4rjest\u00e4j\u00e4n\u00e4. Seuratalon syntysanat lausuttiin jo kes\u00e4ll\u00e4 1948 pidetyss\u00e4 kokouksessa, jossa toivottiin kyl\u00e4\u00e4n rakennettavaksi talo, jossa voitaisiin pit\u00e4\u00e4 tilaisuuksia l\u00e4pi vuoden.<\/p>\n<p>Alkuinnostus oli kova ja valittu rakentamistoimikunta pisti tuulemaan ja ty\u00f6t aloitettiin seuraavana vuonna Toivo Timperilt\u00e4 vuokratulle maalle. Rakentaminen kesti reilut kaksi vuotta ja seuratalon avajaiset pidettiin 1951. Nimikilpailun perusteella talon nimeksi tuli Seurapirtti ja talon rakentamisvastuun oli kantanut LuPo Suoanttilan osasto ilman p\u00e4\u00e4seuran tukea.<\/p>\n<p>Toiminta oli alkuvuosina vilkasta, koska talo mahdollisti tilank\u00e4yt\u00f6n kannalta suurienkin tapahtumien j\u00e4rjest\u00e4misen. Tansseja pidettiin useita vuoden aikana, jolloin saatiin talous pysym\u00e4\u00e4n kurissa. H\u00e4\u00e4pitopaikkana talo oli my\u00f6s suosittu.Urheilutoiminta oli alkuvuosina vilkasta ja talo palveli mm. monien hiihtokilpailujen aikana kilpailukeskuksena.<\/p>\n<p>Kuusikymmenluvun puoliv\u00e4liss\u00e4 edettiin ns. tangomusiikin kulta-aikaa ja Suoanttilan Seurapirtill\u00e4 alettiin j\u00e4rjest\u00e4\u00e4 levytansseja joka l\u00e4hti nousukiitoon ja t\u00e4t\u00e4 \u201dtanssibuumia\u201d kesti viisi vuotta. Vuosikymmenien aikaan mahtuu monia tapahtumia, joita kaikkia on mahdoton yksil\u00f6id\u00e4 t\u00e4ss\u00e4. Talosta on kuitenkin pidetty huolta, l\u00e4mmitysj\u00e4rjestelm\u00e4 on otettu k\u00e4ytt\u00f6\u00f6n 70- luvulla ja toimii edelleen hyvin. Keitti\u00f6t\u00e4 on uudistettu 90- luvulla ja ulkosein\u00e4t ovat saaneet uuden pinnan. Sis\u00e4-WC:t rakennettiin vuonna 2012.<\/p>\n<p>Seurapirtti on siirtynyt v. 2009 alusta Suoanttilan Kyl\u00e4yhdistyksen omistukseen. Kyl\u00e4yhdistys lupaa vaalia talon k\u00e4ytt\u00f6\u00e4 ja kunnostaa mahdollisuuksien mukaan esiin tulevia korjaustarpeita.<\/p>\n<p>Kyl\u00e4yhdistys muistaa kiitollisuudella sit\u00e4 sukupolvea, joka sitkeydell\u00e4 ja periksiantamattomuudella vaikeissakin oloissa pystyi rakentamaan Suoanttilan Seurapirtin.<\/p>\n","protected":false},"excerpt":{"rendered":"<p>Suoanttilaan perustettiin v. 1948 urheiluseura, joka toimi p\u00e4\u00e4seura Luum\u00e4en Pojat ry:n Suoanttilan alaosastona. Kyl\u00e4ss\u00e4 oli olemassa paikallinen Suoanttilan Nuori-seura joka oli toiminut kyl\u00e4n erilaisten tapahtumien j\u00e4rjest\u00e4j\u00e4n\u00e4. Seuratalon syntysanat lausuttiin jo kes\u00e4ll\u00e4 1948 pidetyss\u00e4 kokouksessa, jossa toivottiin kyl\u00e4\u00e4n rakennettavaksi talo, jossa &hellip; <a href=\"https:\/\/kylat.ekarjala.fi\/suoanttila\/seurapirtti\/\">Lue loppuun <span class=\"meta-nav\">&rarr;<\/span><\/a><\/p>\n","protected":false},"author":24,"featured_media":0,"parent":0,"menu_order":0,"comment_status":"open","ping_status":"open","template":"","meta":{"footnotes":""},"class_list":["post-20","page","type-page","status-publish","hentry"],"_links":{"self":[{"href":"https:\/\/kylat.ekarjala.fi\/suoanttila\/wp-json\/wp\/v2\/pages\/20","targetHints":{"allow":["GET"]}}],"collection":[{"href":"https:\/\/kylat.ekarjala.fi\/suoanttila\/wp-json\/wp\/v2\/pages"}],"about":[{"href":"https:\/\/kylat.ekarjala.fi\/suoanttila\/wp-json\/wp\/v2\/types\/page"}],"author":[{"embeddable":true,"href":"https:\/\/kylat.ekarjala.fi\/suoanttila\/wp-json\/wp\/v2\/users\/24"}],"replies":[{"embeddable":true,"href":"https:\/\/kylat.ekarjala.fi\/suoanttila\/wp-json\/wp\/v2\/comments?post=20"}],"version-history":[{"count":9,"href":"https:\/\/kylat.ekarjala.fi\/suoanttila\/wp-json\/wp\/v2\/pages\/20\/revisions"}],"predecessor-version":[{"id":386,"href":"https:\/\/kylat.ekarjala.fi\/suoanttila\/wp-json\/wp\/v2\/pages\/20\/revisions\/386"}],"wp:attachment":[{"href":"https:\/\/kylat.ekarjala.fi\/suoanttila\/wp-json\/wp\/v2\/media?parent=20"}],"curies":[{"name":"wp","href":"https:\/\/api.w.org\/{rel}","templated":true}]}}