{"id":25,"date":"2014-11-25T09:57:33","date_gmt":"2014-11-25T07:57:33","guid":{"rendered":"https:\/\/kylat.ekarjala.fi\/taipalsaarenkylat\/?page_id=25"},"modified":"2014-11-25T09:57:33","modified_gmt":"2014-11-25T07:57:33","slug":"levasen-seutu","status":"publish","type":"page","link":"https:\/\/kylat.ekarjala.fi\/taipalsaarenkylat\/levasen-seutu\/","title":{"rendered":"Lev\u00e4sen seutu"},"content":{"rendered":"<p><a href=\"https:\/\/kylat.ekarjala.fi\/taipalsaarenkylat\/wp-content\/uploads\/sites\/73\/2014\/11\/levasenseutu.jpg\"><img loading=\"lazy\" decoding=\"async\" class=\"size-thumbnail wp-image-26 alignright\" src=\"https:\/\/kylat.ekarjala.fi\/taipalsaarenkylat\/wp-content\/uploads\/sites\/73\/2014\/11\/levasenseutu-150x150.jpg\" alt=\"levasenseutu\" width=\"150\" height=\"150\" \/><\/a>Lev\u00e4senseutu on 260 asukkaan rauhallinen asuinalue Taipalsaaren luoteisosassa Maaveden rannalla. L\u00e4himm\u00e4t palvelut sijaitsevat Taipalsaaren kirkonkyl\u00e4ll\u00e4, jonne on matkaa 12 km. Matka Lappeenrantaan on kohtuullinen, 25 km. Kaupunkiin p\u00e4\u00e4see my\u00f6s bussilla.<\/p>\n<p>Lev\u00e4sess\u00e4 on muutama kunnan omistama tontti asuinrakentamista varten.<\/p>\n<p><a href=\"https:\/\/kylat.ekarjala.fi\/taipalsaarenkylat\/wp-content\/uploads\/sites\/73\/2014\/11\/levasenseutu2.jpg\"><img loading=\"lazy\" decoding=\"async\" class=\"size-thumbnail wp-image-27 alignright\" src=\"https:\/\/kylat.ekarjala.fi\/taipalsaarenkylat\/wp-content\/uploads\/sites\/73\/2014\/11\/levasenseutu2-150x150.jpg\" alt=\"levasenseutu2\" width=\"150\" height=\"150\" \/><\/a>Maatalousyritt\u00e4ji\u00e4 ja palkkaty\u00f6l\u00e4isi\u00e4 kyl\u00e4ss\u00e4 on suurin piirtein yht\u00e4 paljon. Kyl\u00e4st\u00e4 l\u00f6ytyy majoitus- ja ateriapalveluita tarjoava yritys, m\u00f6kkivuokrausta sek\u00e4 hieroja ja huonekalujen entis\u00f6ij\u00e4. Paikalliset yritt\u00e4j\u00e4t harjoittavat my\u00f6s kaivinkone- ja mets\u00e4koneurakointia, rakennus- ja remonttit\u00f6it\u00e4, kentt\u00e4sahausta ja h\u00f6yl\u00e4yst\u00e4 sek\u00e4 myyv\u00e4t maa-ainesta.<\/p>\n<p>Yhteist\u00e4 toimintaa j\u00e4rjest\u00e4v\u00e4t mets\u00e4stysseura, martat ja kyl\u00e4toimikunta. Naisille on tarjolla ohjattua jumppaa.<\/p>\n<p><strong>Luontokohteina Karvajalanjoki ja Suolahti<\/strong><\/p>\n<p>Onkikilpailut<br \/>\n<a href=\"https:\/\/kylat.ekarjala.fi\/taipalsaarenkylat\/wp-content\/uploads\/sites\/73\/2014\/11\/levasenseutu23.jpg\"><img loading=\"lazy\" decoding=\"async\" class=\"size-thumbnail wp-image-28 alignright\" src=\"https:\/\/kylat.ekarjala.fi\/taipalsaarenkylat\/wp-content\/uploads\/sites\/73\/2014\/11\/levasenseutu23-150x150.jpg\" alt=\"levasenseutu23\" width=\"150\" height=\"150\" \/><\/a>Alueen luontoon voi tutustua Karvajalanjoen luontopolulla Haikolassa. Jokea my\u00f6t\u00e4ilev\u00e4ll\u00e4 riistanhoito- ja retkeilyalueella on laavu ja kilometrin verran pitkospuita. Reitti soveltuu osittain py\u00f6r\u00e4tuolille ja lastenrattaille.<\/p>\n<p>Lintuihin tutustuu parhaiten Suolahdella, joka sijaitsee l\u00e4hell\u00e4 kyl\u00e4n keskustaa. Lahdella on n\u00e4hty mm. kaulushaikara ja siell\u00e4 pesii joutsenia.<\/p>\n","protected":false},"excerpt":{"rendered":"<p>Lev\u00e4senseutu on 260 asukkaan rauhallinen asuinalue Taipalsaaren luoteisosassa Maaveden rannalla. L\u00e4himm\u00e4t palvelut sijaitsevat Taipalsaaren kirkonkyl\u00e4ll\u00e4, jonne on matkaa 12 km. Matka Lappeenrantaan on kohtuullinen, 25 km. Kaupunkiin p\u00e4\u00e4see my\u00f6s bussilla. Lev\u00e4sess\u00e4 on muutama kunnan omistama tontti asuinrakentamista varten. Maatalousyritt\u00e4ji\u00e4 ja &hellip; <a href=\"https:\/\/kylat.ekarjala.fi\/taipalsaarenkylat\/levasen-seutu\/\">Lue loppuun <span class=\"meta-nav\">&rarr;<\/span><\/a><\/p>\n","protected":false},"author":1,"featured_media":0,"parent":0,"menu_order":0,"comment_status":"closed","ping_status":"closed","template":"","meta":{"footnotes":""},"class_list":["post-25","page","type-page","status-publish","hentry"],"_links":{"self":[{"href":"https:\/\/kylat.ekarjala.fi\/taipalsaarenkylat\/wp-json\/wp\/v2\/pages\/25","targetHints":{"allow":["GET"]}}],"collection":[{"href":"https:\/\/kylat.ekarjala.fi\/taipalsaarenkylat\/wp-json\/wp\/v2\/pages"}],"about":[{"href":"https:\/\/kylat.ekarjala.fi\/taipalsaarenkylat\/wp-json\/wp\/v2\/types\/page"}],"author":[{"embeddable":true,"href":"https:\/\/kylat.ekarjala.fi\/taipalsaarenkylat\/wp-json\/wp\/v2\/users\/1"}],"replies":[{"embeddable":true,"href":"https:\/\/kylat.ekarjala.fi\/taipalsaarenkylat\/wp-json\/wp\/v2\/comments?post=25"}],"version-history":[{"count":1,"href":"https:\/\/kylat.ekarjala.fi\/taipalsaarenkylat\/wp-json\/wp\/v2\/pages\/25\/revisions"}],"predecessor-version":[{"id":29,"href":"https:\/\/kylat.ekarjala.fi\/taipalsaarenkylat\/wp-json\/wp\/v2\/pages\/25\/revisions\/29"}],"wp:attachment":[{"href":"https:\/\/kylat.ekarjala.fi\/taipalsaarenkylat\/wp-json\/wp\/v2\/media?parent=25"}],"curies":[{"name":"wp","href":"https:\/\/api.w.org\/{rel}","templated":true}]}}