{"id":35,"date":"2014-11-25T10:00:17","date_gmt":"2014-11-25T08:00:17","guid":{"rendered":"https:\/\/kylat.ekarjala.fi\/taipalsaarenkylat\/?page_id=35"},"modified":"2014-11-25T10:00:17","modified_gmt":"2014-11-25T08:00:17","slug":"solkei","status":"publish","type":"page","link":"https:\/\/kylat.ekarjala.fi\/taipalsaarenkylat\/solkei\/","title":{"rendered":"Solkei"},"content":{"rendered":"<p><a href=\"https:\/\/kylat.ekarjala.fi\/taipalsaarenkylat\/wp-content\/uploads\/sites\/73\/2014\/11\/solkei.jpg\"><img loading=\"lazy\" decoding=\"async\" class=\"size-thumbnail wp-image-36 alignright\" src=\"https:\/\/kylat.ekarjala.fi\/taipalsaarenkylat\/wp-content\/uploads\/sites\/73\/2014\/11\/solkei-150x150.jpg\" alt=\"Digital StillCamera\" width=\"150\" height=\"150\" \/><\/a>Solkeissa perinteinen kyl\u00e4milj\u00f6\u00f6 yhdistyy Suur-Saimaan kauniiseen luontoon. Solkeinlahden pohjukassa sijaitsevalle kyl\u00e4lle ovat tyypillisi\u00e4 Saimaan lukuisat lahdet, kallioniemet ja rehev\u00e4t rantaluhdat. Maalaismaiseman l\u00e4pi kiemurtelee vanha maantie, jonka varsia el\u00e4v\u00f6itt\u00e4v\u00e4t kivikkoiset pelto- ja niittylaikut. Solkei on valittu sek\u00e4 maisemallisesti ett\u00e4 kulttuurihistoriallisesti valtakunnallisesti arvokkaaksi ymp\u00e4rist\u00f6ksi.<\/p>\n<p>Solkein talousalueen muodostavat Solkein, P\u00f6nni\u00e4l\u00e4n, Kurhilan ja Kivist\u00f6n kyl\u00e4t. Asukkaita alueella on noin 150, kes\u00e4isin v\u00e4kiluku moninkertaistuu. Kunnalla on Solkein alueella useampia myyt\u00e4vi\u00e4 tontteja.<\/p>\n<p>Taipalsaaren kirkonkyl\u00e4lle on matkaa 19 km. L\u00e4hin taajama on 12 km:n p\u00e4\u00e4ss\u00e4 sijaitseva Savitaipaleen kirkonkyl\u00e4, jonne j\u00e4rjestet\u00e4\u00e4n asiointik\u00e4yntej\u00e4 kerran viikossa. Lappeenrantaan p\u00e4\u00e4see koulup\u00e4ivisin linja-autolla, matkaa kertyy 30 km. Kauppa-auto k\u00e4y kyl\u00e4ll\u00e4 kerran viikossa, j\u00e4\u00e4tel\u00f6auto kerran kuussa.<\/p>\n<p>Maatalousyritt\u00e4jien lis\u00e4ksi alueella on rakennus- ja korjaamoalan yritt\u00e4ji\u00e4 sek\u00e4 taksi. Matkailualan yritt\u00e4j\u00e4 j\u00e4rjest\u00e4\u00e4 tasokkaita majoitus- ja ohjelmapalveluita Saimaan rannalla.<\/p>\n<p><strong>Urheilutalo toiminnan keskus<\/strong><\/p>\n<p><a href=\"https:\/\/kylat.ekarjala.fi\/taipalsaarenkylat\/wp-content\/uploads\/sites\/73\/2014\/11\/solkei2.jpg\"><img loading=\"lazy\" decoding=\"async\" class=\"size-thumbnail wp-image-37 alignright\" src=\"https:\/\/kylat.ekarjala.fi\/taipalsaarenkylat\/wp-content\/uploads\/sites\/73\/2014\/11\/solkei2-150x150.jpg\" alt=\"Digital StillCamera\" width=\"150\" height=\"150\" \/><\/a>Kyl\u00e4toiminnan keskus ja yhdistysten kokoontumispaikka on urheilutalo, jossa on kirjaston sivupiste sek\u00e4 kuukausittainen terveydenhoitajan vastaanotto.<\/p>\n<p>Kyl\u00e4toimikunta, urheiluseura, nuorisoseura, mets\u00e4stysseurat, kalastuskunta ja martat j\u00e4rjest\u00e4v\u00e4t yhteisi\u00e4 tapahtumia, mm. joulujuhlia ja urheilutapahtumia. Yhteistoimintaa j\u00e4rjest\u00e4\u00e4 my\u00f6s Taipalsaaren seurakunta.<\/p>\n<p><strong>Vesist\u00f6t ja kumpuileva maasto houkuttelevat ulkoilemaan<\/strong><\/p>\n<p>Ymp\u00e4r\u00f6iv\u00e4t vesist\u00f6t mahdollistavat kalastuksen ja veneilyn upeissa maisemissa. Uimaranta on erinomainen &#8211; hiekkapohjainen ja matalarantainen.<\/p>\n<p>Kumpuilevat, marjaisat m\u00e4ntykankaat houkuttelevat asukkaita ulkoilemaan. Vaihtelevassa maastossa harjualueella on valaistu pururata, jossa voi kes\u00e4isin lenkkeill\u00e4 ja talvisin hiiht\u00e4\u00e4. Liikkujien k\u00e4yt\u00f6ss\u00e4 on sovittaessa my\u00f6s n\u00e4k\u00f6alapaikalla sijaitseva matkailuyrityksen laavu. Kyl\u00e4n laitamilla sijaitsee Lappeenrannan palveluskoirayhdistyksen Haukkulaakso, jossa j\u00e4rjestet\u00e4\u00e4n palveluskoiratapahtumia ja -koulutuksia.<\/p>\n<p>Ymp\u00e4r\u00f6iv\u00e4 luonto vesist\u00f6ineen on Solkein talousalueen ehdoton valtti. Solkeissa on erinomaiset mahdollisuudet, el\u00e4\u00e4, asua ja harrastaa kauniissa luonnonymp\u00e4rist\u00f6ss\u00e4<\/p>\n","protected":false},"excerpt":{"rendered":"<p>Solkeissa perinteinen kyl\u00e4milj\u00f6\u00f6 yhdistyy Suur-Saimaan kauniiseen luontoon. Solkeinlahden pohjukassa sijaitsevalle kyl\u00e4lle ovat tyypillisi\u00e4 Saimaan lukuisat lahdet, kallioniemet ja rehev\u00e4t rantaluhdat. Maalaismaiseman l\u00e4pi kiemurtelee vanha maantie, jonka varsia el\u00e4v\u00f6itt\u00e4v\u00e4t kivikkoiset pelto- ja niittylaikut. Solkei on valittu sek\u00e4 maisemallisesti ett\u00e4 kulttuurihistoriallisesti valtakunnallisesti &hellip; <a href=\"https:\/\/kylat.ekarjala.fi\/taipalsaarenkylat\/solkei\/\">Lue loppuun <span class=\"meta-nav\">&rarr;<\/span><\/a><\/p>\n","protected":false},"author":1,"featured_media":0,"parent":0,"menu_order":0,"comment_status":"closed","ping_status":"closed","template":"","meta":{"footnotes":""},"class_list":["post-35","page","type-page","status-publish","hentry"],"_links":{"self":[{"href":"https:\/\/kylat.ekarjala.fi\/taipalsaarenkylat\/wp-json\/wp\/v2\/pages\/35","targetHints":{"allow":["GET"]}}],"collection":[{"href":"https:\/\/kylat.ekarjala.fi\/taipalsaarenkylat\/wp-json\/wp\/v2\/pages"}],"about":[{"href":"https:\/\/kylat.ekarjala.fi\/taipalsaarenkylat\/wp-json\/wp\/v2\/types\/page"}],"author":[{"embeddable":true,"href":"https:\/\/kylat.ekarjala.fi\/taipalsaarenkylat\/wp-json\/wp\/v2\/users\/1"}],"replies":[{"embeddable":true,"href":"https:\/\/kylat.ekarjala.fi\/taipalsaarenkylat\/wp-json\/wp\/v2\/comments?post=35"}],"version-history":[{"count":1,"href":"https:\/\/kylat.ekarjala.fi\/taipalsaarenkylat\/wp-json\/wp\/v2\/pages\/35\/revisions"}],"predecessor-version":[{"id":38,"href":"https:\/\/kylat.ekarjala.fi\/taipalsaarenkylat\/wp-json\/wp\/v2\/pages\/35\/revisions\/38"}],"wp:attachment":[{"href":"https:\/\/kylat.ekarjala.fi\/taipalsaarenkylat\/wp-json\/wp\/v2\/media?parent=35"}],"curies":[{"name":"wp","href":"https:\/\/api.w.org\/{rel}","templated":true}]}}