{"id":44,"date":"2014-11-25T10:02:54","date_gmt":"2014-11-25T08:02:54","guid":{"rendered":"https:\/\/kylat.ekarjala.fi\/taipalsaarenkylat\/?page_id=44"},"modified":"2023-04-12T16:17:55","modified_gmt":"2023-04-12T13:17:55","slug":"vitsai","status":"publish","type":"page","link":"https:\/\/kylat.ekarjala.fi\/taipalsaarenkylat\/vitsai\/","title":{"rendered":"Vitsain seutu"},"content":{"rendered":"<p><a href=\"https:\/\/kylat.ekarjala.fi\/taipalsaarenkylat\/wp-content\/uploads\/sites\/73\/2014\/11\/vitsai.jpg\"><img loading=\"lazy\" decoding=\"async\" class=\"size-thumbnail wp-image-45 alignright\" src=\"https:\/\/kylat.ekarjala.fi\/taipalsaarenkylat\/wp-content\/uploads\/sites\/73\/2014\/11\/vitsai-150x150.jpg\" alt=\"vitsai\" width=\"150\" height=\"150\"><\/a>Pien-Saimaan ymp\u00e4r\u00f6im\u00e4 Vitsain seutu sijaitsee Taipalsaaren p\u00e4\u00e4saaren lounaiskulmassa. Alueeseen kuuluvat Vitsai, Kannus ja Juntula.<\/p>\n<p>Ymp\u00e4rivuotisia asukkaita alueella on viitisenkymment\u00e4, mutta kes\u00e4isin v\u00e4kiluku moninkertaistuu huvila-asukkaiden saavuttua. Palvelut l\u00f6ytyv\u00e4t 10 km:n p\u00e4\u00e4st\u00e4 kirkonkyl\u00e4st\u00e4 ja 25 km:n p\u00e4\u00e4st\u00e4 Lappeenrannasta.<\/p>\n<p><a href=\"https:\/\/kylat.ekarjala.fi\/taipalsaarenkylat\/wp-content\/uploads\/sites\/73\/2014\/11\/vitsai2.jpg\"><img loading=\"lazy\" decoding=\"async\" class=\"size-thumbnail wp-image-46 alignright\" src=\"https:\/\/kylat.ekarjala.fi\/taipalsaarenkylat\/wp-content\/uploads\/sites\/73\/2014\/11\/vitsai2-150x150.jpg\" alt=\"vitsai2\" width=\"150\" height=\"150\"><\/a>Suurin osa asukkaista ty\u00f6skentelee Taipalsaaren kirkonkyl\u00e4ll\u00e4 tai Lappeenrannassa. Maataloutta harjoittaa viel\u00e4 muutama talous. Kyl\u00e4ll\u00e4 on my\u00f6s joitakin m\u00f6kkivuokraajia.<\/p>\n<p>Alueen n\u00e4ht\u00e4vyys on Saimaa. Vuosituhantisesta ranta-asutuksesta todistavat Kannuksen Linnavuoren rautakautinen linnoitus ja kalliomaalaus.<\/p>\n<p>Kyl\u00e4l\u00e4isi\u00e4 yhdist\u00e4v\u00e4t kalastus ja mets\u00e4stys &#8211; ja kirkkovene, jonka kyl\u00e4l\u00e4iset rakensivat muutama vuosi sitten. Venett\u00e4 vuokrataan. Kyl\u00e4toimintaa j\u00e4rjest\u00e4\u00e4 Vitsain kyl\u00e4yhdistys ry.<\/p>\n","protected":false},"excerpt":{"rendered":"<p>Pien-Saimaan ymp\u00e4r\u00f6im\u00e4 Vitsain seutu sijaitsee Taipalsaaren p\u00e4\u00e4saaren lounaiskulmassa. Alueeseen kuuluvat Vitsai, Kannus ja Juntula. Ymp\u00e4rivuotisia asukkaita alueella on viitisenkymment\u00e4, mutta kes\u00e4isin v\u00e4kiluku moninkertaistuu huvila-asukkaiden saavuttua. Palvelut l\u00f6ytyv\u00e4t 10 km:n p\u00e4\u00e4st\u00e4 kirkonkyl\u00e4st\u00e4 ja 25 km:n p\u00e4\u00e4st\u00e4 Lappeenrannasta. Suurin osa asukkaista ty\u00f6skentelee &hellip; <a href=\"https:\/\/kylat.ekarjala.fi\/taipalsaarenkylat\/vitsai\/\">Lue loppuun <span class=\"meta-nav\">&rarr;<\/span><\/a><\/p>\n","protected":false},"author":1,"featured_media":0,"parent":0,"menu_order":0,"comment_status":"closed","ping_status":"closed","template":"","meta":{"footnotes":""},"class_list":["post-44","page","type-page","status-publish","hentry"],"_links":{"self":[{"href":"https:\/\/kylat.ekarjala.fi\/taipalsaarenkylat\/wp-json\/wp\/v2\/pages\/44","targetHints":{"allow":["GET"]}}],"collection":[{"href":"https:\/\/kylat.ekarjala.fi\/taipalsaarenkylat\/wp-json\/wp\/v2\/pages"}],"about":[{"href":"https:\/\/kylat.ekarjala.fi\/taipalsaarenkylat\/wp-json\/wp\/v2\/types\/page"}],"author":[{"embeddable":true,"href":"https:\/\/kylat.ekarjala.fi\/taipalsaarenkylat\/wp-json\/wp\/v2\/users\/1"}],"replies":[{"embeddable":true,"href":"https:\/\/kylat.ekarjala.fi\/taipalsaarenkylat\/wp-json\/wp\/v2\/comments?post=44"}],"version-history":[{"count":3,"href":"https:\/\/kylat.ekarjala.fi\/taipalsaarenkylat\/wp-json\/wp\/v2\/pages\/44\/revisions"}],"predecessor-version":[{"id":66,"href":"https:\/\/kylat.ekarjala.fi\/taipalsaarenkylat\/wp-json\/wp\/v2\/pages\/44\/revisions\/66"}],"wp:attachment":[{"href":"https:\/\/kylat.ekarjala.fi\/taipalsaarenkylat\/wp-json\/wp\/v2\/media?parent=44"}],"curies":[{"name":"wp","href":"https:\/\/api.w.org\/{rel}","templated":true}]}}