{"id":182,"date":"2015-08-28T16:58:50","date_gmt":"2015-08-28T16:58:50","guid":{"rendered":"https:\/\/kylat.ekarjala.fi\/tapavainola\/?page_id=182"},"modified":"2024-04-02T08:22:51","modified_gmt":"2024-04-02T08:22:51","slug":"yhteystiedot-2","status":"publish","type":"page","link":"https:\/\/kylat.ekarjala.fi\/tapavainola\/yhteystiedot-2\/","title":{"rendered":"Yhteystiedot"},"content":{"rendered":"\n<p><strong>Tapavainolan ja l\u00e4hikylien kyl\u00e4yhdistys ry.<\/strong><\/p>\n\n\n\n<ul class=\"wp-block-list\">\n<li>puheenjohtaja Jorma Lohko 050 088 6902<\/li>\n\n\n\n<li>sihteeri<strong> <\/strong>Liisa Karjalainen 050 340 6063<br><br><strong>Tapavainolan seurojentalo Myllyntie 44<\/strong><\/li>\n\n\n\n<li>talon varaukset Arja Lankinen 050 545 5548<br><br><strong>Tapavainolan riistamiehet ry<\/strong><\/li>\n\n\n\n<li>puheenjohtaja Harri Lohko 0500 156336<\/li>\n\n\n\n<li>sihteeri Jarmo Leino 050 595 9545<br><br><strong>Tapavainolan martat ry<\/strong><\/li>\n\n\n\n<li>puheenjohtaja Airi M\u00e4rk\u00e4l\u00e4 0400 834901<br><br><strong>Montolan nuorisoseura ry ja Montolan puhallinorkesteri<\/strong><\/li>\n\n\n\n<li>puheenjohtaja Anu Koskinen 0400 490434<br><br><strong>Lavolan osakaskunta (kalastuskunta)<\/strong><\/li>\n\n\n\n<li>puheenjohtaja Pekka Vainikka 0400 557 097<br><br><strong>Montolan yksityistie<\/strong><\/li>\n\n\n\n<li>puheenjohtaja Joonas Montonen 040 849 2837<\/li>\n<\/ul>\n","protected":false},"excerpt":{"rendered":"<p>Tapavainolan ja l\u00e4hikylien kyl\u00e4yhdistys ry.<\/p>\n","protected":false},"author":56,"featured_media":0,"parent":0,"menu_order":0,"comment_status":"closed","ping_status":"closed","template":"","meta":{"footnotes":""},"class_list":["post-182","page","type-page","status-publish","hentry"],"_links":{"self":[{"href":"https:\/\/kylat.ekarjala.fi\/tapavainola\/wp-json\/wp\/v2\/pages\/182","targetHints":{"allow":["GET"]}}],"collection":[{"href":"https:\/\/kylat.ekarjala.fi\/tapavainola\/wp-json\/wp\/v2\/pages"}],"about":[{"href":"https:\/\/kylat.ekarjala.fi\/tapavainola\/wp-json\/wp\/v2\/types\/page"}],"author":[{"embeddable":true,"href":"https:\/\/kylat.ekarjala.fi\/tapavainola\/wp-json\/wp\/v2\/users\/56"}],"replies":[{"embeddable":true,"href":"https:\/\/kylat.ekarjala.fi\/tapavainola\/wp-json\/wp\/v2\/comments?post=182"}],"version-history":[{"count":5,"href":"https:\/\/kylat.ekarjala.fi\/tapavainola\/wp-json\/wp\/v2\/pages\/182\/revisions"}],"predecessor-version":[{"id":316,"href":"https:\/\/kylat.ekarjala.fi\/tapavainola\/wp-json\/wp\/v2\/pages\/182\/revisions\/316"}],"wp:attachment":[{"href":"https:\/\/kylat.ekarjala.fi\/tapavainola\/wp-json\/wp\/v2\/media?parent=182"}],"curies":[{"name":"wp","href":"https:\/\/api.w.org\/{rel}","templated":true}]}}