{"id":8,"date":"2018-11-27T09:17:56","date_gmt":"2018-11-27T09:17:56","guid":{"rendered":"https:\/\/kylat.ekarjala.fi\/tarkkola\/contact\/"},"modified":"2026-03-18T08:18:38","modified_gmt":"2026-03-18T08:18:38","slug":"kylayhdistys","status":"publish","type":"page","link":"https:\/\/kylat.ekarjala.fi\/tarkkola\/kylayhdistys\/","title":{"rendered":"Kyl\u00e4yhdistys ja yhteystiedot"},"content":{"rendered":"\t\t<div data-elementor-type=\"wp-post\" data-elementor-id=\"8\" class=\"elementor elementor-8\" data-elementor-post-type=\"page\">\n\t\t\t\t\t\t<section class=\"elementor-section elementor-top-section elementor-element elementor-element-3906703 elementor-section-boxed elementor-section-height-default elementor-section-height-default\" data-id=\"3906703\" data-element_type=\"section\" data-e-type=\"section\" data-settings=\"{&quot;background_background&quot;:&quot;classic&quot;}\">\n\t\t\t\t\t\t\t<div class=\"elementor-background-overlay\"><\/div>\n\t\t\t\t\t\t\t<div class=\"elementor-container elementor-column-gap-default\">\n\t\t\t\t\t<div class=\"elementor-column elementor-col-100 elementor-top-column elementor-element elementor-element-24c9f1f\" data-id=\"24c9f1f\" data-element_type=\"column\" data-e-type=\"column\">\n\t\t\t<div class=\"elementor-widget-wrap elementor-element-populated\">\n\t\t\t\t\t\t<div class=\"elementor-element elementor-element-a5e247a elementor-widget elementor-widget-heading\" data-id=\"a5e247a\" data-element_type=\"widget\" data-e-type=\"widget\" data-widget_type=\"heading.default\">\n\t\t\t\t<div class=\"elementor-widget-container\">\n\t\t\t\t\t<h1 class=\"elementor-heading-title elementor-size-default\">Tule mukaan kyl\u00e4yhdistyksen toimintaan!<\/h1>\t\t\t\t<\/div>\n\t\t\t\t<\/div>\n\t\t\t\t\t<\/div>\n\t\t<\/div>\n\t\t\t\t\t<\/div>\n\t\t<\/section>\n\t\t\t\t<section class=\"elementor-section elementor-top-section elementor-element elementor-element-34cbd81 elementor-section-boxed elementor-section-height-default elementor-section-height-default\" data-id=\"34cbd81\" data-element_type=\"section\" data-e-type=\"section\" data-settings=\"{&quot;background_background&quot;:&quot;classic&quot;}\">\n\t\t\t\t\t\t<div class=\"elementor-container elementor-column-gap-default\">\n\t\t\t\t\t<div class=\"elementor-column elementor-col-100 elementor-top-column elementor-element elementor-element-2c2b69c\" data-id=\"2c2b69c\" data-element_type=\"column\" data-e-type=\"column\">\n\t\t\t<div class=\"elementor-widget-wrap elementor-element-populated\">\n\t\t\t\t\t\t<section class=\"elementor-section elementor-inner-section elementor-element elementor-element-cf72d0c elementor-section-boxed elementor-section-height-default elementor-section-height-default\" data-id=\"cf72d0c\" data-element_type=\"section\" data-e-type=\"section\">\n\t\t\t\t\t\t<div class=\"elementor-container elementor-column-gap-default\">\n\t\t\t\t\t<div class=\"elementor-column elementor-col-33 elementor-inner-column elementor-element elementor-element-43528e9\" data-id=\"43528e9\" data-element_type=\"column\" data-e-type=\"column\">\n\t\t\t<div class=\"elementor-widget-wrap elementor-element-populated\">\n\t\t\t\t\t\t<div class=\"elementor-element elementor-element-13a5241 elementor-widget elementor-widget-heading\" data-id=\"13a5241\" data-element_type=\"widget\" data-e-type=\"widget\" data-widget_type=\"heading.default\">\n\t\t\t\t<div class=\"elementor-widget-container\">\n\t\t\t\t\t<h2 class=\"elementor-heading-title elementor-size-default\">Tarkkolan seudun kyl\u00e4t ry<\/h2>\t\t\t\t<\/div>\n\t\t\t\t<\/div>\n\t\t\t\t<div class=\"elementor-element elementor-element-5017b4d elementor-widget-divider--view-line elementor-widget elementor-widget-divider\" data-id=\"5017b4d\" data-element_type=\"widget\" data-e-type=\"widget\" data-widget_type=\"divider.default\">\n\t\t\t\t<div class=\"elementor-widget-container\">\n\t\t\t\t\t\t\t<div class=\"elementor-divider\">\n\t\t\t<span class=\"elementor-divider-separator\">\n\t\t\t\t\t\t<\/span>\n\t\t<\/div>\n\t\t\t\t\t\t<\/div>\n\t\t\t\t<\/div>\n\t\t\t\t<div class=\"elementor-element elementor-element-86c2f64 elementor-widget elementor-widget-text-editor\" data-id=\"86c2f64\" data-element_type=\"widget\" data-e-type=\"widget\" data-widget_type=\"text-editor.default\">\n\t\t\t\t<div class=\"elementor-widget-container\">\n\t\t\t\t\t\t\t\t\t<p><span style=\"font-weight: 400\">Kyl\u00e4yhdistyksen\u00a0 toiminta-alueeseen kuuluu 21 pient\u00e4 kyl\u00e4\u00e4 Ruokolahden kunnan it\u00e4osassa. Alue rajautuu id\u00e4ss\u00e4 Rautj\u00e4rven kunnan asemanseutuun, l\u00e4nness\u00e4 K\u00e4ringin alueen kyliin ja pohjoisessa Pohjalankilaan. <\/span><\/p><p><span style=\"font-weight: 400\">Kyl\u00e4yhdistyksen toiminta perustuu kylien ja kyl\u00e4l\u00e4isten hyvinvoinnin edist\u00e4miseen talkooty\u00f6ll\u00e4 &#8211; tule mukaan vire\u00e4\u00e4n porukkaamme! Mukavia ja sopivia teht\u00e4vi\u00e4 riitt\u00e4\u00e4 kaikille asukkaille ja kes\u00e4asukkaille kyl\u00e4talon ja Peippolan yll\u00e4pidossa, harrastajateatterin toiminnassa ja tapahtumien j\u00e4rjest\u00e4misess\u00e4. Tuo my\u00f6s omat ideasi yhteiseksi hyv\u00e4ksi!<\/span><\/p>\t\t\t\t\t\t\t\t<\/div>\n\t\t\t\t<\/div>\n\t\t\t\t<div class=\"elementor-element elementor-element-35cadac elementor-widget elementor-widget-heading\" data-id=\"35cadac\" data-element_type=\"widget\" data-e-type=\"widget\" data-widget_type=\"heading.default\">\n\t\t\t\t<div class=\"elementor-widget-container\">\n\t\t\t\t\t<h2 class=\"elementor-heading-title elementor-size-default\">Hallitus 2026<\/h2>\t\t\t\t<\/div>\n\t\t\t\t<\/div>\n\t\t\t\t<div class=\"elementor-element elementor-element-4218810 elementor-widget-divider--view-line elementor-widget elementor-widget-divider\" data-id=\"4218810\" data-element_type=\"widget\" data-e-type=\"widget\" data-widget_type=\"divider.default\">\n\t\t\t\t<div class=\"elementor-widget-container\">\n\t\t\t\t\t\t\t<div class=\"elementor-divider\">\n\t\t\t<span class=\"elementor-divider-separator\">\n\t\t\t\t\t\t<\/span>\n\t\t<\/div>\n\t\t\t\t\t\t<\/div>\n\t\t\t\t<\/div>\n\t\t\t\t<div class=\"elementor-element elementor-element-affaa7c elementor-widget elementor-widget-text-editor\" data-id=\"affaa7c\" data-element_type=\"widget\" data-e-type=\"widget\" data-widget_type=\"text-editor.default\">\n\t\t\t\t<div class=\"elementor-widget-container\">\n\t\t\t\t\t\t\t\t\t<ul><li>Puheenjohtaja Annaleena Rita 044 325 6105,\u00a0\u00a0ritaannaleena@gmail.com<\/li><li>Jukka Autere<\/li><li>Leila Poittinen, varapuheenjohtaja<\/li><li>Jani Miettinen<\/li><li>Iita Parikka<\/li><\/ul>\t\t\t\t\t\t\t\t<\/div>\n\t\t\t\t<\/div>\n\t\t\t\t\t<\/div>\n\t\t<\/div>\n\t\t\t\t<div class=\"elementor-column elementor-col-33 elementor-inner-column elementor-element elementor-element-eab4da3\" data-id=\"eab4da3\" data-element_type=\"column\" data-e-type=\"column\">\n\t\t\t<div class=\"elementor-widget-wrap\">\n\t\t\t\t\t\t\t<\/div>\n\t\t<\/div>\n\t\t\t\t<div class=\"elementor-column elementor-col-33 elementor-inner-column elementor-element elementor-element-a30607d\" data-id=\"a30607d\" data-element_type=\"column\" data-e-type=\"column\">\n\t\t\t<div class=\"elementor-widget-wrap elementor-element-populated\">\n\t\t\t\t\t\t<div class=\"elementor-element elementor-element-7195729 elementor-widget elementor-widget-heading\" data-id=\"7195729\" data-element_type=\"widget\" data-e-type=\"widget\" data-widget_type=\"heading.default\">\n\t\t\t\t<div class=\"elementor-widget-container\">\n\t\t\t\t\t<h2 class=\"elementor-heading-title elementor-size-default\">Yhteystiedot<\/h2>\t\t\t\t<\/div>\n\t\t\t\t<\/div>\n\t\t\t\t<div class=\"elementor-element elementor-element-6d8d2d6 elementor-widget-divider--view-line elementor-widget elementor-widget-divider\" data-id=\"6d8d2d6\" data-element_type=\"widget\" data-e-type=\"widget\" data-widget_type=\"divider.default\">\n\t\t\t\t<div class=\"elementor-widget-container\">\n\t\t\t\t\t\t\t<div class=\"elementor-divider\">\n\t\t\t<span class=\"elementor-divider-separator\">\n\t\t\t\t\t\t<\/span>\n\t\t<\/div>\n\t\t\t\t\t\t<\/div>\n\t\t\t\t<\/div>\n\t\t\t\t<div class=\"elementor-element elementor-element-cc08ab8 elementor-widget elementor-widget-heading\" data-id=\"cc08ab8\" data-element_type=\"widget\" data-e-type=\"widget\" data-widget_type=\"heading.default\">\n\t\t\t\t<div class=\"elementor-widget-container\">\n\t\t\t\t\t<h2 class=\"elementor-heading-title elementor-size-medium\">Osoite<\/h2>\t\t\t\t<\/div>\n\t\t\t\t<\/div>\n\t\t\t\t<div class=\"elementor-element elementor-element-0ed7b3a elementor-widget elementor-widget-text-editor\" data-id=\"0ed7b3a\" data-element_type=\"widget\" data-e-type=\"widget\" data-widget_type=\"text-editor.default\">\n\t\t\t\t<div class=\"elementor-widget-container\">\n\t\t\t\t\t\t\t\t\t<p>C\/O Annaleena Rita Tarkkolantie 305 56410 Kaiturinp\u00e4\u00e4<\/p>\t\t\t\t\t\t\t\t<\/div>\n\t\t\t\t<\/div>\n\t\t\t\t<div class=\"elementor-element elementor-element-736f25d elementor-widget elementor-widget-heading\" data-id=\"736f25d\" data-element_type=\"widget\" data-e-type=\"widget\" data-widget_type=\"heading.default\">\n\t\t\t\t<div class=\"elementor-widget-container\">\n\t\t\t\t\t<h2 class=\"elementor-heading-title elementor-size-medium\">S\u00e4hk\u00f6posti<\/h2>\t\t\t\t<\/div>\n\t\t\t\t<\/div>\n\t\t\t\t<div class=\"elementor-element elementor-element-47d3b2e elementor-widget elementor-widget-text-editor\" data-id=\"47d3b2e\" data-element_type=\"widget\" data-e-type=\"widget\" data-widget_type=\"text-editor.default\">\n\t\t\t\t<div class=\"elementor-widget-container\">\n\t\t\t\t\t\t\t\t\t<p>tarkkolanseudunkylatry@gmail.com<\/p>\t\t\t\t\t\t\t\t<\/div>\n\t\t\t\t<\/div>\n\t\t\t\t<div class=\"elementor-element elementor-element-6be811a elementor-widget elementor-widget-heading\" data-id=\"6be811a\" data-element_type=\"widget\" data-e-type=\"widget\" data-widget_type=\"heading.default\">\n\t\t\t\t<div class=\"elementor-widget-container\">\n\t\t\t\t\t<h2 class=\"elementor-heading-title elementor-size-medium\">Puhelin<\/h2>\t\t\t\t<\/div>\n\t\t\t\t<\/div>\n\t\t\t\t<div class=\"elementor-element elementor-element-958ade7 elementor-widget elementor-widget-text-editor\" data-id=\"958ade7\" data-element_type=\"widget\" data-e-type=\"widget\" data-widget_type=\"text-editor.default\">\n\t\t\t\t<div class=\"elementor-widget-container\">\n\t\t\t\t\t\t\t\t\t<p>+358452039010 (k\u00e4yt\u00f6ss\u00e4 kes\u00e4teatterin\u00e4yt\u00e4nt\u00f6jen varausaikana)<\/p>\t\t\t\t\t\t\t\t<\/div>\n\t\t\t\t<\/div>\n\t\t\t\t<div class=\"elementor-element elementor-element-68615e9 elementor-widget elementor-widget-heading\" data-id=\"68615e9\" data-element_type=\"widget\" data-e-type=\"widget\" data-widget_type=\"heading.default\">\n\t\t\t\t<div class=\"elementor-widget-container\">\n\t\t\t\t\t<h2 class=\"elementor-heading-title elementor-size-medium\">Seuraa meit\u00e4<\/h2>\t\t\t\t<\/div>\n\t\t\t\t<\/div>\n\t\t\t\t<div class=\"elementor-element elementor-element-28c55e9 elementor-shape-circle e-grid-align-left elementor-grid-0 elementor-widget elementor-widget-social-icons\" data-id=\"28c55e9\" data-element_type=\"widget\" data-e-type=\"widget\" data-widget_type=\"social-icons.default\">\n\t\t\t\t<div class=\"elementor-widget-container\">\n\t\t\t\t\t\t\t<div class=\"elementor-social-icons-wrapper elementor-grid\" role=\"list\">\n\t\t\t\t\t\t\t<span class=\"elementor-grid-item\" role=\"listitem\">\n\t\t\t\t\t<a class=\"elementor-icon elementor-social-icon elementor-social-icon-facebook elementor-repeater-item-6a8f122\" href=\"https:\/\/www.facebook.com\/profile.php?id=100086640641781\" target=\"_blank\">\n\t\t\t\t\t\t<span class=\"elementor-screen-only\">Facebook<\/span>\n\t\t\t\t\t\t<i aria-hidden=\"true\" class=\"fab fa-facebook\"><\/i>\t\t\t\t\t<\/a>\n\t\t\t\t<\/span>\n\t\t\t\t\t\t\t<span class=\"elementor-grid-item\" role=\"listitem\">\n\t\t\t\t\t<a class=\"elementor-icon elementor-social-icon elementor-social-icon-instagram elementor-repeater-item-4d48057\" href=\"https:\/\/www.instagram.com\/tarkkola\/\" target=\"_blank\">\n\t\t\t\t\t\t<span class=\"elementor-screen-only\">Instagram<\/span>\n\t\t\t\t\t\t<i aria-hidden=\"true\" class=\"fab fa-instagram\"><\/i>\t\t\t\t\t<\/a>\n\t\t\t\t<\/span>\n\t\t\t\t\t<\/div>\n\t\t\t\t\t\t<\/div>\n\t\t\t\t<\/div>\n\t\t\t\t\t<\/div>\n\t\t<\/div>\n\t\t\t\t\t<\/div>\n\t\t<\/section>\n\t\t\t\t\t<\/div>\n\t\t<\/div>\n\t\t\t\t\t<\/div>\n\t\t<\/section>\n\t\t\t\t<section class=\"elementor-section elementor-top-section elementor-element elementor-element-a8cbe38 elementor-section-boxed elementor-section-height-default elementor-section-height-default\" data-id=\"a8cbe38\" data-element_type=\"section\" data-e-type=\"section\">\n\t\t\t\t\t\t<div class=\"elementor-container elementor-column-gap-default\">\n\t\t\t\t\t<div class=\"elementor-column elementor-col-100 elementor-top-column elementor-element elementor-element-c327fd4\" data-id=\"c327fd4\" data-element_type=\"column\" data-e-type=\"column\">\n\t\t\t<div class=\"elementor-widget-wrap elementor-element-populated\">\n\t\t\t\t\t\t<div class=\"elementor-element elementor-element-aa734fe elementor-widget elementor-widget-heading\" data-id=\"aa734fe\" data-element_type=\"widget\" data-e-type=\"widget\" data-widget_type=\"heading.default\">\n\t\t\t\t<div class=\"elementor-widget-container\">\n\t\t\t\t\t<h2 class=\"elementor-heading-title elementor-size-default\">Syyskokouksen 2025 tiedote<\/h2>\t\t\t\t<\/div>\n\t\t\t\t<\/div>\n\t\t\t\t<div class=\"elementor-element elementor-element-d3d5bea elementor-widget elementor-widget-text-editor\" data-id=\"d3d5bea\" data-element_type=\"widget\" data-e-type=\"widget\" data-widget_type=\"text-editor.default\">\n\t\t\t\t<div class=\"elementor-widget-container\">\n\t\t\t\t\t\t\t\t\t<p><span style=\"font-weight: 400\">Tarkkolan seudun kyl\u00e4t ry piti syyskokouksensa 11.11.2025. Yhdistyksen puheenjohtajan taht\u00e4v\u00e4\u00e4 jatkamaan valittiin Annaleena Rita. Pitk\u00e4aikainen yhdistyksen puheenjohtaja ja varapuheenjohtaja Martti Asikainen luopui hallituksen j\u00e4senyydest\u00e4 ja samoin pitk\u00e4aikainen hallituksen j\u00e4sen Tuija Repo luopui hallituksen j\u00e4senyydest\u00e4. Hallitusty\u00f6skentely\u00e4 jatkamaan valittiin Aarre Hanski,\u00a0<\/span><span style=\"font-size: 1rem\">Jukka Autere,\u00a0<\/span><span style=\"font-style: inherit\">Noora Hikip\u00e4\u00e4, Jani Miettinen, Hanna Pulkkinen ja Leila Poittinen ja uutena j\u00e4senen\u00e4 hallitukseen valittiin Iita Parikka.\u00a0<\/span><\/p><h2 style=\"font-style: normal;color: #101218;line-height: 1.3em\" data-elementor-setting-key=\"title\" data-pen-placeholder=\"Kirjoita t\u00e4h\u00e4n...\">Toimintasuunnitelma 2026<\/h2><p><span style=\"font-weight: 400\">Jatketaan hyv\u00e4\u00e4 yhteistoimintaa Ruokolahden kansalaisopiston sek\u00e4 kunnan viranhaltijoiden ja luottamushenkil\u00f6iden kanssa monipuolisen toiminnan ja virkist\u00e4vien tapahtumien j\u00e4rjest\u00e4miseksi Tarkkolassa. Esitet\u00e4\u00e4n Ruokolahden kansalaisopiston opinto-ohjelmaan jatkoa Tarkkolan k\u00e4sity\u00f6pajalle, Tarkkolan kokeilevalla taidek\u00e4sity\u00f6pajalle ja kuntojumpalle.<\/span><\/p><p><span style=\"font-weight: 400\">Aktivoidaan muita alueella toimivia yhdistyksi\u00e4 ja yhteis\u00f6j\u00e4 liikunta- ja kulttuuriymp\u00e4rist\u00f6n kehitt\u00e4miseen kyl\u00e4yhdistyksen alueella.Yll\u00e4pidet\u00e4\u00e4n entisi\u00e4 kumppanuuksia ja etsit\u00e4\u00e4n uusia monipuolisten hyvinvointia edist\u00e4vien palvelujen j\u00e4rjest\u00e4miseksi kyl\u00e4talolla.<\/span><\/p><p><span style=\"font-weight: 400\">Nettisivuilla ja some-kanavissa tiedotetaan kyl\u00e4yhdistyksen ja kyl\u00e4talon tapahtumista. Jatketaan Leader K\u00e4rki ry:n kanssa syksyll\u00e4 2025 k\u00e4ynnistynytt\u00e4 \u00c4lyk\u00e4s kyl\u00e4\/Tarmoa tulevaisuuteen tiedotuskyl\u00e4hanketta, jossa tehostetaan kyl\u00e4n n\u00e4kyvyytt\u00e4 ja kiinnostavuutta somekanavissa ja tehostetaan kyl\u00e4talon markkinointia tapahtuma- ja kokouspaikkana.<\/span><\/p><p><span style=\"font-weight: 400\">Haetaan kunnan yhdistyksille osoittamia avustuksia sek\u00e4 kyl\u00e4talojen yll\u00e4pitoon ja kulttuuritoimintaan liittyvi\u00e4 valtion ja muiden toimijoiden avustuksia. Kyl\u00e4talon ulkomaalaukseen haetaan Suomen Kotiseutuliiton avustusta ja Ruokolahden kunnan kyl\u00e4talo- ja hankeavustus k\u00e4ytet\u00e4\u00e4n my\u00f6s ulkomaalaukseen ja ulkovuorauksen vaurioiden kunnostamiseen. Maalausty\u00f6 hankitaan palveluntuottajalta.\u00a0<\/span><\/p><p><span style=\"font-weight: 400\">Tehd\u00e4\u00e4n yhteis\u00f6llisen\u00e4 prosessina yhdess\u00e4 kyl\u00e4l\u00e4isten ja kumppaniyhdistysten kanssa kyl\u00e4suunnitelma ja kyl\u00e4n turvallisuussuunnitelma. Kyl\u00e4talon varustelua kriisitilanteiden kokoontumispaikaksi t\u00e4ydennet\u00e4\u00e4n hankkimalla aggregaatti ja varavoimakytkin sek\u00e4 turvallisuussuunnitelmassa m\u00e4\u00e4ritellyt muut tarvikkeet. Hankintoihin haetaan Leader K\u00e4rki ry:lt\u00e4 investointitukea ja muiden tahojen avustuksia. J\u00e4rjestet\u00e4\u00e4n villasukkaker\u00e4ys.<\/span><\/p><p><span style=\"font-weight: 400\">K\u00e4ynnistet\u00e4\u00e4n kev\u00e4\u00e4ll\u00e4 2026 Leader K\u00e4rki ry:n kanssa yhteisty\u00f6ss\u00e4 kyl\u00e4talon puutarhan kunnostamiseen t\u00e4ht\u00e4\u00e4v\u00e4 ja turvallisuusty\u00f6t\u00e4 t\u00e4ydent\u00e4v\u00e4\u00a0 ekokulttuurihanke\/yhteis\u00f6- puutarha. Tulevien vuosien hankkeisiin sis\u00e4llytet\u00e4\u00e4n j\u00e4\u00e4kiekkokaukalon laitojen myynti ja verkkoaidan rakentaminen hiekkakent\u00e4lle turvallisia pallopelej\u00e4 ja luistinrataa varten.\u00a0<\/span><\/p><p><span style=\"font-weight: 400\">Palkataan 100 % palkkatuella kyl\u00e4talkkari ja Ruokolahden kunnan ja OP Kaakkois-Suomen rahoituksella 2-4 nuorta kes\u00e4ty\u00f6ntekij\u00e4\u00e4. Lumilinko otetaan k\u00e4ytt\u00f6\u00f6n kyl\u00e4talon pihan hoitoon. Yhdistyksen perinteisill\u00e4 siivous- ja pihatalkoilla yll\u00e4pidet\u00e4\u00e4n kyl\u00e4taloa ja sen ulkoalueita sek\u00e4 Hikip\u00e4\u00e4n vintti\u00e4 ja Peippolaa.\u00a0<\/span><\/p><p><span style=\"font-weight: 400\">Pidet\u00e4\u00e4n kyl\u00e4talon vuokrat vuoden 2025 mukaisina: 15 euroa\/tunti (kansalaisopisto ja muut s\u00e4\u00e4nn\u00f6llisesti kokoontuvat ryhm\u00e4t), 30 euroa \/1-2 tuntia, 50 euroa\/3-4 tuntia ja 120 euroa\/\u00a0 koko p\u00e4iv\u00e4 ja asunto 350,00 euroa\/kk. Jatketaan vapaaehtoista kannattajaj\u00e4senmaksua. Tutkitaan mahdollisuuksia uusiin varainhankintatapoihin, esim. kyl\u00e4lounas, myyntituotteet.\u00a0<\/span><\/p><p><span style=\"font-weight: 400\">Tehd\u00e4\u00e4n varauskalenteri Peippolan kes\u00e4m\u00f6kkikiinteist\u00f6lle ja tutkitaan mahdollisuutta peri\u00e4 Peippolan k\u00e4yt\u00f6st\u00e4 k\u00e4ytt\u00f6maksuja.<\/span><\/p><p><span style=\"font-weight: 400\">J\u00e4rjestet\u00e4\u00e4n talvitapahtuma maaliskuussa 2026, kansalaisopiston k\u00e4sity\u00f6ryhmien harrastet\u00f6iden n\u00e4yttely huhtikuussa 2026, Avoimet Kyl\u00e4t -p\u00e4iv\u00e4n kes\u00e4inen puutarhakahvilakonsertti kes\u00e4kuussa 2026, Tarkkolan harrastajateatterin kes\u00e4teatterin\u00e4ytelm\u00e4 hein\u00e4-elokuussa 2026 Hikip\u00e4\u00e4n vintill\u00e4,\u00a0 talkoolaisten virkistysp\u00e4iv\u00e4 elo-syyskuussa 2026 ja jouluinen tapahtuma, esim. kyl\u00e4kirkko\/Kauneimmat joululaulut marras-joulukuussa 2026.\u00a0<\/span><\/p><p><span style=\"font-weight: 400\">Kes\u00e4teatterin lipunmyynnin, v\u00e4liaikakahvion, liikenteenohjauksen, j\u00e4rjestysmiestoiminnan ja ensiapuvalmiuden mahdollisista uusista j\u00e4rjestelyist\u00e4 sovitaan kumppaniyhdistysten kanssa huhtikuun 2026 loppuun menness\u00e4.<\/span><\/p>\t\t\t\t\t\t\t\t<\/div>\n\t\t\t\t<\/div>\n\t\t\t\t\t<\/div>\n\t\t<\/div>\n\t\t\t\t\t<\/div>\n\t\t<\/section>\n\t\t\t\t<\/div>\n\t\t","protected":false},"excerpt":{"rendered":"<p>Tule mukaan kyl\u00e4yhdistyksen toimintaan! Tarkkolan seudun kyl\u00e4t ry Kyl\u00e4yhdistyksen\u00a0 toiminta-alueeseen kuuluu 21 pient\u00e4 kyl\u00e4\u00e4 Ruokolahden kunnan it\u00e4osassa. Alue rajautuu id\u00e4ss\u00e4 Rautj\u00e4rven kunnan asemanseutuun, l\u00e4nness\u00e4 K\u00e4ringin alueen kyliin ja pohjoisessa Pohjalankilaan. Kyl\u00e4yhdistyksen toiminta perustuu kylien ja kyl\u00e4l\u00e4isten hyvinvoinnin edist\u00e4miseen talkooty\u00f6ll\u00e4 &#8211; tule mukaan vire\u00e4\u00e4n porukkaamme! Mukavia ja sopivia teht\u00e4vi\u00e4 riitt\u00e4\u00e4 kaikille asukkaille ja kes\u00e4asukkaille kyl\u00e4talon ja [&hellip;]<\/p>\n","protected":false},"author":175,"featured_media":0,"parent":0,"menu_order":0,"comment_status":"closed","ping_status":"closed","template":"","meta":{"site-sidebar-layout":"no-sidebar","site-content-layout":"page-builder","ast-site-content-layout":"default","site-content-style":"default","site-sidebar-style":"default","ast-global-header-display":"","ast-banner-title-visibility":"","ast-main-header-display":"","ast-hfb-above-header-display":"","ast-hfb-below-header-display":"","ast-hfb-mobile-header-display":"","site-post-title":"","ast-breadcrumbs-content":"","ast-featured-img":"disabled","footer-sml-layout":"","ast-disable-related-posts":"","theme-transparent-header-meta":"enabled","adv-header-id-meta":"","stick-header-meta":"","header-above-stick-meta":"","header-main-stick-meta":"","header-below-stick-meta":"","astra-migrate-meta-layouts":"default","ast-page-background-enabled":"default","ast-page-background-meta":{"desktop":{"background-color":"","background-image":"","background-repeat":"repeat","background-position":"center center","background-size":"auto","background-attachment":"scroll","background-type":"","background-media":"","overlay-type":"","overlay-color":"","overlay-opacity":"","overlay-gradient":""},"tablet":{"background-color":"","background-image":"","background-repeat":"repeat","background-position":"center center","background-size":"auto","background-attachment":"scroll","background-type":"","background-media":"","overlay-type":"","overlay-color":"","overlay-opacity":"","overlay-gradient":""},"mobile":{"background-color":"","background-image":"","background-repeat":"repeat","background-position":"center center","background-size":"auto","background-attachment":"scroll","background-type":"","background-media":"","overlay-type":"","overlay-color":"","overlay-opacity":"","overlay-gradient":""}},"ast-content-background-meta":{"desktop":{"background-color":"var(--ast-global-color-5)","background-image":"","background-repeat":"repeat","background-position":"center center","background-size":"auto","background-attachment":"scroll","background-type":"","background-media":"","overlay-type":"","overlay-color":"","overlay-opacity":"","overlay-gradient":""},"tablet":{"background-color":"var(--ast-global-color-5)","background-image":"","background-repeat":"repeat","background-position":"center center","background-size":"auto","background-attachment":"scroll","background-type":"","background-media":"","overlay-type":"","overlay-color":"","overlay-opacity":"","overlay-gradient":""},"mobile":{"background-color":"var(--ast-global-color-5)","background-image":"","background-repeat":"repeat","background-position":"center center","background-size":"auto","background-attachment":"scroll","background-type":"","background-media":"","overlay-type":"","overlay-color":"","overlay-opacity":"","overlay-gradient":""}},"footnotes":""},"class_list":["post-8","page","type-page","status-publish","hentry"],"_links":{"self":[{"href":"https:\/\/kylat.ekarjala.fi\/tarkkola\/wp-json\/wp\/v2\/pages\/8","targetHints":{"allow":["GET"]}}],"collection":[{"href":"https:\/\/kylat.ekarjala.fi\/tarkkola\/wp-json\/wp\/v2\/pages"}],"about":[{"href":"https:\/\/kylat.ekarjala.fi\/tarkkola\/wp-json\/wp\/v2\/types\/page"}],"author":[{"embeddable":true,"href":"https:\/\/kylat.ekarjala.fi\/tarkkola\/wp-json\/wp\/v2\/users\/175"}],"replies":[{"embeddable":true,"href":"https:\/\/kylat.ekarjala.fi\/tarkkola\/wp-json\/wp\/v2\/comments?post=8"}],"version-history":[{"count":20,"href":"https:\/\/kylat.ekarjala.fi\/tarkkola\/wp-json\/wp\/v2\/pages\/8\/revisions"}],"predecessor-version":[{"id":1894,"href":"https:\/\/kylat.ekarjala.fi\/tarkkola\/wp-json\/wp\/v2\/pages\/8\/revisions\/1894"}],"wp:attachment":[{"href":"https:\/\/kylat.ekarjala.fi\/tarkkola\/wp-json\/wp\/v2\/media?parent=8"}],"curies":[{"name":"wp","href":"https:\/\/api.w.org\/{rel}","templated":true}]}}