{"id":5,"date":"2011-08-29T09:39:37","date_gmt":"2011-08-29T08:09:37","guid":{"rendered":"https:\/\/kylat.ekarjala.fi\/tarnala\/?page_id=5"},"modified":"2016-10-12T13:13:57","modified_gmt":"2016-10-12T11:43:57","slug":"etusivu","status":"publish","type":"page","link":"https:\/\/kylat.ekarjala.fi\/tarnala\/etusivu\/","title":{"rendered":"Perustietoja kyl\u00e4st\u00e4"},"content":{"rendered":"<p>&nbsp;<\/p>\n<p><a href=\"https:\/\/kylat.ekarjala.fi\/tarnala\/wp-content\/uploads\/sites\/13\/2011\/08\/etusivun-kuva.jpg\"><img loading=\"lazy\" decoding=\"async\" class=\"size-full wp-image-7\" src=\"https:\/\/kylat.ekarjala.fi\/tarnala\/wp-content\/uploads\/sites\/13\/2011\/08\/etusivun-kuva.jpg\" alt=\"\" width=\"527\" height=\"399\" \/><\/a><\/p>\n<p>&nbsp;<\/p>\n<p><strong>Tarnala sijaitsee Parikkalassa, entisen Saaren kunnan alueella. Vuoden 2005 alusta lukien Tarnala on Parikkalan kyl\u00e4.<\/strong><\/p>\n<p>&nbsp;<\/p>\n<p><strong>Etel\u00e4-Karjalan Kyl\u00e4t ry valitsi Tarnalan vuoden 2011 kyl\u00e4ksi.<br \/>\n<\/strong><\/p>\n<p>Saari oli Suomen maatalousvaltaisin pit\u00e4j\u00e4 ja Tarnala sen aktiivisinta viljely- ja karjanhoitoaluetta.<\/p>\n<p>Maatalous on edelleen s\u00e4ilynyt vahvana Tarnalassa. Kyl\u00e4 on kaunista maatalousmaisemaa. Monilla maatiloilla on tulevaisuus edess\u00e4. Alkutuotantoon on panostettu paljon.<\/p>\n<p>Tarnalan kyl\u00e4yhdistys toimii k\u00e4yntiosoitteessa Niukkalantie 496, 59610 Tarnala<\/p>\n","protected":false},"excerpt":{"rendered":"<p>&nbsp; &nbsp; Tarnala sijaitsee Parikkalassa, entisen Saaren kunnan alueella. Vuoden 2005 alusta lukien Tarnala on Parikkalan kyl\u00e4. &nbsp; Etel\u00e4-Karjalan Kyl\u00e4t ry valitsi Tarnalan vuoden 2011 kyl\u00e4ksi. Saari oli Suomen maatalousvaltaisin pit\u00e4j\u00e4 ja Tarnala sen aktiivisinta viljely- ja karjanhoitoaluetta. Maatalous on &hellip; <a href=\"https:\/\/kylat.ekarjala.fi\/tarnala\/etusivu\/\">Lue loppuun <span class=\"meta-nav\">&rarr;<\/span><\/a><\/p>\n","protected":false},"author":20,"featured_media":437,"parent":0,"menu_order":0,"comment_status":"closed","ping_status":"closed","template":"","meta":{"footnotes":""},"class_list":["post-5","page","type-page","status-publish","has-post-thumbnail","hentry"],"_links":{"self":[{"href":"https:\/\/kylat.ekarjala.fi\/tarnala\/wp-json\/wp\/v2\/pages\/5","targetHints":{"allow":["GET"]}}],"collection":[{"href":"https:\/\/kylat.ekarjala.fi\/tarnala\/wp-json\/wp\/v2\/pages"}],"about":[{"href":"https:\/\/kylat.ekarjala.fi\/tarnala\/wp-json\/wp\/v2\/types\/page"}],"author":[{"embeddable":true,"href":"https:\/\/kylat.ekarjala.fi\/tarnala\/wp-json\/wp\/v2\/users\/20"}],"replies":[{"embeddable":true,"href":"https:\/\/kylat.ekarjala.fi\/tarnala\/wp-json\/wp\/v2\/comments?post=5"}],"version-history":[{"count":12,"href":"https:\/\/kylat.ekarjala.fi\/tarnala\/wp-json\/wp\/v2\/pages\/5\/revisions"}],"predecessor-version":[{"id":464,"href":"https:\/\/kylat.ekarjala.fi\/tarnala\/wp-json\/wp\/v2\/pages\/5\/revisions\/464"}],"wp:featuredmedia":[{"embeddable":true,"href":"https:\/\/kylat.ekarjala.fi\/tarnala\/wp-json\/wp\/v2\/media\/437"}],"wp:attachment":[{"href":"https:\/\/kylat.ekarjala.fi\/tarnala\/wp-json\/wp\/v2\/media?parent=5"}],"curies":[{"name":"wp","href":"https:\/\/api.w.org\/{rel}","templated":true}]}}