{"id":1114,"date":"2022-12-14T15:29:09","date_gmt":"2022-12-14T15:29:09","guid":{"rendered":"https:\/\/kylat.ekarjala.fi\/uimi\/?page_id=1114"},"modified":"2022-12-14T15:56:18","modified_gmt":"2022-12-14T15:56:18","slug":"uimin-alue","status":"publish","type":"page","link":"https:\/\/kylat.ekarjala.fi\/uimi\/uimin-alue\/","title":{"rendered":"Uimin alue"},"content":{"rendered":"\t\t<div data-elementor-type=\"wp-page\" data-elementor-id=\"1114\" class=\"elementor elementor-1114\" data-elementor-post-type=\"page\">\n\t\t\t\t\t\t<section class=\"elementor-section elementor-top-section elementor-element elementor-element-c1c61cf elementor-section-boxed elementor-section-height-default elementor-section-height-default\" data-id=\"c1c61cf\" data-element_type=\"section\" data-e-type=\"section\" data-settings=\"{&quot;background_background&quot;:&quot;classic&quot;}\">\n\t\t\t\t\t\t\t<div class=\"elementor-background-overlay\"><\/div>\n\t\t\t\t\t\t\t<div class=\"elementor-container elementor-column-gap-default\">\n\t\t\t\t\t<div class=\"elementor-column elementor-col-100 elementor-top-column elementor-element elementor-element-723d0e3\" data-id=\"723d0e3\" data-element_type=\"column\" data-e-type=\"column\">\n\t\t\t<div class=\"elementor-widget-wrap elementor-element-populated\">\n\t\t\t\t\t\t<div class=\"elementor-element elementor-element-fc0b149 elementor-widget elementor-widget-heading\" data-id=\"fc0b149\" data-element_type=\"widget\" data-e-type=\"widget\" data-widget_type=\"heading.default\">\n\t\t\t\t<div class=\"elementor-widget-container\">\n\t\t\t\t\t<h1 class=\"elementor-heading-title elementor-size-default\">Uimin alue<\/h1>\t\t\t\t<\/div>\n\t\t\t\t<\/div>\n\t\t\t\t\t<\/div>\n\t\t<\/div>\n\t\t\t\t\t<\/div>\n\t\t<\/section>\n\t\t\t\t<section class=\"elementor-section elementor-top-section elementor-element elementor-element-f09ea50 elementor-section-boxed elementor-section-height-default elementor-section-height-default\" data-id=\"f09ea50\" data-element_type=\"section\" data-e-type=\"section\">\n\t\t\t\t\t\t<div class=\"elementor-container elementor-column-gap-default\">\n\t\t\t\t\t<div class=\"elementor-column elementor-col-100 elementor-top-column elementor-element elementor-element-79b230d\" data-id=\"79b230d\" data-element_type=\"column\" data-e-type=\"column\">\n\t\t\t<div class=\"elementor-widget-wrap elementor-element-populated\">\n\t\t\t\t\t\t<div class=\"elementor-element elementor-element-d0cba01 elementor-widget elementor-widget-spacer\" data-id=\"d0cba01\" data-element_type=\"widget\" data-e-type=\"widget\" data-widget_type=\"spacer.default\">\n\t\t\t\t<div class=\"elementor-widget-container\">\n\t\t\t\t\t\t\t<div class=\"elementor-spacer\">\n\t\t\t<div class=\"elementor-spacer-inner\"><\/div>\n\t\t<\/div>\n\t\t\t\t\t\t<\/div>\n\t\t\t\t<\/div>\n\t\t\t\t<section class=\"elementor-section elementor-inner-section elementor-element elementor-element-497e824 elementor-section-boxed elementor-section-height-default elementor-section-height-default\" data-id=\"497e824\" data-element_type=\"section\" data-e-type=\"section\">\n\t\t\t\t\t\t<div class=\"elementor-container elementor-column-gap-default\">\n\t\t\t\t\t<div class=\"elementor-column elementor-col-50 elementor-inner-column elementor-element elementor-element-3ce1c95\" data-id=\"3ce1c95\" data-element_type=\"column\" data-e-type=\"column\">\n\t\t\t<div class=\"elementor-widget-wrap elementor-element-populated\">\n\t\t\t\t\t\t<div class=\"elementor-element elementor-element-24c7b38 elementor-widget elementor-widget-heading\" data-id=\"24c7b38\" data-element_type=\"widget\" data-e-type=\"widget\" data-widget_type=\"heading.default\">\n\t\t\t\t<div class=\"elementor-widget-container\">\n\t\t\t\t\t<h2 class=\"elementor-heading-title elementor-size-default\">Uimin eri kyl\u00e4t<\/h2>\t\t\t\t<\/div>\n\t\t\t\t<\/div>\n\t\t\t\t<div class=\"elementor-element elementor-element-6ae0084 elementor-widget elementor-widget-text-editor\" data-id=\"6ae0084\" data-element_type=\"widget\" data-e-type=\"widget\" data-widget_type=\"text-editor.default\">\n\t\t\t\t<div class=\"elementor-widget-container\">\n\t\t\t\t\t\t\t\t\t<p>Perim\u00e4tiedon mukaan Lemin vanhimmat talot sijaitsivat Uimilla Kivij\u00e4rven rannalla. Uiminniemelt\u00e4 ensimm\u00e4iset asukkaat olivat jo siirtyneet muualle, kun vuoden 1550 maakirjaan kirjattiin 29 lemil\u00e4iskyl\u00e4\u00e4. Uiminniemi on my\u00f6s yksi Savitaipaleen maarekisterikyl\u00e4. Ennen Isojakoa kylill\u00e4 ja taloilla oli maita ristiin naapuripit\u00e4j\u00e4n puolella. Niist\u00e4 Uiminniemi oli yksi. Vuosisatojen my\u00f6t\u00e4 Uiminniemi on hajautunut ja laajentunut useaksi kyl\u00e4ksi ja puhekieless\u00e4 Uiminniemi on muokkautunut lyhyesti Uimiksi. Nykyisin Uimin eri kyl\u00e4t ovat: Niemikyl\u00e4, Per\u00e4kyl\u00e4, Lahentaus, Saira, Kotalahti ja Tuuliainen ja H\u00e4\u00e4r\u00e4. Lahentauksessa ovat paikannimet kuten Jukanen, Kinttu ja Pekari.<br \/><br \/>Uimin rajanaapureita ovat Luum\u00e4ki ja Savitaipale ja tietenkin oma kunta Lemi. Uimin entisell\u00e4 koululla, ja my\u00f6hemmin Kotalahden entisell\u00e4 koululla k\u00e4vi oppilaita naapuripit\u00e4jist\u00e4. Niinp\u00e4 satunnaiselle kulkijalle tai karttoihin tutustujan pit\u00e4isi hieman varata aikaa Uimin alueen hahmottamiseksi.<\/p>\t\t\t\t\t\t\t\t<\/div>\n\t\t\t\t<\/div>\n\t\t\t\t\t<\/div>\n\t\t<\/div>\n\t\t\t\t<div class=\"elementor-column elementor-col-50 elementor-inner-column elementor-element elementor-element-124b1da\" data-id=\"124b1da\" data-element_type=\"column\" data-e-type=\"column\">\n\t\t\t<div class=\"elementor-widget-wrap elementor-element-populated\">\n\t\t\t\t\t\t<div class=\"elementor-element elementor-element-83395ef elementor-widget elementor-widget-heading\" data-id=\"83395ef\" data-element_type=\"widget\" data-e-type=\"widget\" data-widget_type=\"heading.default\">\n\t\t\t\t<div class=\"elementor-widget-container\">\n\t\t\t\t\t<h2 class=\"elementor-heading-title elementor-size-default\">Uimi kivij\u00e4rven syliss\u00e4<\/h2>\t\t\t\t<\/div>\n\t\t\t\t<\/div>\n\t\t\t\t<div class=\"elementor-element elementor-element-7a83e44 elementor-widget elementor-widget-text-editor\" data-id=\"7a83e44\" data-element_type=\"widget\" data-e-type=\"widget\" data-widget_type=\"text-editor.default\">\n\t\t\t\t<div class=\"elementor-widget-container\">\n\t\t\t\t\t\t\t\t\t<p>Uiminniemi on nimens\u00e4 mukaisesti niemi: repaleisena ja polveilevana se ty\u00f6ntyy l\u00e4nnen suunnasta Kivij\u00e4rven selkien syleilyyn. Pohjoisessa Uimia rajaavat Ronkaanselk\u00e4 ja Kuuksenenselk\u00e4, id\u00e4ss\u00e4 Lahnaj\u00e4rvi ja Ruominkapia. Sen kaakkoisia rantoja huuhtovat Sarkalahdensel\u00e4n ja Ramasel\u00e4n laineet. Etel\u00e4ss\u00e4 Uiminkapia ohjaa veneij\u00e4n Naskinsel\u00e4lle.\u00a0<span style=\"font-style: inherit;font-weight: inherit\">Uimin l\u00e4nsirajana on osa Monolanj\u00e4rve\u00e4. Tuohtj\u00e4rvi on Uimin sis\u00e4j\u00e4rvi, josta vesi virtaa Ojansuusta Sarkalahteen.<\/span><\/p><p>Kivij\u00e4rven saaristakin muutama on Uimilla: Ellisaari Kuuksenella, Haukkasaari Ramasel\u00e4n ja Sarkalahdensel\u00e4n v\u00e4liss\u00e4, Suursaari siit\u00e4 it\u00e4\u00e4n. My\u00f6s osa Kuhasensaarta on osa Uimia, sen Niemikyl\u00e4\u00e4. Uimin vesiin voi varpaansa uittaa my\u00f6s Kuuksenensel\u00e4n it\u00e4puolella, Vuolteenkannaksesta osa on Uimia kuten my\u00f6s osa Lahnaj\u00e4rvest\u00e4.<\/p>\t\t\t\t\t\t\t\t<\/div>\n\t\t\t\t<\/div>\n\t\t\t\t\t<\/div>\n\t\t<\/div>\n\t\t\t\t\t<\/div>\n\t\t<\/section>\n\t\t\t\t\t<\/div>\n\t\t<\/div>\n\t\t\t\t\t<\/div>\n\t\t<\/section>\n\t\t\t\t<section class=\"elementor-section elementor-top-section elementor-element elementor-element-da778f1 elementor-section-boxed elementor-section-height-default elementor-section-height-default\" data-id=\"da778f1\" data-element_type=\"section\" data-e-type=\"section\">\n\t\t\t\t\t\t<div class=\"elementor-container elementor-column-gap-default\">\n\t\t\t\t\t<div class=\"elementor-column elementor-col-50 elementor-top-column elementor-element elementor-element-880e3eb\" data-id=\"880e3eb\" data-element_type=\"column\" data-e-type=\"column\">\n\t\t\t<div class=\"elementor-widget-wrap\">\n\t\t\t\t\t\t\t<\/div>\n\t\t<\/div>\n\t\t\t\t<div class=\"elementor-column elementor-col-50 elementor-top-column elementor-element elementor-element-81b3ac2\" data-id=\"81b3ac2\" data-element_type=\"column\" data-e-type=\"column\">\n\t\t\t<div class=\"elementor-widget-wrap\">\n\t\t\t\t\t\t\t<\/div>\n\t\t<\/div>\n\t\t\t\t\t<\/div>\n\t\t<\/section>\n\t\t\t\t<section class=\"elementor-section elementor-top-section elementor-element elementor-element-a6c015f elementor-section-boxed elementor-section-height-default elementor-section-height-default\" data-id=\"a6c015f\" data-element_type=\"section\" data-e-type=\"section\">\n\t\t\t\t\t\t<div class=\"elementor-container elementor-column-gap-default\">\n\t\t\t\t\t<div class=\"elementor-column elementor-col-100 elementor-top-column elementor-element elementor-element-8fd55bf\" data-id=\"8fd55bf\" data-element_type=\"column\" data-e-type=\"column\">\n\t\t\t<div class=\"elementor-widget-wrap elementor-element-populated\">\n\t\t\t\t\t\t<div class=\"elementor-element elementor-element-272a76a elementor-widget elementor-widget-image\" data-id=\"272a76a\" data-element_type=\"widget\" data-e-type=\"widget\" data-widget_type=\"image.default\">\n\t\t\t\t<div class=\"elementor-widget-container\">\n\t\t\t\t\t\t\t\t\t\t\t\t<figure class=\"wp-caption\">\n\t\t\t\t\t\t\t\t\t\t\t<a href=\"https:\/\/www.maanmittauslaitos.fi\/asioi-verkossa\/paikkatietoikkuna\">\n\t\t\t\t\t\t\t<img fetchpriority=\"high\" decoding=\"async\" width=\"1165\" height=\"658\" src=\"https:\/\/kylat.ekarjala.fi\/uimi\/wp-content\/uploads\/sites\/46\/2022\/12\/karttakuva.jpg\" class=\"attachment-full size-full wp-image-1118\" alt=\"\" srcset=\"https:\/\/kylat.ekarjala.fi\/uimi\/wp-content\/uploads\/sites\/46\/2022\/12\/karttakuva.jpg 1165w, https:\/\/kylat.ekarjala.fi\/uimi\/wp-content\/uploads\/sites\/46\/2022\/12\/karttakuva-300x169.jpg 300w, https:\/\/kylat.ekarjala.fi\/uimi\/wp-content\/uploads\/sites\/46\/2022\/12\/karttakuva-700x395.jpg 700w, https:\/\/kylat.ekarjala.fi\/uimi\/wp-content\/uploads\/sites\/46\/2022\/12\/karttakuva-768x434.jpg 768w\" sizes=\"(max-width: 1165px) 100vw, 1165px\" \/>\t\t\t\t\t\t\t\t<\/a>\n\t\t\t\t\t\t\t\t\t\t\t<figcaption class=\"widget-image-caption wp-caption-text\">Uimin j\u00e4rvimaisemiin ja luonnonkauniisiin maisemiin voi alustavasti tutustua karttapalvelun linkin kautta https:\/\/www.maanmittauslaitos.fi\/asioi-verkossa\/paikkatietoikkuna.<\/figcaption>\n\t\t\t\t\t\t\t\t\t\t<\/figure>\n\t\t\t\t\t\t\t\t\t<\/div>\n\t\t\t\t<\/div>\n\t\t\t\t\t<\/div>\n\t\t<\/div>\n\t\t\t\t\t<\/div>\n\t\t<\/section>\n\t\t\t\t<section class=\"elementor-section elementor-top-section elementor-element elementor-element-fa7b12e elementor-section-boxed elementor-section-height-default elementor-section-height-default\" data-id=\"fa7b12e\" data-element_type=\"section\" data-e-type=\"section\">\n\t\t\t\t\t\t<div class=\"elementor-container elementor-column-gap-default\">\n\t\t\t\t\t<div class=\"elementor-column elementor-col-50 elementor-top-column elementor-element elementor-element-1f1e1b8\" data-id=\"1f1e1b8\" data-element_type=\"column\" data-e-type=\"column\">\n\t\t\t<div class=\"elementor-widget-wrap\">\n\t\t\t\t\t\t\t<\/div>\n\t\t<\/div>\n\t\t\t\t<div class=\"elementor-column elementor-col-50 elementor-top-column elementor-element elementor-element-adf1458\" data-id=\"adf1458\" data-element_type=\"column\" data-e-type=\"column\">\n\t\t\t<div class=\"elementor-widget-wrap\">\n\t\t\t\t\t\t\t<\/div>\n\t\t<\/div>\n\t\t\t\t\t<\/div>\n\t\t<\/section>\n\t\t\t\t<\/div>\n\t\t","protected":false},"excerpt":{"rendered":"<p>\/*! elementor &#8211; v3.8.1 &#8211; 13-11-2022 *\/ .elementor-heading-title{padding:0;margin:0;line-height:1}.elementor-widget-heading .elementor-heading-title[class*=elementor-size-]&gt;a{color:inherit;font-size:inherit;line-height:inherit}.elementor-widget-heading .elementor-heading-title.elementor-size-small{font-size:15px}.elementor-widget-heading .elementor-heading-title.elementor-size-medium{font-size:19px}.elementor-widget-heading .elementor-heading-title.elementor-size-large{font-size:29px}.elementor-widget-heading .elementor-heading-title.elementor-size-xl{font-size:39px}.elementor-widget-heading .elementor-heading-title.elementor-size-xxl{font-size:59px} Uimin alue \/*! elementor &#8211; v3.8.1 &#8211; 13-11-2022 *\/ .elementor-column .elementor-spacer-inner{height:var(&#8211;spacer-size)}.e-con{&#8211;container-widget-width:100%}.e-con-inner&gt;.elementor-widget-spacer,.e-con&gt;.elementor-widget-spacer{width:var(&#8211;container-widget-width,var(&#8211;spacer-size));-ms-flex-item-align:stretch;align-self:stretch;-ms-flex-negative:0;flex-shrink:0}.e-con-inner&gt;.elementor-widget-spacer&gt;.elementor-widget-container,.e-con-inner&gt;.elementor-widget-spacer&gt;.elementor-widget-container&gt;.elementor-spacer,.e-con&gt;.elementor-widget-spacer&gt;.elementor-widget-container,.e-con&gt;.elementor-widget-spacer&gt;.elementor-widget-container&gt;.elementor-spacer{height:100%}.e-con-inner&gt;.elementor-widget-spacer&gt;.elementor-widget-container&gt;.elementor-spacer&gt;.elementor-spacer-inner,.e-con&gt;.elementor-widget-spacer&gt;.elementor-widget-container&gt;.elementor-spacer&gt;.elementor-spacer-inner{height:var(&#8211;container-widget-height,var(&#8211;spacer-size))} Uimin eri kyl\u00e4t Perim\u00e4tiedon mukaan Lemin vanhimmat talot sijaitsivat Uimilla Kivij\u00e4rven rannalla. Uiminniemelt\u00e4 ensimm\u00e4iset asukkaat olivat jo siirtyneet muualle, kun vuoden 1550 maakirjaan kirjattiin 29 lemil\u00e4iskyl\u00e4\u00e4. Uiminniemi on my\u00f6s yksi [&hellip;]<\/p>\n","protected":false},"author":143,"featured_media":0,"parent":0,"menu_order":0,"comment_status":"closed","ping_status":"closed","template":"","meta":{"site-sidebar-layout":"no-sidebar","site-content-layout":"page-builder","ast-site-content-layout":"default","site-content-style":"default","site-sidebar-style":"default","ast-global-header-display":"","ast-banner-title-visibility":"","ast-main-header-display":"","ast-hfb-above-header-display":"","ast-hfb-below-header-display":"","ast-hfb-mobile-header-display":"","site-post-title":"disabled","ast-breadcrumbs-content":"","ast-featured-img":"disabled","footer-sml-layout":"","ast-disable-related-posts":"","theme-transparent-header-meta":"","adv-header-id-meta":"","stick-header-meta":"","header-above-stick-meta":"","header-main-stick-meta":"","header-below-stick-meta":"","astra-migrate-meta-layouts":"default","ast-page-background-enabled":"default","ast-page-background-meta":{"desktop":{"background-color":"","background-image":"","background-repeat":"repeat","background-position":"center center","background-size":"auto","background-attachment":"scroll","background-type":"","background-media":"","overlay-type":"","overlay-color":"","overlay-opacity":"","overlay-gradient":""},"tablet":{"background-color":"","background-image":"","background-repeat":"repeat","background-position":"center center","background-size":"auto","background-attachment":"scroll","background-type":"","background-media":"","overlay-type":"","overlay-color":"","overlay-opacity":"","overlay-gradient":""},"mobile":{"background-color":"","background-image":"","background-repeat":"repeat","background-position":"center center","background-size":"auto","background-attachment":"scroll","background-type":"","background-media":"","overlay-type":"","overlay-color":"","overlay-opacity":"","overlay-gradient":""}},"ast-content-background-meta":{"desktop":{"background-color":"var(--ast-global-color-5)","background-image":"","background-repeat":"repeat","background-position":"center center","background-size":"auto","background-attachment":"scroll","background-type":"","background-media":"","overlay-type":"","overlay-color":"","overlay-opacity":"","overlay-gradient":""},"tablet":{"background-color":"var(--ast-global-color-5)","background-image":"","background-repeat":"repeat","background-position":"center center","background-size":"auto","background-attachment":"scroll","background-type":"","background-media":"","overlay-type":"","overlay-color":"","overlay-opacity":"","overlay-gradient":""},"mobile":{"background-color":"var(--ast-global-color-5)","background-image":"","background-repeat":"repeat","background-position":"center center","background-size":"auto","background-attachment":"scroll","background-type":"","background-media":"","overlay-type":"","overlay-color":"","overlay-opacity":"","overlay-gradient":""}},"footnotes":""},"class_list":["post-1114","page","type-page","status-publish","hentry"],"_links":{"self":[{"href":"https:\/\/kylat.ekarjala.fi\/uimi\/wp-json\/wp\/v2\/pages\/1114","targetHints":{"allow":["GET"]}}],"collection":[{"href":"https:\/\/kylat.ekarjala.fi\/uimi\/wp-json\/wp\/v2\/pages"}],"about":[{"href":"https:\/\/kylat.ekarjala.fi\/uimi\/wp-json\/wp\/v2\/types\/page"}],"author":[{"embeddable":true,"href":"https:\/\/kylat.ekarjala.fi\/uimi\/wp-json\/wp\/v2\/users\/143"}],"replies":[{"embeddable":true,"href":"https:\/\/kylat.ekarjala.fi\/uimi\/wp-json\/wp\/v2\/comments?post=1114"}],"version-history":[{"count":20,"href":"https:\/\/kylat.ekarjala.fi\/uimi\/wp-json\/wp\/v2\/pages\/1114\/revisions"}],"predecessor-version":[{"id":1139,"href":"https:\/\/kylat.ekarjala.fi\/uimi\/wp-json\/wp\/v2\/pages\/1114\/revisions\/1139"}],"wp:attachment":[{"href":"https:\/\/kylat.ekarjala.fi\/uimi\/wp-json\/wp\/v2\/media?parent=1114"}],"curies":[{"name":"wp","href":"https:\/\/api.w.org\/{rel}","templated":true}]}}