{"id":1072,"date":"2013-12-28T08:54:16","date_gmt":"2013-12-28T09:24:16","guid":{"rendered":"https:\/\/kylat.ekarjala.fi\/vainikkala\/?page_id=1072"},"modified":"2013-12-28T08:54:16","modified_gmt":"2013-12-28T09:24:16","slug":"taksi","status":"publish","type":"page","link":"https:\/\/kylat.ekarjala.fi\/vainikkala\/palvelut\/taksi\/","title":{"rendered":"Taksi"},"content":{"rendered":"<p><strong>Taksi Saimaan tilausnumero on\u00a00200 60\u00a0400.<\/strong><\/p>\n<p>Numeron eteen ei tarvita erillist\u00e4 suuntanumeroa. Mik\u00e4li puheluun ei heti vastata odota linjalla kunnes vuorosi tulee, olet t\u00e4ll\u00f6in vaihteen jonossa ja vuorosi tulee pian. Mik\u00e4li suljet puhelimen ja soitat hetken kuluttua uudelleen, joudut viimeiseksi puhelinvaihteen jonossa.<\/p>\n<p>Puhelun hinta joulukuussa 2013 1,08 \u20ac\/puhelu + 1,00 \u20ac\/min.<\/p>\n<p><a href=\"http:\/\/www.taksisaimaa.fi\" target=\"_blank\">Linkki Taksi Saimaan nettisivuille<\/a><\/p>\n","protected":false},"excerpt":{"rendered":"<p>Taksi Saimaan tilausnumero on\u00a00200 60\u00a0400. Numeron eteen ei tarvita erillist\u00e4 suuntanumeroa. Mik\u00e4li puheluun ei heti vastata odota linjalla kunnes vuorosi tulee, olet t\u00e4ll\u00f6in vaihteen jonossa ja vuorosi tulee pian. Mik\u00e4li suljet puhelimen ja soitat hetken kuluttua uudelleen, joudut viimeiseksi puhelinvaihteen &hellip; <a href=\"https:\/\/kylat.ekarjala.fi\/vainikkala\/palvelut\/taksi\/\">Lue loppuun <span class=\"meta-nav\">&rarr;<\/span><\/a><\/p>\n","protected":false},"author":80,"featured_media":0,"parent":1048,"menu_order":0,"comment_status":"open","ping_status":"closed","template":"","meta":{"footnotes":""},"class_list":["post-1072","page","type-page","status-publish","hentry"],"_links":{"self":[{"href":"https:\/\/kylat.ekarjala.fi\/vainikkala\/wp-json\/wp\/v2\/pages\/1072","targetHints":{"allow":["GET"]}}],"collection":[{"href":"https:\/\/kylat.ekarjala.fi\/vainikkala\/wp-json\/wp\/v2\/pages"}],"about":[{"href":"https:\/\/kylat.ekarjala.fi\/vainikkala\/wp-json\/wp\/v2\/types\/page"}],"author":[{"embeddable":true,"href":"https:\/\/kylat.ekarjala.fi\/vainikkala\/wp-json\/wp\/v2\/users\/80"}],"replies":[{"embeddable":true,"href":"https:\/\/kylat.ekarjala.fi\/vainikkala\/wp-json\/wp\/v2\/comments?post=1072"}],"version-history":[{"count":1,"href":"https:\/\/kylat.ekarjala.fi\/vainikkala\/wp-json\/wp\/v2\/pages\/1072\/revisions"}],"predecessor-version":[{"id":1073,"href":"https:\/\/kylat.ekarjala.fi\/vainikkala\/wp-json\/wp\/v2\/pages\/1072\/revisions\/1073"}],"up":[{"embeddable":true,"href":"https:\/\/kylat.ekarjala.fi\/vainikkala\/wp-json\/wp\/v2\/pages\/1048"}],"wp:attachment":[{"href":"https:\/\/kylat.ekarjala.fi\/vainikkala\/wp-json\/wp\/v2\/media?parent=1072"}],"curies":[{"name":"wp","href":"https:\/\/api.w.org\/{rel}","templated":true}]}}