{"id":1137,"date":"2014-01-07T17:46:48","date_gmt":"2014-01-07T18:16:48","guid":{"rendered":"https:\/\/kylat.ekarjala.fi\/vainikkala\/?page_id=1137"},"modified":"2014-01-30T18:41:48","modified_gmt":"2014-01-30T19:11:48","slug":"kirjastoauto","status":"publish","type":"page","link":"https:\/\/kylat.ekarjala.fi\/vainikkala\/palvelut\/kirjastoauto\/","title":{"rendered":"Kirjastoauto"},"content":{"rendered":"<p><a href=\"https:\/\/kylat.ekarjala.fi\/vainikkala\/wp-content\/uploads\/sites\/36\/2014\/01\/Willitys.jpg\"><img loading=\"lazy\" decoding=\"async\" class=\"alignnone size-full wp-image-1140\" alt=\"\" src=\"https:\/\/kylat.ekarjala.fi\/vainikkala\/wp-content\/uploads\/sites\/36\/2014\/01\/Willitys.jpg\" width=\"200\" height=\"150\" \/><\/a><\/p>\n<p>Kyl\u00e4mme yksi peruspilareista, Vainikkalan kirjasto, lakkautettiin vuonna 2013 kyl\u00e4l\u00e4isten vetoomuksesta huolimatta.\u00a0 Lakkautuksen j\u00e4lkeen kirjastoauto Willitys on korvannut kirjaston palvelut vuoden 2013 alusta l\u00e4htien.<\/p>\n<p>Kirjastoauto vierailee Vainikkalassa seuraavasti:<\/p>\n<p><strong><strong>Joka keskiviikko<br \/>\n<\/strong><\/strong> <em>Rikkil\u00e4ntie 38, seurakuntatalo<\/em><br \/>\nkello 17.00-17.30<strong><strong><br \/>\n<\/strong><\/strong><\/p>\n<p><em>Ojala, Rikkil\u00e4ntien\u00a0ja Rintel\u00e4nkujan risteys<\/em><br \/>\nkello 17.40-18.00<\/p>\n<p><strong>Lis\u00e4ksi parittoman viikon torstaisin<br \/>\n<\/strong><em> Rikkil\u00e4ntie 38, seurakuntatalo <\/em><em><\/em><br \/>\n<em>kello 8.50-9.20<\/em><\/p>\n<p><strong>Faktatietoa Willityksest\u00e4:<\/strong><br \/>\n&#8211; Kirjastoauto Willitykseen sopii kerrallaan noin 5 000 nidett\u00e4.<br \/>\n&#8211; Auton kokoelmaa vaihdetaan ja t\u00e4ydennet\u00e4\u00e4n p\u00e4ivitt\u00e4in.<br \/>\n&#8211; Kirjastoauton v\u00e4lityksell\u00e4 voi tilata kirjoja, joita auton kokoelmissa ei ole, p\u00e4\u00e4- tai sivukirjastojen kokoelmista. Varauksen voi tehd\u00e4 joko autossa, kirjastoissa tai soittamalla auto-osaston puhelimiin.<br \/>\n&#8211; Kirjastoautoon voi palauttaa my\u00f6s muista toimintapisteist\u00e4 lainattuja kirjoja.<\/p>\n<p>Seurakuntatalon ulkosein\u00e4ss\u00e4 olevaan kirjaston palautuslaatikkoon voi edelleen palauttaa kirjoja.<\/p>\n","protected":false},"excerpt":{"rendered":"<p>Kyl\u00e4mme yksi peruspilareista, Vainikkalan kirjasto, lakkautettiin vuonna 2013 kyl\u00e4l\u00e4isten vetoomuksesta huolimatta.\u00a0 Lakkautuksen j\u00e4lkeen kirjastoauto Willitys on korvannut kirjaston palvelut vuoden 2013 alusta l\u00e4htien. Kirjastoauto vierailee Vainikkalassa seuraavasti: Joka keskiviikko Rikkil\u00e4ntie 38, seurakuntatalo kello 17.00-17.30 Ojala, Rikkil\u00e4ntien\u00a0ja Rintel\u00e4nkujan risteys kello 17.40-18.00 &hellip; <a href=\"https:\/\/kylat.ekarjala.fi\/vainikkala\/palvelut\/kirjastoauto\/\">Lue loppuun <span class=\"meta-nav\">&rarr;<\/span><\/a><\/p>\n","protected":false},"author":80,"featured_media":0,"parent":1048,"menu_order":0,"comment_status":"open","ping_status":"closed","template":"","meta":{"footnotes":""},"class_list":["post-1137","page","type-page","status-publish","hentry"],"_links":{"self":[{"href":"https:\/\/kylat.ekarjala.fi\/vainikkala\/wp-json\/wp\/v2\/pages\/1137","targetHints":{"allow":["GET"]}}],"collection":[{"href":"https:\/\/kylat.ekarjala.fi\/vainikkala\/wp-json\/wp\/v2\/pages"}],"about":[{"href":"https:\/\/kylat.ekarjala.fi\/vainikkala\/wp-json\/wp\/v2\/types\/page"}],"author":[{"embeddable":true,"href":"https:\/\/kylat.ekarjala.fi\/vainikkala\/wp-json\/wp\/v2\/users\/80"}],"replies":[{"embeddable":true,"href":"https:\/\/kylat.ekarjala.fi\/vainikkala\/wp-json\/wp\/v2\/comments?post=1137"}],"version-history":[{"count":4,"href":"https:\/\/kylat.ekarjala.fi\/vainikkala\/wp-json\/wp\/v2\/pages\/1137\/revisions"}],"predecessor-version":[{"id":1162,"href":"https:\/\/kylat.ekarjala.fi\/vainikkala\/wp-json\/wp\/v2\/pages\/1137\/revisions\/1162"}],"up":[{"embeddable":true,"href":"https:\/\/kylat.ekarjala.fi\/vainikkala\/wp-json\/wp\/v2\/pages\/1048"}],"wp:attachment":[{"href":"https:\/\/kylat.ekarjala.fi\/vainikkala\/wp-json\/wp\/v2\/media?parent=1137"}],"curies":[{"name":"wp","href":"https:\/\/api.w.org\/{rel}","templated":true}]}}