{"id":127,"date":"2012-01-18T11:42:28","date_gmt":"2012-01-18T12:12:28","guid":{"rendered":"https:\/\/kylat.ekarjala.fi\/vainikkala\/?page_id=127"},"modified":"2013-02-27T17:37:58","modified_gmt":"2013-02-27T18:07:58","slug":"vpk","status":"publish","type":"page","link":"https:\/\/kylat.ekarjala.fi\/vainikkala\/harrastukset\/vpk\/","title":{"rendered":"VPK"},"content":{"rendered":"<p style=\"text-align: left\">Tietoa Vainikkalan VPK:n toiminnasta saat<br \/>\nalla olevan linkin kautta.<\/p>\n<p style=\"text-align: left\"><strong>Nuoriso-osasto<\/strong><br \/>\nKaikki palokuntatoiminnasta kiinnostuneet v\u00e4hint\u00e4\u00e4n 7-vuotiaat tyt\u00f6t ja pojat ovat tervetulleita!!!\u00a0 Harrastus on maksuton ja palokunta tarjoaa harjoitusasun saappaita lukuun ottamatta. Tervetuloa j\u00e4nnitt\u00e4v\u00e4n harrastuksen pariin!!!<\/p>\n<p style=\"text-align: left\"><a title=\"Vainikkalan VPK:n kotisivut\" href=\"http:\/\/www.vainikkalanvpk.auttaa.fi\/\" target=\"_blank\">http:\/\/www.vainikkalanvpk.auttaa.fi\/<\/a><\/p>\n","protected":false},"excerpt":{"rendered":"<p>Tietoa Vainikkalan VPK:n toiminnasta saat alla olevan linkin kautta. Nuoriso-osasto Kaikki palokuntatoiminnasta kiinnostuneet v\u00e4hint\u00e4\u00e4n 7-vuotiaat tyt\u00f6t ja pojat ovat tervetulleita!!!\u00a0 Harrastus on maksuton ja palokunta tarjoaa harjoitusasun saappaita lukuun ottamatta. Tervetuloa j\u00e4nnitt\u00e4v\u00e4n harrastuksen pariin!!! http:\/\/www.vainikkalanvpk.auttaa.fi\/<\/p>\n","protected":false},"author":96,"featured_media":0,"parent":41,"menu_order":0,"comment_status":"open","ping_status":"open","template":"","meta":{"footnotes":""},"class_list":["post-127","page","type-page","status-publish","hentry"],"_links":{"self":[{"href":"https:\/\/kylat.ekarjala.fi\/vainikkala\/wp-json\/wp\/v2\/pages\/127","targetHints":{"allow":["GET"]}}],"collection":[{"href":"https:\/\/kylat.ekarjala.fi\/vainikkala\/wp-json\/wp\/v2\/pages"}],"about":[{"href":"https:\/\/kylat.ekarjala.fi\/vainikkala\/wp-json\/wp\/v2\/types\/page"}],"author":[{"embeddable":true,"href":"https:\/\/kylat.ekarjala.fi\/vainikkala\/wp-json\/wp\/v2\/users\/96"}],"replies":[{"embeddable":true,"href":"https:\/\/kylat.ekarjala.fi\/vainikkala\/wp-json\/wp\/v2\/comments?post=127"}],"version-history":[{"count":6,"href":"https:\/\/kylat.ekarjala.fi\/vainikkala\/wp-json\/wp\/v2\/pages\/127\/revisions"}],"predecessor-version":[{"id":463,"href":"https:\/\/kylat.ekarjala.fi\/vainikkala\/wp-json\/wp\/v2\/pages\/127\/revisions\/463"}],"up":[{"embeddable":true,"href":"https:\/\/kylat.ekarjala.fi\/vainikkala\/wp-json\/wp\/v2\/pages\/41"}],"wp:attachment":[{"href":"https:\/\/kylat.ekarjala.fi\/vainikkala\/wp-json\/wp\/v2\/media?parent=127"}],"curies":[{"name":"wp","href":"https:\/\/api.w.org\/{rel}","templated":true}]}}