{"id":1278,"date":"2014-06-19T08:35:25","date_gmt":"2014-06-19T09:05:25","guid":{"rendered":"https:\/\/kylat.ekarjala.fi\/vainikkala\/?page_id=1278"},"modified":"2014-06-19T08:35:25","modified_gmt":"2014-06-19T09:05:25","slug":"vainikkala-paiva","status":"publish","type":"page","link":"https:\/\/kylat.ekarjala.fi\/vainikkala\/tapahtumakalenteri\/vainikkala-paiva\/","title":{"rendered":"Vainikkala-p\u00e4iv\u00e4"},"content":{"rendered":"<p><strong>Vainikkala-p\u00e4iv\u00e4 2014 esittelee hurjan valikoiman toimintaa<\/strong><\/p>\n<div id=\"attachment_1280\" style=\"width: 310px\" class=\"wp-caption alignnone\"><a href=\"https:\/\/kylat.ekarjala.fi\/vainikkala\/wp-content\/uploads\/sites\/36\/2014\/06\/lammas.jpg\"><img loading=\"lazy\" decoding=\"async\" aria-describedby=\"caption-attachment-1280\" class=\"size-medium wp-image-1280\" alt=\"\" src=\"https:\/\/kylat.ekarjala.fi\/vainikkala\/wp-content\/uploads\/sites\/36\/2014\/06\/lammas-300x200.jpg\" width=\"300\" height=\"200\" srcset=\"https:\/\/kylat.ekarjala.fi\/vainikkala\/wp-content\/uploads\/sites\/36\/2014\/06\/lammas-300x200.jpg 300w, https:\/\/kylat.ekarjala.fi\/vainikkala\/wp-content\/uploads\/sites\/36\/2014\/06\/lammas-1024x682.jpg 1024w\" sizes=\"auto, (max-width: 300px) 100vw, 300px\" \/><\/a><p id=\"caption-attachment-1280\" class=\"wp-caption-text\">Rapattilan kotiel\u00e4inpihan M\u00e4\u00e4M\u00e4\u00e4 lammas<\/p><\/div>\n<p><strong>Lauantaina 28.6.2014 kello 9.45 alkaen<\/strong><\/p>\n<p>Kauan odotettu ja paljon kyselty Vainikkala-p\u00e4iv\u00e4 tekee paluun uljaampana kuin koskaan. Vuosina 2004 ja 2005 ensimm\u00e4isi\u00e4 kertoja j\u00e4rjestetty toimintap\u00e4iv\u00e4 j\u00e4rjestet\u00e4\u00e4n t\u00e4n\u00e4 vuonna kes\u00e4kuun 28. p\u00e4iv\u00e4. Kuten aikataulusta saatte lukea, mukana on komea joukko erilaatuista toimintaa, pit\u00e4isi l\u00f6yty\u00e4 jokaiselle jotakin. Kuten aiemminkin, my\u00f6s uusi p\u00e4iv\u00e4 aloitetaan lipunnostolla ja aamuhartaudella. Tapahtumapaikkoina ovat koulun ymp\u00e4rist\u00f6, urheilukeskus ja kes\u00e4teatteri, kaikki siis kivenheiton p\u00e4\u00e4ss\u00e4 toisistaan. Kiinnostavan p\u00e4iv\u00e4n ovat aikaansaaneet kaikki vainikkalalaiset yhdistykset yhdess\u00e4 tuumin.<\/p>\n<p>Tehd\u00e4\u00e4n p\u00e4iv\u00e4st\u00e4 ikimuistoinen ja perinteik\u00e4s toiminnallinen p\u00e4iv\u00e4, joten oikein l\u00e4mpim\u00e4sti tervetuloa koko perheen ja suvun voimin!<\/p>\n<p><strong>Ohjelma<\/strong><\/p>\n<p><em>Aika Tapahtuma Paikka<\/em><\/p>\n<p>9:45 Lipunnosto, Koulu \/ Srk-talo<\/p>\n<p>10:00 Seurakunnan aamuhartaus, Kes\u00e4teatteri,\u00a0Kirkkoherra Lehtola, kanttori Ruskeep\u00e4\u00e4<\/p>\n<p>12:00 Rajavartiolaitoksen koiran\u00e4yt\u00f6s, Lentopallokentt\u00e4<\/p>\n<p>12:30 Kivim\u00e4en kierros, \u00a0Koulun pihalta l\u00e4ht\u00f6<\/p>\n<p>14:00 Musiikkiteatteriesitys Lauluja El\u00e4m\u00e4st\u00e4 &#8211; Lempe\u00e4 Melodraama, kes\u00e4teatteri<\/p>\n<p><strong>\u00a0Koko p\u00e4iv\u00e4n (10-14) paikalla on my\u00f6s:<\/strong><\/p>\n<p>* Rapattilan kotiel\u00e4inpihan el\u00e4imet, Niitty<\/p>\n<p>* Vanhat ajoneuvot Vilkj\u00e4rven Vinssi, p\u00e4reenmyynti\u00e4, Kaukalo<\/p>\n<p>* VPK kalustoesittely, sankoruiskutusta, Vanha lentopallokentt\u00e4<\/p>\n<p>* Etel\u00e4-Saimaan Ampujat &#8211;\u00a0Laserammuntaa, Koulun Sali<\/p>\n<p>* Tuotemyynti\u00e4 mm. Osuuskunta Otsina, k\u00e4sity\u00f6myynti\u00e4, Marttojen tuotteita, Myyntialue<\/p>\n<p>* Valokuvan\u00e4yttely Vainikkalasta, Koulu<\/p>\n<p>* Alpo Hiiren asen\u00e4yttely, Kaukalo\/vaihtoautio<\/p>\n<p>* SPR:n pirist\u00e4j\u00e4t, Kaukalo<\/p>\n<p>* Partiolaisten er\u00e4taitorastit &#8211;\u00a0Vuorenveikot, Hiihtomaan laavu<\/p>\n<p>* My\u00f6t\u00e4virtaan ry:n reittiesittely\u00e4, Hiihtomaan laavu<\/p>\n<p>* VV&amp;SS hanke-esittely\u00e4, Koulu<\/p>\n<p>* Puffettimyynti\u00e4<\/p>\n<p>* P\u00e4iv\u00e4n aikana haitarimusiikkia koulun ymp\u00e4rist\u00f6ss\u00e4<\/p>\n","protected":false},"excerpt":{"rendered":"<p>Vainikkala-p\u00e4iv\u00e4 2014 esittelee hurjan valikoiman toimintaa Lauantaina 28.6.2014 kello 9.45 alkaen Kauan odotettu ja paljon kyselty Vainikkala-p\u00e4iv\u00e4 tekee paluun uljaampana kuin koskaan. Vuosina 2004 ja 2005 ensimm\u00e4isi\u00e4 kertoja j\u00e4rjestetty toimintap\u00e4iv\u00e4 j\u00e4rjestet\u00e4\u00e4n t\u00e4n\u00e4 vuonna kes\u00e4kuun 28. p\u00e4iv\u00e4. Kuten aikataulusta saatte lukea, &hellip; <a href=\"https:\/\/kylat.ekarjala.fi\/vainikkala\/tapahtumakalenteri\/vainikkala-paiva\/\">Lue loppuun <span class=\"meta-nav\">&rarr;<\/span><\/a><\/p>\n","protected":false},"author":80,"featured_media":0,"parent":18,"menu_order":0,"comment_status":"open","ping_status":"closed","template":"","meta":{"footnotes":""},"class_list":["post-1278","page","type-page","status-publish","hentry"],"_links":{"self":[{"href":"https:\/\/kylat.ekarjala.fi\/vainikkala\/wp-json\/wp\/v2\/pages\/1278","targetHints":{"allow":["GET"]}}],"collection":[{"href":"https:\/\/kylat.ekarjala.fi\/vainikkala\/wp-json\/wp\/v2\/pages"}],"about":[{"href":"https:\/\/kylat.ekarjala.fi\/vainikkala\/wp-json\/wp\/v2\/types\/page"}],"author":[{"embeddable":true,"href":"https:\/\/kylat.ekarjala.fi\/vainikkala\/wp-json\/wp\/v2\/users\/80"}],"replies":[{"embeddable":true,"href":"https:\/\/kylat.ekarjala.fi\/vainikkala\/wp-json\/wp\/v2\/comments?post=1278"}],"version-history":[{"count":3,"href":"https:\/\/kylat.ekarjala.fi\/vainikkala\/wp-json\/wp\/v2\/pages\/1278\/revisions"}],"predecessor-version":[{"id":1282,"href":"https:\/\/kylat.ekarjala.fi\/vainikkala\/wp-json\/wp\/v2\/pages\/1278\/revisions\/1282"}],"up":[{"embeddable":true,"href":"https:\/\/kylat.ekarjala.fi\/vainikkala\/wp-json\/wp\/v2\/pages\/18"}],"wp:attachment":[{"href":"https:\/\/kylat.ekarjala.fi\/vainikkala\/wp-json\/wp\/v2\/media?parent=1278"}],"curies":[{"name":"wp","href":"https:\/\/api.w.org\/{rel}","templated":true}]}}