{"id":166,"date":"2012-01-18T12:14:55","date_gmt":"2012-01-18T12:44:55","guid":{"rendered":"https:\/\/kylat.ekarjala.fi\/vainikkala\/?page_id=166"},"modified":"2014-11-11T18:05:40","modified_gmt":"2014-11-11T18:35:40","slug":"myotavirtaan-ry","status":"publish","type":"page","link":"https:\/\/kylat.ekarjala.fi\/vainikkala\/yhdistykset\/myotavirtaan-ry\/","title":{"rendered":"My\u00f6t\u00e4virtaan ry"},"content":{"rendered":"<p><strong>Kyl\u00e4t yhdistiv\u00e4t voimavaransa<br \/>\n<\/strong><\/p>\n<p><strong><a href=\"https:\/\/kylat.ekarjala.fi\/vainikkala\/wp-content\/uploads\/sites\/36\/2012\/01\/mv.jpg\"><img loading=\"lazy\" decoding=\"async\" class=\"alignnone size-medium wp-image-1083\" alt=\"\" src=\"https:\/\/kylat.ekarjala.fi\/vainikkala\/wp-content\/uploads\/sites\/36\/2012\/01\/mv-300x217.jpg\" width=\"300\" height=\"217\" srcset=\"https:\/\/kylat.ekarjala.fi\/vainikkala\/wp-content\/uploads\/sites\/36\/2012\/01\/mv-300x217.jpg 300w, https:\/\/kylat.ekarjala.fi\/vainikkala\/wp-content\/uploads\/sites\/36\/2012\/01\/mv.jpg 358w\" sizes=\"auto, (max-width: 300px) 100vw, 300px\" \/><\/a><\/strong><\/p>\n<p><strong>MY\u00d6T\u00c4VIRTAAN RY:n PERUSTAMISESTA P\u00c4\u00c4TETTIIN 2000<br \/>\n<\/strong><\/p>\n<p>Vainikkalan seurakuntasalilla tehtiin historiaa 27. syyskuuta 2000. Koolle kutsuttu kokous teki yksimielisen p\u00e4\u00e4t\u00f6ksen perustaa ja rekister\u00f6id\u00e4 yhdistyksen jonka toiminta suuntautuu Lappeenrannan etel\u00e4isten kylien asukkaiden hyv\u00e4ksi.<\/p>\n<p>Yhdistyksen nimeksi kokous p\u00e4\u00e4tti ehdottaa Patentti- ja rekisterihallituksen yhdistysrekisterille Jukka Laineen esitt\u00e4m\u00e4\u00e4 nime\u00e4, My\u00f6t\u00e4virtaan ry. Nimen sopivuudesta kokous oli yksimielinen. Nime\u00e4 pidettiin yhdistyksen arvomaailmaan hyvin sopivana sek\u00e4 yleisesti positiivisena ja innostavana.<\/p>\n<p>My\u00f6t\u00e4virtaan ry toimii Simolan, l\u00e4hikylien sek\u00e4 Vainikkalan kyl\u00e4toimikuntien alueilla.Toimintamme tarkoituksena on j\u00e4rjest\u00e4\u00e4 kaikille\u00a0suunnattua virkist\u00e4v\u00e4\u00e4 toimintaa, yll\u00e4pit\u00e4\u00e4 retkeilymahdollisuuksia, vaalia kyl\u00e4henke\u00e4 sek\u00e4 alueen historiaa sek\u00e4 toimia yhteisty\u00f6ss\u00e4 muiden\u00a0alueella vaikuttavien tahojen kanssa yhteiseksi hyv\u00e4ksi.<\/p>\n<p><strong style=\"font-size: 16px\">J\u00c4SENEKSI<\/strong><\/p>\n<p><strong><\/strong>Yhdistykseen j\u00e4seneksi voi liitty\u00e4 jokainen, joka hyv\u00e4ksyy yhdistyksen tarkoituksen ja s\u00e4\u00e4nn\u00f6t. J\u00e4senmaksu vuodelle 2014 on 12 euroa. Maksaneita j\u00e4seni\u00e4 oli viime vuonna (2013) 120 henkil\u00f6\u00e4.<\/p>\n<p>Yhdistyksen j\u00e4senill\u00e4 on<strong> ilmainen k\u00e4ytt\u00f6oikeus yhdistyksen kanootteihin<\/strong> retkeilyreitin varrella. Lis\u00e4tietoa <a title=\"Retkeilyreitti\" href=\"https:\/\/kylat.ekarjala.fi\/vainikkala\/yhdistykset\/myotavirtaan-ry\/retkeilyreitti\/\">retkeilyreitist\u00e4 t\u00e4\u00e4ll\u00e4.<\/a> J\u00e4senet saavat my\u00f6s tiedotteita yhdistyksen toiminnasta ja tapahtumista vuosittaisilla j\u00e4sentiedotteilla.<\/p>\n<p><em>My\u00f6t\u00e4virtaan kiitt\u00e4\u00e4 tuestanne ja kutsuu teid\u00e4t mukaan<\/em><br \/>\n<em>iloiseen toimintaamme!<\/em><\/p>\n<p><strong>Yhdistyksen uudistetut nettisivut l\u00f6ytyv\u00e4t osoitteesta <a href=\"http:\/\/www.myotavirtaan.fi\" target=\"_blank\">www.myotavirtaan.fi.<\/a><\/strong><br \/>\nAjankohtaiset tiedotukset l\u00f6yd\u00e4tte parhaiten\u00a0My\u00f6t\u00e4virtaan <a href=\"https:\/\/www.facebook.com\/pages\/My\u00f6t\u00e4virtaan-yhdistys\/331746716871092\" target=\"_blank\">Facebook<\/a>-sivuilta<\/p>\n<p><span style=\"font-size: 16px\">My\u00f6t\u00e4virtaan Ry:n tavoitat my\u00f6s s\u00e4hk\u00f6postitse:\u00a0<\/span>myotavirtaan(at)gmail.com<\/p>\n<p><strong style=\"font-size: 16px\">Avoin pyynt\u00f6 avuliaille ihmisille!<\/strong><\/p>\n<p>TOIVOMME lis\u00e4\u00e4 henkil\u00f6it\u00e4 osallistumaan yhdistyksemme j\u00e4rjest\u00e4m\u00e4\u00e4n talkootoimintaan Vainikkalassa!<br \/>\nRakennettujen palvelujen tulevaisuus on jotenkin saatava turvattua!<\/p>\n<p><em>Erityisesti kaipaamme apua seuraaviin teht\u00e4viin:<\/em><br \/>\n&#8211; Sale-puiston hoitoty\u00f6t (nurmikko, istutukset, polku, ym)<br \/>\n&#8211; Srk-talon pihan nurmikon hoito (nurmikon leikkuu srk-yhtym\u00e4n leikkurilla)<br \/>\n&#8211; Kes\u00e4teatterin katsomon nurmikon hoito (yhdistyksen trimmerill\u00e4)<br \/>\n&#8211; Retkeilyreitin yll\u00e4pitoty\u00f6t (polun ja sen rakennelmien sek\u00e4 laavujen\u00a0yll\u00e4pito)<\/p>\n<p>Omistamme nurmikon hoidon perusty\u00f6kalut joihin kuuluu my\u00f6s ruohonleikkuri ja polttomoottorik\u00e4ytt\u00f6inen trimmeri. Yhdistys vastaa em. laitteiden polttoainehankinnoista.<\/p>\n<p>Lis\u00e4tietoja teht\u00e4vist\u00e4 voit kysy\u00e4 seuraavilta henkil\u00f6ilt\u00e4:<span style=\"text-decoration: underline\"><br \/>\n<\/span>RIFCI + retkeilyreitti: Sauli Vainikka, <a href=\"mailto:etunimi.sukunimi@pp.inet.fi\">etunimi.sukunimi@pp.inet.fi<\/a>\u00a0040 8095630<\/p>\n<p>Nurmikonhoito: Auli Kotonen, 040 7006102<\/p>\n<p>My\u00f6t\u00e4virtaan ry<\/p>\n<p>&nbsp;<\/p>\n","protected":false},"excerpt":{"rendered":"<p>Kyl\u00e4t yhdistiv\u00e4t voimavaransa MY\u00d6T\u00c4VIRTAAN RY:n PERUSTAMISESTA P\u00c4\u00c4TETTIIN 2000 Vainikkalan seurakuntasalilla tehtiin historiaa 27. syyskuuta 2000. Koolle kutsuttu kokous teki yksimielisen p\u00e4\u00e4t\u00f6ksen perustaa ja rekister\u00f6id\u00e4 yhdistyksen jonka toiminta suuntautuu Lappeenrannan etel\u00e4isten kylien asukkaiden hyv\u00e4ksi. Yhdistyksen nimeksi kokous p\u00e4\u00e4tti ehdottaa Patentti- ja &hellip; <a href=\"https:\/\/kylat.ekarjala.fi\/vainikkala\/yhdistykset\/myotavirtaan-ry\/\">Lue loppuun <span class=\"meta-nav\">&rarr;<\/span><\/a><\/p>\n","protected":false},"author":96,"featured_media":0,"parent":146,"menu_order":0,"comment_status":"open","ping_status":"open","template":"","meta":{"footnotes":""},"class_list":["post-166","page","type-page","status-publish","hentry"],"_links":{"self":[{"href":"https:\/\/kylat.ekarjala.fi\/vainikkala\/wp-json\/wp\/v2\/pages\/166","targetHints":{"allow":["GET"]}}],"collection":[{"href":"https:\/\/kylat.ekarjala.fi\/vainikkala\/wp-json\/wp\/v2\/pages"}],"about":[{"href":"https:\/\/kylat.ekarjala.fi\/vainikkala\/wp-json\/wp\/v2\/types\/page"}],"author":[{"embeddable":true,"href":"https:\/\/kylat.ekarjala.fi\/vainikkala\/wp-json\/wp\/v2\/users\/96"}],"replies":[{"embeddable":true,"href":"https:\/\/kylat.ekarjala.fi\/vainikkala\/wp-json\/wp\/v2\/comments?post=166"}],"version-history":[{"count":9,"href":"https:\/\/kylat.ekarjala.fi\/vainikkala\/wp-json\/wp\/v2\/pages\/166\/revisions"}],"predecessor-version":[{"id":1084,"href":"https:\/\/kylat.ekarjala.fi\/vainikkala\/wp-json\/wp\/v2\/pages\/166\/revisions\/1084"}],"up":[{"embeddable":true,"href":"https:\/\/kylat.ekarjala.fi\/vainikkala\/wp-json\/wp\/v2\/pages\/146"}],"wp:attachment":[{"href":"https:\/\/kylat.ekarjala.fi\/vainikkala\/wp-json\/wp\/v2\/media?parent=166"}],"curies":[{"name":"wp","href":"https:\/\/api.w.org\/{rel}","templated":true}]}}