{"id":44,"date":"2012-01-18T10:27:14","date_gmt":"2012-01-18T10:57:14","guid":{"rendered":"https:\/\/kylat.ekarjala.fi\/vainikkala\/?page_id=44"},"modified":"2014-02-27T09:28:32","modified_gmt":"2014-02-27T09:58:32","slug":"diakonia","status":"publish","type":"page","link":"https:\/\/kylat.ekarjala.fi\/vainikkala\/harrastukset\/diakonia\/","title":{"rendered":"Seurakuntatalo"},"content":{"rendered":"<p><!--[if gte mso 9]&gt;--><\/p>\n<p><!--[if gte mso 9]&gt;--><\/p>\n<p>Lappeen seurakunta j\u00e4rjest\u00e4\u00e4 tapahtumia seurakuntasalilla.<\/p>\n<div id=\"attachment_1208\" style=\"width: 310px\" class=\"wp-caption alignnone\"><a href=\"https:\/\/kylat.ekarjala.fi\/vainikkala\/wp-content\/uploads\/sites\/36\/2012\/01\/IMG_3183.jpg\"><img loading=\"lazy\" decoding=\"async\" aria-describedby=\"caption-attachment-1208\" class=\"size-medium wp-image-1208\" alt=\"Seurakuntatalolla toimii VPK, Lappeen seurakunta, Lelulainaamo, punttisali ja ryhm\u00e4perhep\u00e4iv\u00e4hoito\" src=\"https:\/\/kylat.ekarjala.fi\/vainikkala\/wp-content\/uploads\/sites\/36\/2012\/01\/IMG_3183-300x225.jpg\" width=\"300\" height=\"225\" srcset=\"https:\/\/kylat.ekarjala.fi\/vainikkala\/wp-content\/uploads\/sites\/36\/2012\/01\/IMG_3183-300x225.jpg 300w, https:\/\/kylat.ekarjala.fi\/vainikkala\/wp-content\/uploads\/sites\/36\/2012\/01\/IMG_3183-1024x768.jpg 1024w, https:\/\/kylat.ekarjala.fi\/vainikkala\/wp-content\/uploads\/sites\/36\/2012\/01\/IMG_3183.jpg 1600w\" sizes=\"auto, (max-width: 300px) 100vw, 300px\" \/><\/a><p id=\"caption-attachment-1208\" class=\"wp-caption-text\">Seurakuntatalolla toimii VPK, Lappeen seurakunta, Lelulainaamo, punttisali ja ryhm\u00e4perhep\u00e4iv\u00e4hoito<\/p><\/div>\n<p><strong>T\u00e4hk\u00e4kerho<\/strong> on kaikille avoin tuokio, jossa on tarjolla hartaus, p\u00e4iv\u00e4kahvit ja keskustelua eri aiheista.<\/p>\n<p>Kev\u00e4tkauden 2014 kokoontumiset\u00a0Vainikkalan seurakuntatalolla, Rikkil\u00e4ntie 38, tiistaisin 14.1.,28.1.,11.2.,25.2.11.3.,25.3.,8.4. ja 6.5. klo 13<\/p>\n<p>Seurakunta j\u00e4rjest\u00e4\u00e4 my\u00f6s viikoittain maanantaisin kello 9-11:30 <strong>lapsille avoimen perhekerhon<\/strong>, lis\u00e4tietoja <a title=\"Srk:n toiminta\" href=\"https:\/\/kylat.ekarjala.fi\/vainikkala\/harrastukset\/lapsille\/srkn-toiminta\/\">t\u00e4\u00e4lt\u00e4<\/a>.<\/p>\n","protected":false},"excerpt":{"rendered":"<p>Lappeen seurakunta j\u00e4rjest\u00e4\u00e4 tapahtumia seurakuntasalilla. T\u00e4hk\u00e4kerho on kaikille avoin tuokio, jossa on tarjolla hartaus, p\u00e4iv\u00e4kahvit ja keskustelua eri aiheista. Kev\u00e4tkauden 2014 kokoontumiset\u00a0Vainikkalan seurakuntatalolla, Rikkil\u00e4ntie 38, tiistaisin 14.1.,28.1.,11.2.,25.2.11.3.,25.3.,8.4. ja 6.5. klo 13 Seurakunta j\u00e4rjest\u00e4\u00e4 my\u00f6s viikoittain maanantaisin kello 9-11:30 lapsille avoimen &hellip; <a href=\"https:\/\/kylat.ekarjala.fi\/vainikkala\/harrastukset\/diakonia\/\">Lue loppuun <span class=\"meta-nav\">&rarr;<\/span><\/a><\/p>\n","protected":false},"author":96,"featured_media":0,"parent":41,"menu_order":0,"comment_status":"open","ping_status":"open","template":"","meta":{"footnotes":""},"class_list":["post-44","page","type-page","status-publish","hentry"],"_links":{"self":[{"href":"https:\/\/kylat.ekarjala.fi\/vainikkala\/wp-json\/wp\/v2\/pages\/44","targetHints":{"allow":["GET"]}}],"collection":[{"href":"https:\/\/kylat.ekarjala.fi\/vainikkala\/wp-json\/wp\/v2\/pages"}],"about":[{"href":"https:\/\/kylat.ekarjala.fi\/vainikkala\/wp-json\/wp\/v2\/types\/page"}],"author":[{"embeddable":true,"href":"https:\/\/kylat.ekarjala.fi\/vainikkala\/wp-json\/wp\/v2\/users\/96"}],"replies":[{"embeddable":true,"href":"https:\/\/kylat.ekarjala.fi\/vainikkala\/wp-json\/wp\/v2\/comments?post=44"}],"version-history":[{"count":17,"href":"https:\/\/kylat.ekarjala.fi\/vainikkala\/wp-json\/wp\/v2\/pages\/44\/revisions"}],"predecessor-version":[{"id":1213,"href":"https:\/\/kylat.ekarjala.fi\/vainikkala\/wp-json\/wp\/v2\/pages\/44\/revisions\/1213"}],"up":[{"embeddable":true,"href":"https:\/\/kylat.ekarjala.fi\/vainikkala\/wp-json\/wp\/v2\/pages\/41"}],"wp:attachment":[{"href":"https:\/\/kylat.ekarjala.fi\/vainikkala\/wp-json\/wp\/v2\/media?parent=44"}],"curies":[{"name":"wp","href":"https:\/\/api.w.org\/{rel}","templated":true}]}}