{"id":47,"date":"2012-01-18T10:31:59","date_gmt":"2012-01-18T11:01:59","guid":{"rendered":"https:\/\/kylat.ekarjala.fi\/vainikkala\/?page_id=47"},"modified":"2016-04-12T13:07:12","modified_gmt":"2016-04-12T13:37:12","slug":"kalastus","status":"publish","type":"page","link":"https:\/\/kylat.ekarjala.fi\/vainikkala\/harrastukset\/kalastus\/","title":{"rendered":"Kalastus"},"content":{"rendered":"<p style=\"text-align: left\">Vainikkalassa voit kalastaa j\u00e4rviss\u00e4, lammissa ja joissa. Osa vesialueista sijaitsee rajavy\u00f6hykkeell\u00e4 jossa liikkumiseen tarvitaan Rajavartiolaitoksen my\u00f6nt\u00e4m\u00e4 rajavy\u00f6hykelupa.<br \/>\nVainikkalan vesist\u00e4 saa etup\u00e4\u00e4ss\u00e4 haukea, ahventa, lahnaa, s\u00e4rke\u00e4, sorvaa, suutaria, kiiske\u00e4 ja salakkaa. Niemij\u00e4rveen on istutettu siikaa ja kuhaa. Kalavesien suurimmat saaliskalat on tilastoitu vesist\u00f6kohtaisesti.<\/p>\n<p style=\"text-align: left\"><strong>Pyyntivedet<\/strong><br \/>\n<em>Alajoki<\/em><br \/>\n<em> Kultalampi<\/em><br \/>\n<em> Mustalampi<\/em><br \/>\n<em> Niemij\u00e4rvi<\/em><br \/>\n<em> Ojalampi<\/em><br \/>\n<em> Ratalampi<\/em><br \/>\n<em> Savilampi<\/em><br \/>\n<em> Suutarinj\u00e4rvi<\/em><br \/>\n<em> Syrj\u00e4ntakaisenlampi<\/em><br \/>\n<em> Telkj\u00e4rvi<\/em><br \/>\n<em> Uitonp\u00e4\u00e4nlampi<\/em><br \/>\n<em> Ukonj\u00e4rvi<\/em><\/p>\n<p style=\"text-align: left\"><strong>Kalastuskilpailuja Vainikkalassa<\/strong><\/p>\n<p style=\"text-align: left\">Vainikkalassa j\u00e4rjestet\u00e4\u00e4n vuosittain 1-3 pilkkikilpailua ja kes\u00e4ongintakilpailua.<\/p>\n","protected":false},"excerpt":{"rendered":"<p>Vainikkalassa voit kalastaa j\u00e4rviss\u00e4, lammissa ja joissa. Osa vesialueista sijaitsee rajavy\u00f6hykkeell\u00e4 jossa liikkumiseen tarvitaan Rajavartiolaitoksen my\u00f6nt\u00e4m\u00e4 rajavy\u00f6hykelupa. Vainikkalan vesist\u00e4 saa etup\u00e4\u00e4ss\u00e4 haukea, ahventa, lahnaa, s\u00e4rke\u00e4, sorvaa, suutaria, kiiske\u00e4 ja salakkaa. Niemij\u00e4rveen on istutettu siikaa ja kuhaa. Kalavesien suurimmat saaliskalat on &hellip; <a href=\"https:\/\/kylat.ekarjala.fi\/vainikkala\/harrastukset\/kalastus\/\">Lue loppuun <span class=\"meta-nav\">&rarr;<\/span><\/a><\/p>\n","protected":false},"author":96,"featured_media":0,"parent":41,"menu_order":0,"comment_status":"open","ping_status":"open","template":"","meta":{"footnotes":""},"class_list":["post-47","page","type-page","status-publish","hentry"],"_links":{"self":[{"href":"https:\/\/kylat.ekarjala.fi\/vainikkala\/wp-json\/wp\/v2\/pages\/47","targetHints":{"allow":["GET"]}}],"collection":[{"href":"https:\/\/kylat.ekarjala.fi\/vainikkala\/wp-json\/wp\/v2\/pages"}],"about":[{"href":"https:\/\/kylat.ekarjala.fi\/vainikkala\/wp-json\/wp\/v2\/types\/page"}],"author":[{"embeddable":true,"href":"https:\/\/kylat.ekarjala.fi\/vainikkala\/wp-json\/wp\/v2\/users\/96"}],"replies":[{"embeddable":true,"href":"https:\/\/kylat.ekarjala.fi\/vainikkala\/wp-json\/wp\/v2\/comments?post=47"}],"version-history":[{"count":9,"href":"https:\/\/kylat.ekarjala.fi\/vainikkala\/wp-json\/wp\/v2\/pages\/47\/revisions"}],"predecessor-version":[{"id":1803,"href":"https:\/\/kylat.ekarjala.fi\/vainikkala\/wp-json\/wp\/v2\/pages\/47\/revisions\/1803"}],"up":[{"embeddable":true,"href":"https:\/\/kylat.ekarjala.fi\/vainikkala\/wp-json\/wp\/v2\/pages\/41"}],"wp:attachment":[{"href":"https:\/\/kylat.ekarjala.fi\/vainikkala\/wp-json\/wp\/v2\/media?parent=47"}],"curies":[{"name":"wp","href":"https:\/\/api.w.org\/{rel}","templated":true}]}}