{"id":50,"date":"2012-01-18T10:35:40","date_gmt":"2012-01-18T11:05:40","guid":{"rendered":"https:\/\/kylat.ekarjala.fi\/vainikkala\/?page_id=50"},"modified":"2014-01-07T17:15:09","modified_gmt":"2014-01-07T17:45:09","slug":"liikunta","status":"publish","type":"page","link":"https:\/\/kylat.ekarjala.fi\/vainikkala\/harrastukset\/liikunta\/","title":{"rendered":"Liikunta"},"content":{"rendered":"<p>Vainikkalan koulun salin\u00a0sis\u00e4liikuntavuorot py\u00f6riv\u00e4t syksyisin, talvisin ja kev\u00e4isin arki-iltoina niin lapsille, nuorille kuin aikuisillekin.<\/p>\n","protected":false},"excerpt":{"rendered":"<p>Vainikkalan koulun salin\u00a0sis\u00e4liikuntavuorot py\u00f6riv\u00e4t syksyisin, talvisin ja kev\u00e4isin arki-iltoina niin lapsille, nuorille kuin aikuisillekin.<\/p>\n","protected":false},"author":96,"featured_media":0,"parent":41,"menu_order":0,"comment_status":"open","ping_status":"open","template":"","meta":{"footnotes":""},"class_list":["post-50","page","type-page","status-publish","hentry"],"_links":{"self":[{"href":"https:\/\/kylat.ekarjala.fi\/vainikkala\/wp-json\/wp\/v2\/pages\/50","targetHints":{"allow":["GET"]}}],"collection":[{"href":"https:\/\/kylat.ekarjala.fi\/vainikkala\/wp-json\/wp\/v2\/pages"}],"about":[{"href":"https:\/\/kylat.ekarjala.fi\/vainikkala\/wp-json\/wp\/v2\/types\/page"}],"author":[{"embeddable":true,"href":"https:\/\/kylat.ekarjala.fi\/vainikkala\/wp-json\/wp\/v2\/users\/96"}],"replies":[{"embeddable":true,"href":"https:\/\/kylat.ekarjala.fi\/vainikkala\/wp-json\/wp\/v2\/comments?post=50"}],"version-history":[{"count":6,"href":"https:\/\/kylat.ekarjala.fi\/vainikkala\/wp-json\/wp\/v2\/pages\/50\/revisions"}],"predecessor-version":[{"id":1129,"href":"https:\/\/kylat.ekarjala.fi\/vainikkala\/wp-json\/wp\/v2\/pages\/50\/revisions\/1129"}],"up":[{"embeddable":true,"href":"https:\/\/kylat.ekarjala.fi\/vainikkala\/wp-json\/wp\/v2\/pages\/41"}],"wp:attachment":[{"href":"https:\/\/kylat.ekarjala.fi\/vainikkala\/wp-json\/wp\/v2\/media?parent=50"}],"curies":[{"name":"wp","href":"https:\/\/api.w.org\/{rel}","templated":true}]}}