{"id":55,"date":"2012-01-18T10:41:54","date_gmt":"2012-01-18T11:11:54","guid":{"rendered":"https:\/\/kylat.ekarjala.fi\/vainikkala\/?page_id=55"},"modified":"2013-12-25T18:47:00","modified_gmt":"2013-12-25T19:17:00","slug":"teatteri","status":"publish","type":"page","link":"https:\/\/kylat.ekarjala.fi\/vainikkala\/harrastukset\/teatteri\/","title":{"rendered":"Teatteri"},"content":{"rendered":"<div id=\"attachment_707\" style=\"width: 310px\" class=\"wp-caption alignnone\"><a href=\"https:\/\/kylat.ekarjala.fi\/vainikkala\/wp-content\/uploads\/sites\/36\/2012\/01\/teatteri.jpg\"><img loading=\"lazy\" decoding=\"async\" aria-describedby=\"caption-attachment-707\" class=\"size-medium wp-image-707\" alt=\"T\u00e4h\u00e4n menness\u00e4 suurin kes\u00e4teatterilla j\u00e4rjestetty tapahtuma on ollut Vainikkalan koulun 100 vuotisjuhla elokuussa 2006\" src=\"https:\/\/kylat.ekarjala.fi\/vainikkala\/wp-content\/uploads\/sites\/36\/2012\/01\/teatteri-300x225.jpg\" width=\"300\" height=\"225\" srcset=\"https:\/\/kylat.ekarjala.fi\/vainikkala\/wp-content\/uploads\/sites\/36\/2012\/01\/teatteri-300x225.jpg 300w, https:\/\/kylat.ekarjala.fi\/vainikkala\/wp-content\/uploads\/sites\/36\/2012\/01\/teatteri.jpg 800w\" sizes=\"auto, (max-width: 300px) 100vw, 300px\" \/><\/a><p id=\"caption-attachment-707\" class=\"wp-caption-text\">T\u00e4h\u00e4n menness\u00e4 suurin kes\u00e4teatterilla j\u00e4rjestetty tapahtuma on ollut Vainikkalan koulun 100 vuotisjuhla elokuussa 2006<\/p><\/div>\n<p>Vainikkalaan valmistui vuonna 2006 upea kes\u00e4teatteri Vaella Vainikkalaan &#8211; Viihdy ja J\u00e4\u00e4 -hankkeen voimin. Teatterille on asennettu kiinte\u00e4t s\u00e4hk\u00f6liit\u00e4nn\u00e4t joita voidaan tarvittaessa laajentaa erilaisten esitysten tarpeisiin. Syksyll\u00e4 2007 asennetut ulkovalaisimet valaisevat mukavasti katsomon reunoja ja n\u00e4ytt\u00e4m\u00f6rakennuksen etusein\u00e4\u00e4. Teatterin edess\u00e4 on kiinte\u00e4t haapatukeista valmistetut penkit noin 80 hengelle. Katsomoalue voidaan tarvittaessa kattaa. Teatterin yhteydess\u00e4 on my\u00f6s kahvio\/varastorakennus.<\/p>\n<p>Vuosittain teatterilla pidet\u00e4\u00e4n mm. R\u00e4min\u00e4\u00e4 ja Pauketta -vestivaali ja seurakunnan j\u00e4rjest\u00e4m\u00e4 kansanlaulukirkko. Joka kes\u00e4 pyrit\u00e4\u00e4n j\u00e4rjest\u00e4m\u00e4\u00e4n toimintaa kuten esimerkiksi lasten musiikkitapahtumia ja konsertteja tai n\u00e4ytelmi\u00e4.<\/p>\n<p>Teatteri on mahdollisuuksien paikka. Keksitk\u00f6 sin\u00e4 sinne uutta, ihmisi\u00e4 kokoavaa toimintaa? Teatteria, musiikkia, kuorolaulua, tanssia, akrobatiaa, lausuntaa, komiikkaa, jne&#8230;.<\/p>\n<p>Teatterille ovat tervetulleita esiintyj\u00e4t sek\u00e4 yleis\u00f6 yli kyl\u00e4-, kunta- ja valtiorajojen. Kes\u00e4teatteri, kuten hankkeen muutkin kohteet, on tehty k\u00e4ytt\u00f6\u00e4 varten.<\/p>\n<p><strong>Teatterin rakennushistoriaa kuvina:<\/strong><\/p>\n<div id=\"attachment_709\" style=\"width: 310px\" class=\"wp-caption alignnone\"><a href=\"https:\/\/kylat.ekarjala.fi\/vainikkala\/wp-content\/uploads\/sites\/36\/2012\/01\/teatteri1.jpg\"><img loading=\"lazy\" decoding=\"async\" aria-describedby=\"caption-attachment-709\" class=\"size-medium wp-image-709\" alt=\"Teatterin rakentaminen aloitettiin kev\u00e4\u00e4ll\u00e4 2005\" src=\"https:\/\/kylat.ekarjala.fi\/vainikkala\/wp-content\/uploads\/sites\/36\/2012\/01\/teatteri1-300x224.jpg\" width=\"300\" height=\"224\" srcset=\"https:\/\/kylat.ekarjala.fi\/vainikkala\/wp-content\/uploads\/sites\/36\/2012\/01\/teatteri1-300x224.jpg 300w, https:\/\/kylat.ekarjala.fi\/vainikkala\/wp-content\/uploads\/sites\/36\/2012\/01\/teatteri1.jpg 448w\" sizes=\"auto, (max-width: 300px) 100vw, 300px\" \/><\/a><p id=\"caption-attachment-709\" class=\"wp-caption-text\">Teatterin rakentaminen aloitettiin kev\u00e4\u00e4ll\u00e4 2005<\/p><\/div>\n<div id=\"attachment_710\" style=\"width: 310px\" class=\"wp-caption alignnone\"><a href=\"https:\/\/kylat.ekarjala.fi\/vainikkala\/wp-content\/uploads\/sites\/36\/2012\/01\/teatteri2.jpg\"><img loading=\"lazy\" decoding=\"async\" aria-describedby=\"caption-attachment-710\" class=\"size-medium wp-image-710\" alt=\"N\u00e4ytt\u00e4m\u00f6rakennuksen hirsikehikko ostettiin mittatilauksena Martti Artellilta\" src=\"https:\/\/kylat.ekarjala.fi\/vainikkala\/wp-content\/uploads\/sites\/36\/2012\/01\/teatteri2-300x224.jpg\" width=\"300\" height=\"224\" srcset=\"https:\/\/kylat.ekarjala.fi\/vainikkala\/wp-content\/uploads\/sites\/36\/2012\/01\/teatteri2-300x224.jpg 300w, https:\/\/kylat.ekarjala.fi\/vainikkala\/wp-content\/uploads\/sites\/36\/2012\/01\/teatteri2.jpg 448w\" sizes=\"auto, (max-width: 300px) 100vw, 300px\" \/><\/a><p id=\"caption-attachment-710\" class=\"wp-caption-text\">N\u00e4ytt\u00e4m\u00f6rakennuksen hirsikehikko ostettiin mittatilauksena Martti Artellilta<\/p><\/div>\n<div id=\"attachment_711\" style=\"width: 310px\" class=\"wp-caption alignnone\"><a href=\"https:\/\/kylat.ekarjala.fi\/vainikkala\/wp-content\/uploads\/sites\/36\/2012\/01\/teatteri3.jpg\"><img loading=\"lazy\" decoding=\"async\" aria-describedby=\"caption-attachment-711\" class=\"size-medium wp-image-711\" alt=\"Maisema muuttuu...\" src=\"https:\/\/kylat.ekarjala.fi\/vainikkala\/wp-content\/uploads\/sites\/36\/2012\/01\/teatteri3-300x224.jpg\" width=\"300\" height=\"224\" srcset=\"https:\/\/kylat.ekarjala.fi\/vainikkala\/wp-content\/uploads\/sites\/36\/2012\/01\/teatteri3-300x224.jpg 300w, https:\/\/kylat.ekarjala.fi\/vainikkala\/wp-content\/uploads\/sites\/36\/2012\/01\/teatteri3.jpg 448w\" sizes=\"auto, (max-width: 300px) 100vw, 300px\" \/><\/a><p id=\"caption-attachment-711\" class=\"wp-caption-text\">Maisema muuttuu&#8230;<\/p><\/div>\n<div id=\"attachment_712\" style=\"width: 310px\" class=\"wp-caption alignnone\"><a href=\"https:\/\/kylat.ekarjala.fi\/vainikkala\/wp-content\/uploads\/sites\/36\/2012\/01\/teatteri4.jpg\"><img loading=\"lazy\" decoding=\"async\" aria-describedby=\"caption-attachment-712\" class=\"size-medium wp-image-712\" alt=\"N\u00e4ytt\u00e4m\u00f6n etureuna oli rakennusteknisesti haasteellinen. Kantavuutta oli saatava my\u00f6s talven lumikuormaa varten\" src=\"https:\/\/kylat.ekarjala.fi\/vainikkala\/wp-content\/uploads\/sites\/36\/2012\/01\/teatteri4-300x224.jpg\" width=\"300\" height=\"224\" srcset=\"https:\/\/kylat.ekarjala.fi\/vainikkala\/wp-content\/uploads\/sites\/36\/2012\/01\/teatteri4-300x224.jpg 300w, https:\/\/kylat.ekarjala.fi\/vainikkala\/wp-content\/uploads\/sites\/36\/2012\/01\/teatteri4.jpg 448w\" sizes=\"auto, (max-width: 300px) 100vw, 300px\" \/><\/a><p id=\"caption-attachment-712\" class=\"wp-caption-text\">N\u00e4ytt\u00e4m\u00f6n etureuna oli rakennusteknisesti haasteellinen. Kantavuutta oli saatava my\u00f6s talven lumikuormaa varten<\/p><\/div>\n<div id=\"attachment_713\" style=\"width: 310px\" class=\"wp-caption alignnone\"><a href=\"https:\/\/kylat.ekarjala.fi\/vainikkala\/wp-content\/uploads\/sites\/36\/2012\/01\/teatteri5.jpg\"><img loading=\"lazy\" decoding=\"async\" aria-describedby=\"caption-attachment-713\" class=\"size-medium wp-image-713\" alt=\"N\u00e4ytt\u00e4m\u00f6lle rakennettiin pulpettikatto jonka katemateriaaliksi hankittiin mustaa huopaa rullatavarana\" src=\"https:\/\/kylat.ekarjala.fi\/vainikkala\/wp-content\/uploads\/sites\/36\/2012\/01\/teatteri5-300x224.jpg\" width=\"300\" height=\"224\" srcset=\"https:\/\/kylat.ekarjala.fi\/vainikkala\/wp-content\/uploads\/sites\/36\/2012\/01\/teatteri5-300x224.jpg 300w, https:\/\/kylat.ekarjala.fi\/vainikkala\/wp-content\/uploads\/sites\/36\/2012\/01\/teatteri5.jpg 448w\" sizes=\"auto, (max-width: 300px) 100vw, 300px\" \/><\/a><p id=\"caption-attachment-713\" class=\"wp-caption-text\">N\u00e4ytt\u00e4m\u00f6lle rakennettiin pulpettikatto jonka katemateriaaliksi hankittiin mustaa huopaa rullatavarana<\/p><\/div>\n<div id=\"attachment_714\" style=\"width: 310px\" class=\"wp-caption alignnone\"><a href=\"https:\/\/kylat.ekarjala.fi\/vainikkala\/wp-content\/uploads\/sites\/36\/2012\/01\/teatteri6.jpg\"><img loading=\"lazy\" decoding=\"async\" aria-describedby=\"caption-attachment-714\" class=\"size-medium wp-image-714\" alt=\"N\u00e4ytt\u00e4m\u00f6n etureunaan rakennettiin portaat kestopuusta\" src=\"https:\/\/kylat.ekarjala.fi\/vainikkala\/wp-content\/uploads\/sites\/36\/2012\/01\/teatteri6-300x224.jpg\" width=\"300\" height=\"224\" srcset=\"https:\/\/kylat.ekarjala.fi\/vainikkala\/wp-content\/uploads\/sites\/36\/2012\/01\/teatteri6-300x224.jpg 300w, https:\/\/kylat.ekarjala.fi\/vainikkala\/wp-content\/uploads\/sites\/36\/2012\/01\/teatteri6.jpg 448w\" sizes=\"auto, (max-width: 300px) 100vw, 300px\" \/><\/a><p id=\"caption-attachment-714\" class=\"wp-caption-text\">N\u00e4ytt\u00e4m\u00f6n etureunaan rakennettiin portaat kestopuusta<\/p><\/div>\n<div id=\"attachment_715\" style=\"width: 310px\" class=\"wp-caption alignnone\"><a href=\"https:\/\/kylat.ekarjala.fi\/vainikkala\/wp-content\/uploads\/sites\/36\/2012\/01\/teatteri7.jpg\"><img loading=\"lazy\" decoding=\"async\" aria-describedby=\"caption-attachment-715\" class=\"size-medium wp-image-715\" alt=\"Katsomon kiinte\u00e4t penkit rakennettiin j\u00e4reist\u00e4 haapatukeista halkaisemalla\" src=\"https:\/\/kylat.ekarjala.fi\/vainikkala\/wp-content\/uploads\/sites\/36\/2012\/01\/teatteri7-300x224.jpg\" width=\"300\" height=\"224\" srcset=\"https:\/\/kylat.ekarjala.fi\/vainikkala\/wp-content\/uploads\/sites\/36\/2012\/01\/teatteri7-300x224.jpg 300w, https:\/\/kylat.ekarjala.fi\/vainikkala\/wp-content\/uploads\/sites\/36\/2012\/01\/teatteri7.jpg 448w\" sizes=\"auto, (max-width: 300px) 100vw, 300px\" \/><\/a><p id=\"caption-attachment-715\" class=\"wp-caption-text\">Katsomon kiinte\u00e4t penkit rakennettiin j\u00e4reist\u00e4 haapatukeista halkaisemalla<\/p><\/div>\n<div id=\"attachment_716\" style=\"width: 310px\" class=\"wp-caption alignnone\"><a href=\"https:\/\/kylat.ekarjala.fi\/vainikkala\/wp-content\/uploads\/sites\/36\/2012\/01\/teatteri8.jpg\"><img loading=\"lazy\" decoding=\"async\" aria-describedby=\"caption-attachment-716\" class=\"size-medium wp-image-716\" alt=\"S\u00e4hk\u00f6sy\u00f6tt\u00f6 toteutettiin auraamalla l\u00e4hes 100 m kaapelia kiekkokaukalon kautta s\u00e4hk\u00f6keskukselta teatterille\" src=\"https:\/\/kylat.ekarjala.fi\/vainikkala\/wp-content\/uploads\/sites\/36\/2012\/01\/teatteri8-300x224.jpg\" width=\"300\" height=\"224\" srcset=\"https:\/\/kylat.ekarjala.fi\/vainikkala\/wp-content\/uploads\/sites\/36\/2012\/01\/teatteri8-300x224.jpg 300w, https:\/\/kylat.ekarjala.fi\/vainikkala\/wp-content\/uploads\/sites\/36\/2012\/01\/teatteri8.jpg 448w\" sizes=\"auto, (max-width: 300px) 100vw, 300px\" \/><\/a><p id=\"caption-attachment-716\" class=\"wp-caption-text\">S\u00e4hk\u00f6sy\u00f6tt\u00f6 toteutettiin auraamalla l\u00e4hes 100 m kaapelia kiekkokaukalon kautta s\u00e4hk\u00f6keskukselta teatterille<\/p><\/div>\n<div id=\"attachment_717\" style=\"width: 310px\" class=\"wp-caption alignnone\"><a href=\"https:\/\/kylat.ekarjala.fi\/vainikkala\/wp-content\/uploads\/sites\/36\/2012\/01\/teatteri9.jpg\"><img loading=\"lazy\" decoding=\"async\" aria-describedby=\"caption-attachment-717\" class=\"size-medium wp-image-717\" alt=\"Valot syttyiv\u00e4t n\u00e4ytt\u00e4m\u00f6rakennuksen sis\u00e4ll\u00e4 19.11.2006\" src=\"https:\/\/kylat.ekarjala.fi\/vainikkala\/wp-content\/uploads\/sites\/36\/2012\/01\/teatteri9-300x224.jpg\" width=\"300\" height=\"224\" srcset=\"https:\/\/kylat.ekarjala.fi\/vainikkala\/wp-content\/uploads\/sites\/36\/2012\/01\/teatteri9-300x224.jpg 300w, https:\/\/kylat.ekarjala.fi\/vainikkala\/wp-content\/uploads\/sites\/36\/2012\/01\/teatteri9.jpg 448w\" sizes=\"auto, (max-width: 300px) 100vw, 300px\" \/><\/a><p id=\"caption-attachment-717\" class=\"wp-caption-text\">Valot syttyiv\u00e4t n\u00e4ytt\u00e4m\u00f6rakennuksen sis\u00e4ll\u00e4 19.11.2006<\/p><\/div>\n<div id=\"attachment_718\" style=\"width: 310px\" class=\"wp-caption alignnone\"><a href=\"https:\/\/kylat.ekarjala.fi\/vainikkala\/wp-content\/uploads\/sites\/36\/2012\/01\/teatteri10.jpg\"><img loading=\"lazy\" decoding=\"async\" aria-describedby=\"caption-attachment-718\" class=\"size-medium wp-image-718 \" alt=\"...ja ulkona elokuussa 2007. Samalla asennettiin n\u00e4ytt\u00e4m\u00f6n katon pienet halogeenivalaisimet\" src=\"https:\/\/kylat.ekarjala.fi\/vainikkala\/wp-content\/uploads\/sites\/36\/2012\/01\/teatteri10-300x224.jpg\" width=\"300\" height=\"224\" srcset=\"https:\/\/kylat.ekarjala.fi\/vainikkala\/wp-content\/uploads\/sites\/36\/2012\/01\/teatteri10-300x224.jpg 300w, https:\/\/kylat.ekarjala.fi\/vainikkala\/wp-content\/uploads\/sites\/36\/2012\/01\/teatteri10.jpg 448w\" sizes=\"auto, (max-width: 300px) 100vw, 300px\" \/><\/a><p id=\"caption-attachment-718\" class=\"wp-caption-text\">&#8230;ja ulkona elokuussa 2007. Samalla asennettiin n\u00e4ytt\u00e4m\u00f6n katon pienet halogeenivalaisimet<\/p><\/div>\n<div id=\"attachment_719\" style=\"width: 310px\" class=\"wp-caption alignnone\"><a href=\"https:\/\/kylat.ekarjala.fi\/vainikkala\/wp-content\/uploads\/sites\/36\/2012\/01\/teatteri11.jpg\"><img loading=\"lazy\" decoding=\"async\" aria-describedby=\"caption-attachment-719\" class=\"size-medium wp-image-719\" alt=\"Katsomon molemmilla sivuilla on kahdella lampulla varustetut pylv\u00e4svalaisimet\" src=\"https:\/\/kylat.ekarjala.fi\/vainikkala\/wp-content\/uploads\/sites\/36\/2012\/01\/teatteri11-300x224.jpg\" width=\"300\" height=\"224\" srcset=\"https:\/\/kylat.ekarjala.fi\/vainikkala\/wp-content\/uploads\/sites\/36\/2012\/01\/teatteri11-300x224.jpg 300w, https:\/\/kylat.ekarjala.fi\/vainikkala\/wp-content\/uploads\/sites\/36\/2012\/01\/teatteri11.jpg 448w\" sizes=\"auto, (max-width: 300px) 100vw, 300px\" \/><\/a><p id=\"caption-attachment-719\" class=\"wp-caption-text\">Katsomon molemmilla sivuilla on kahdella lampulla varustetut pylv\u00e4svalaisimet<\/p><\/div>\n<div id=\"attachment_720\" style=\"width: 310px\" class=\"wp-caption alignnone\"><a href=\"https:\/\/kylat.ekarjala.fi\/vainikkala\/wp-content\/uploads\/sites\/36\/2012\/01\/teatteri12.jpg\"><img loading=\"lazy\" decoding=\"async\" aria-describedby=\"caption-attachment-720\" class=\"size-medium wp-image-720\" alt=\"Syksyll\u00e4 2007 p\u00e4\u00e4tettiin rakentaa varasto katsomon siirrett\u00e4ville penkeille. Penkkej\u00e4 oli siihen asti s\u00e4ilytetty n\u00e4ytt\u00e4m\u00f6n sis\u00e4ll\u00e4\" src=\"https:\/\/kylat.ekarjala.fi\/vainikkala\/wp-content\/uploads\/sites\/36\/2012\/01\/teatteri12-300x224.jpg\" width=\"300\" height=\"224\" srcset=\"https:\/\/kylat.ekarjala.fi\/vainikkala\/wp-content\/uploads\/sites\/36\/2012\/01\/teatteri12-300x224.jpg 300w, https:\/\/kylat.ekarjala.fi\/vainikkala\/wp-content\/uploads\/sites\/36\/2012\/01\/teatteri12.jpg 448w\" sizes=\"auto, (max-width: 300px) 100vw, 300px\" \/><\/a><p id=\"caption-attachment-720\" class=\"wp-caption-text\">Syksyll\u00e4 2007 p\u00e4\u00e4tettiin rakentaa varasto katsomon siirrett\u00e4ville penkeille. Penkkej\u00e4 oli siihen asti s\u00e4ilytetty n\u00e4ytt\u00e4m\u00f6n sis\u00e4ll\u00e4<\/p><\/div>\n<div id=\"attachment_721\" style=\"width: 310px\" class=\"wp-caption alignnone\"><a href=\"https:\/\/kylat.ekarjala.fi\/vainikkala\/wp-content\/uploads\/sites\/36\/2012\/01\/teatteri13.jpg\"><img loading=\"lazy\" decoding=\"async\" aria-describedby=\"caption-attachment-721\" class=\"size-medium wp-image-721\" alt=\"Varaston rakentaminen aloitettiin vuoden 2007 lopussa. Sit\u00e4 ennen oli haettu muutosta hankesuunnitelmaan\" src=\"https:\/\/kylat.ekarjala.fi\/vainikkala\/wp-content\/uploads\/sites\/36\/2012\/01\/teatteri13-300x224.jpg\" width=\"300\" height=\"224\" srcset=\"https:\/\/kylat.ekarjala.fi\/vainikkala\/wp-content\/uploads\/sites\/36\/2012\/01\/teatteri13-300x224.jpg 300w, https:\/\/kylat.ekarjala.fi\/vainikkala\/wp-content\/uploads\/sites\/36\/2012\/01\/teatteri13.jpg 448w\" sizes=\"auto, (max-width: 300px) 100vw, 300px\" \/><\/a><p id=\"caption-attachment-721\" class=\"wp-caption-text\">Varaston rakentaminen aloitettiin vuoden 2007 lopussa. Sit\u00e4 ennen oli haettu muutosta hankesuunnitelmaan<\/p><\/div>\n<div id=\"attachment_722\" style=\"width: 310px\" class=\"wp-caption alignnone\"><a href=\"https:\/\/kylat.ekarjala.fi\/vainikkala\/wp-content\/uploads\/sites\/36\/2012\/01\/teatteri14.jpg\"><img loading=\"lazy\" decoding=\"async\" aria-describedby=\"caption-attachment-722\" class=\"size-medium wp-image-722\" alt=\"Varaston runko valmistui toukokuussa 2008\" src=\"https:\/\/kylat.ekarjala.fi\/vainikkala\/wp-content\/uploads\/sites\/36\/2012\/01\/teatteri14-300x224.jpg\" width=\"300\" height=\"224\" srcset=\"https:\/\/kylat.ekarjala.fi\/vainikkala\/wp-content\/uploads\/sites\/36\/2012\/01\/teatteri14-300x224.jpg 300w, https:\/\/kylat.ekarjala.fi\/vainikkala\/wp-content\/uploads\/sites\/36\/2012\/01\/teatteri14.jpg 448w\" sizes=\"auto, (max-width: 300px) 100vw, 300px\" \/><\/a><p id=\"caption-attachment-722\" class=\"wp-caption-text\">Varaston runko valmistui toukokuussa 2008<\/p><\/div>\n<div id=\"attachment_723\" style=\"width: 310px\" class=\"wp-caption alignnone\"><a href=\"https:\/\/kylat.ekarjala.fi\/vainikkala\/wp-content\/uploads\/sites\/36\/2012\/01\/teatteri15.jpg\"><img loading=\"lazy\" decoding=\"async\" aria-describedby=\"caption-attachment-723\" class=\"size-medium wp-image-723\" alt=\"Seuraavaksi asennettiin kattopellit\" src=\"https:\/\/kylat.ekarjala.fi\/vainikkala\/wp-content\/uploads\/sites\/36\/2012\/01\/teatteri15-300x224.jpg\" width=\"300\" height=\"224\" srcset=\"https:\/\/kylat.ekarjala.fi\/vainikkala\/wp-content\/uploads\/sites\/36\/2012\/01\/teatteri15-300x224.jpg 300w, https:\/\/kylat.ekarjala.fi\/vainikkala\/wp-content\/uploads\/sites\/36\/2012\/01\/teatteri15.jpg 448w\" sizes=\"auto, (max-width: 300px) 100vw, 300px\" \/><\/a><p id=\"caption-attachment-723\" class=\"wp-caption-text\">Seuraavaksi asennettiin kattopellit<\/p><\/div>\n<div id=\"attachment_724\" style=\"width: 310px\" class=\"wp-caption alignnone\"><a href=\"https:\/\/kylat.ekarjala.fi\/vainikkala\/wp-content\/uploads\/sites\/36\/2012\/01\/teatteri16.jpg\"><img loading=\"lazy\" decoding=\"async\" aria-describedby=\"caption-attachment-724\" class=\"size-medium wp-image-724\" alt=\"Katto on valmis\" src=\"https:\/\/kylat.ekarjala.fi\/vainikkala\/wp-content\/uploads\/sites\/36\/2012\/01\/teatteri16-300x224.jpg\" width=\"300\" height=\"224\" srcset=\"https:\/\/kylat.ekarjala.fi\/vainikkala\/wp-content\/uploads\/sites\/36\/2012\/01\/teatteri16-300x224.jpg 300w, https:\/\/kylat.ekarjala.fi\/vainikkala\/wp-content\/uploads\/sites\/36\/2012\/01\/teatteri16.jpg 448w\" sizes=\"auto, (max-width: 300px) 100vw, 300px\" \/><\/a><p id=\"caption-attachment-724\" class=\"wp-caption-text\">Katto on valmis<\/p><\/div>\n<div id=\"attachment_725\" style=\"width: 310px\" class=\"wp-caption alignnone\"><a href=\"https:\/\/kylat.ekarjala.fi\/vainikkala\/wp-content\/uploads\/sites\/36\/2012\/01\/teatteri17.jpg\"><img loading=\"lazy\" decoding=\"async\" aria-describedby=\"caption-attachment-725\" class=\"size-medium wp-image-725\" alt=\"Valmis penkkivarasto syyskuun lopussa vuonna 2008. Nykyisin rakennus toimii kahviona.\" src=\"https:\/\/kylat.ekarjala.fi\/vainikkala\/wp-content\/uploads\/sites\/36\/2012\/01\/teatteri17-300x224.jpg\" width=\"300\" height=\"224\" srcset=\"https:\/\/kylat.ekarjala.fi\/vainikkala\/wp-content\/uploads\/sites\/36\/2012\/01\/teatteri17-300x224.jpg 300w, https:\/\/kylat.ekarjala.fi\/vainikkala\/wp-content\/uploads\/sites\/36\/2012\/01\/teatteri17.jpg 448w\" sizes=\"auto, (max-width: 300px) 100vw, 300px\" \/><\/a><p id=\"caption-attachment-725\" class=\"wp-caption-text\">Valmis penkkivarasto syyskuun lopussa vuonna 2008. Nykyisin rakennus toimii kahviona.<\/p><\/div>\n","protected":false},"excerpt":{"rendered":"<p>Vainikkalaan valmistui vuonna 2006 upea kes\u00e4teatteri Vaella Vainikkalaan &#8211; Viihdy ja J\u00e4\u00e4 -hankkeen voimin. Teatterille on asennettu kiinte\u00e4t s\u00e4hk\u00f6liit\u00e4nn\u00e4t joita voidaan tarvittaessa laajentaa erilaisten esitysten tarpeisiin. Syksyll\u00e4 2007 asennetut ulkovalaisimet valaisevat mukavasti katsomon reunoja ja n\u00e4ytt\u00e4m\u00f6rakennuksen etusein\u00e4\u00e4. Teatterin edess\u00e4 on &hellip; <a href=\"https:\/\/kylat.ekarjala.fi\/vainikkala\/harrastukset\/teatteri\/\">Lue loppuun <span class=\"meta-nav\">&rarr;<\/span><\/a><\/p>\n","protected":false},"author":96,"featured_media":0,"parent":41,"menu_order":0,"comment_status":"open","ping_status":"open","template":"","meta":{"footnotes":""},"class_list":["post-55","page","type-page","status-publish","hentry"],"_links":{"self":[{"href":"https:\/\/kylat.ekarjala.fi\/vainikkala\/wp-json\/wp\/v2\/pages\/55","targetHints":{"allow":["GET"]}}],"collection":[{"href":"https:\/\/kylat.ekarjala.fi\/vainikkala\/wp-json\/wp\/v2\/pages"}],"about":[{"href":"https:\/\/kylat.ekarjala.fi\/vainikkala\/wp-json\/wp\/v2\/types\/page"}],"author":[{"embeddable":true,"href":"https:\/\/kylat.ekarjala.fi\/vainikkala\/wp-json\/wp\/v2\/users\/96"}],"replies":[{"embeddable":true,"href":"https:\/\/kylat.ekarjala.fi\/vainikkala\/wp-json\/wp\/v2\/comments?post=55"}],"version-history":[{"count":4,"href":"https:\/\/kylat.ekarjala.fi\/vainikkala\/wp-json\/wp\/v2\/pages\/55\/revisions"}],"predecessor-version":[{"id":726,"href":"https:\/\/kylat.ekarjala.fi\/vainikkala\/wp-json\/wp\/v2\/pages\/55\/revisions\/726"}],"up":[{"embeddable":true,"href":"https:\/\/kylat.ekarjala.fi\/vainikkala\/wp-json\/wp\/v2\/pages\/41"}],"wp:attachment":[{"href":"https:\/\/kylat.ekarjala.fi\/vainikkala\/wp-json\/wp\/v2\/media?parent=55"}],"curies":[{"name":"wp","href":"https:\/\/api.w.org\/{rel}","templated":true}]}}