{"id":632,"date":"2013-12-17T12:20:57","date_gmt":"2013-12-17T12:50:57","guid":{"rendered":"https:\/\/kylat.ekarjala.fi\/vainikkala\/?page_id=632"},"modified":"2013-12-26T16:56:55","modified_gmt":"2013-12-26T17:26:55","slug":"hullut-kavelyt","status":"publish","type":"page","link":"https:\/\/kylat.ekarjala.fi\/vainikkala\/tapahtumakalenteri\/hullut-kavelyt\/","title":{"rendered":"Hullut K\u00e4velyt"},"content":{"rendered":"<div id=\"attachment_916\" style=\"width: 310px\" class=\"wp-caption alignnone\"><a href=\"https:\/\/kylat.ekarjala.fi\/vainikkala\/wp-content\/uploads\/sites\/36\/2013\/12\/hullut.jpg\"><img loading=\"lazy\" decoding=\"async\" aria-describedby=\"caption-attachment-916\" class=\"size-medium wp-image-916\" alt=\"&quot;T\u00e4yshullut 2006&quot; --- ensimm\u00e4iset askeleet\" src=\"https:\/\/kylat.ekarjala.fi\/vainikkala\/wp-content\/uploads\/sites\/36\/2013\/12\/hullut-300x225.jpg\" width=\"300\" height=\"225\" srcset=\"https:\/\/kylat.ekarjala.fi\/vainikkala\/wp-content\/uploads\/sites\/36\/2013\/12\/hullut-300x225.jpg 300w, https:\/\/kylat.ekarjala.fi\/vainikkala\/wp-content\/uploads\/sites\/36\/2013\/12\/hullut.jpg 800w\" sizes=\"auto, (max-width: 300px) 100vw, 300px\" \/><\/a><p id=\"caption-attachment-916\" class=\"wp-caption-text\">&#8221;T\u00e4yshullut 2006&#8221; &#8212; ensimm\u00e4iset askeleet<\/p><\/div>\n<p>Vainikkalan kyl\u00e4 j\u00e4rjest\u00e4\u00e4 vuosittain monenlaisia tapahtumia. Kenties erikoisin on vuosittain\u00a0toukokuussa toteutuva k\u00e4velytempaus <strong>Kyl\u00e4hullun k\u00e4vely<\/strong> ja sen kevyemm\u00e4t versiot, <strong>Puolihullun patikointi<\/strong> ja <strong>Varttihullun vaellus<\/strong>.<br \/>\nTapahtuma sai alkunsa nykyisell\u00e4 nimell\u00e4\u00e4n kev\u00e4\u00e4ll\u00e4 2001. Kyl\u00e4hullun k\u00e4velyss\u00e4 k\u00e4vell\u00e4\u00e4n Lappeenrannan keskustasta maantiet\u00e4 pitkin Vainikkalaan. Matkaa kertyy noin 30 kilometri\u00e4. Aikaa t\u00e4h\u00e4n kuluu askelluksen tehokkuudesta riippuen 3,5 \u2013 5,5 tuntia.<br \/>\nMy\u00f6s helpompia\u00a0matkavaihtoehtoja on. Puolihullun patikoinnissa k\u00e4vell\u00e4\u00e4n Kasukkalan koululta\u00a0Vainikkalaan, matkan ollessa noin 15 kilometri\u00e4. &#8221;Perhesarja&#8221; Varttihullun vaelluksen l\u00e4ht\u00f6paikka on Haapaj\u00e4rven koulu. K\u00e4velymatka on noin 9 kilometri\u00e4.<\/p>\n<p><strong>Hullun paperit saa\u00a0maalipaikalla k\u00e4teen<\/strong><\/p>\n<p>K\u00e4velyyn osallistuneet palkitaan suorituksen j\u00e4lkeen suuresti tavoitelluilla ja ainutlaatuisilla Hullun Papereilla. Paperit ovat voimassa seuraavaan Kyl\u00e4hullun k\u00e4velyyn asti. Paperit luovutetaan k\u00e4velyn maalipaikalla, Ravintola Ukko-Pekassa Vainikkalan asemalla. Vuonna 2013\u00a0j\u00e4rjest\u00e4j\u00e4t kirjoittivat Paperit 90:lle T\u00e4yshullulle. Puolihullun Paperit sai\u00a084 k\u00e4velij\u00e4\u00e4. Varttihulluja oli 27.<\/p>\n<p><strong>L\u00e4ht\u00f6paikka Lappeenrannassa\u00a0Auto-Eekoon piha\u00a0&#8211;\u00a0 Kasukkalassa ja Haapaj\u00e4rvell\u00e4 startataan kouluilta<\/strong><\/p>\n<p>T\u00e4yshullujen aloitetaan nykyisin Kaakkoiskaarelta Auto-Eekoon pihasta klo 14:00. Puolihullut l\u00e4htev\u00e4t liikkeelle Kasukkalan\u00a0koululta klo 14:30. Varttihullut starttaavat Haapaj\u00e4rven koululta tasan klo 15:00.<br \/>\nTapahtuman j\u00e4lkeen Lappeenrannan suuntaan p\u00e4\u00e4see k\u00e4tev\u00e4sti linjatakseilla Vainikkalan asemalta.\u00a0Taksit t\u00e4yttyv\u00e4t, joten omien paluukyytien j\u00e4rjest\u00e4minen on suositeltavaa.<\/p>\n<p><strong>Ei tarvitse ilmoittautua ennakkoon<\/strong><\/p>\n<p>Tapahtumaan ei oteta ennakkoilmoittautumisia. Riitt\u00e4\u00e4 kun saapuu l\u00e4ht\u00f6paikalle ajoissa. Mukaan aikovien tulee itse huolehtia huollostaan. Siis ainakin oma juomapullo on syyt\u00e4 ottaa marssille mukaan. Kostean s\u00e4\u00e4n sattuessa kuivista varasukista tiedet\u00e4\u00e4n kokemusten perusteella olevan hy\u00f6ty\u00e4.<\/p>\n<p><strong>Osallistuja-arvonta<\/strong><\/p>\n<p>Kaikkien\u00a0k\u00e4velyjen p\u00e4\u00e4tepiste on Ravintola Ukko-Pekka Vainikkalan asemalla. Urakkansa suorittaneiden\u00a0nimet kirjataan\u00a0ravintolan eteisess\u00e4\u00a0olevaan nimilistaan. Osallistuneiden kesken suoritetaan arvonta. Tapahtuman j\u00e4rjest\u00e4\u00e4 Lappeen Riennon Vainikkalan kyl\u00e4osasto.<\/p>\n<p>Lis\u00e4tietoja tapahtumasta saa\u00a0Teppo Suhoselta\u00a0puh.040 5594773, email <a href=\"mailto:etunimi.sukunimi@pp.inet.fi\">etunimi.sukunimi@pp.inet.fi<\/a><\/p>\n","protected":false},"excerpt":{"rendered":"<p>Vainikkalan kyl\u00e4 j\u00e4rjest\u00e4\u00e4 vuosittain monenlaisia tapahtumia. Kenties erikoisin on vuosittain\u00a0toukokuussa toteutuva k\u00e4velytempaus Kyl\u00e4hullun k\u00e4vely ja sen kevyemm\u00e4t versiot, Puolihullun patikointi ja Varttihullun vaellus. Tapahtuma sai alkunsa nykyisell\u00e4 nimell\u00e4\u00e4n kev\u00e4\u00e4ll\u00e4 2001. Kyl\u00e4hullun k\u00e4velyss\u00e4 k\u00e4vell\u00e4\u00e4n Lappeenrannan keskustasta maantiet\u00e4 pitkin Vainikkalaan. Matkaa kertyy &hellip; <a href=\"https:\/\/kylat.ekarjala.fi\/vainikkala\/tapahtumakalenteri\/hullut-kavelyt\/\">Lue loppuun <span class=\"meta-nav\">&rarr;<\/span><\/a><\/p>\n","protected":false},"author":80,"featured_media":0,"parent":18,"menu_order":0,"comment_status":"open","ping_status":"closed","template":"","meta":{"footnotes":""},"class_list":["post-632","page","type-page","status-publish","hentry"],"_links":{"self":[{"href":"https:\/\/kylat.ekarjala.fi\/vainikkala\/wp-json\/wp\/v2\/pages\/632","targetHints":{"allow":["GET"]}}],"collection":[{"href":"https:\/\/kylat.ekarjala.fi\/vainikkala\/wp-json\/wp\/v2\/pages"}],"about":[{"href":"https:\/\/kylat.ekarjala.fi\/vainikkala\/wp-json\/wp\/v2\/types\/page"}],"author":[{"embeddable":true,"href":"https:\/\/kylat.ekarjala.fi\/vainikkala\/wp-json\/wp\/v2\/users\/80"}],"replies":[{"embeddable":true,"href":"https:\/\/kylat.ekarjala.fi\/vainikkala\/wp-json\/wp\/v2\/comments?post=632"}],"version-history":[{"count":2,"href":"https:\/\/kylat.ekarjala.fi\/vainikkala\/wp-json\/wp\/v2\/pages\/632\/revisions"}],"predecessor-version":[{"id":917,"href":"https:\/\/kylat.ekarjala.fi\/vainikkala\/wp-json\/wp\/v2\/pages\/632\/revisions\/917"}],"up":[{"embeddable":true,"href":"https:\/\/kylat.ekarjala.fi\/vainikkala\/wp-json\/wp\/v2\/pages\/18"}],"wp:attachment":[{"href":"https:\/\/kylat.ekarjala.fi\/vainikkala\/wp-json\/wp\/v2\/media?parent=632"}],"curies":[{"name":"wp","href":"https:\/\/api.w.org\/{rel}","templated":true}]}}