{"id":685,"date":"2013-12-25T17:45:32","date_gmt":"2013-12-25T18:15:32","guid":{"rendered":"https:\/\/kylat.ekarjala.fi\/vainikkala\/?page_id=685"},"modified":"2013-12-25T17:48:38","modified_gmt":"2013-12-25T18:18:38","slug":"latuverkosto","status":"publish","type":"page","link":"https:\/\/kylat.ekarjala.fi\/vainikkala\/harrastukset\/liikunta\/liikuntapaikat\/latuverkosto\/","title":{"rendered":"Latuverkosto"},"content":{"rendered":"<div id=\"attachment_686\" style=\"width: 310px\" class=\"wp-caption alignnone\"><a href=\"https:\/\/kylat.ekarjala.fi\/vainikkala\/wp-content\/uploads\/sites\/36\/2013\/12\/latu.jpg\"><img loading=\"lazy\" decoding=\"async\" aria-describedby=\"caption-attachment-686\" class=\"size-medium wp-image-686\" alt=\"Kun hiihtolenkki suuntautuu Rikkil\u00e4n ja Simolan suuntaan, matkalla on mahdollisuus pys\u00e4hty\u00e4 My\u00f6t\u00e4virtaan ry:n laavuille. \" src=\"https:\/\/kylat.ekarjala.fi\/vainikkala\/wp-content\/uploads\/sites\/36\/2013\/12\/latu-300x225.jpg\" width=\"300\" height=\"225\" srcset=\"https:\/\/kylat.ekarjala.fi\/vainikkala\/wp-content\/uploads\/sites\/36\/2013\/12\/latu-300x225.jpg 300w, https:\/\/kylat.ekarjala.fi\/vainikkala\/wp-content\/uploads\/sites\/36\/2013\/12\/latu.jpg 800w\" sizes=\"auto, (max-width: 300px) 100vw, 300px\" \/><\/a><p id=\"caption-attachment-686\" class=\"wp-caption-text\">Kun hiihtolenkki suuntautuu Rikkil\u00e4n ja Simolan suuntaan, matkalla on mahdollisuus pys\u00e4hty\u00e4 My\u00f6t\u00e4virtaan ry:n laavuille.<\/p><\/div>\n<p>Kun\u00a0lunta on riitt\u00e4v\u00e4sti, Vainikkalan ymp\u00e4rist\u00f6\u00f6n rakennetaan laaja latuverkosto. Verkoston perustana on jo ensilumella hiihdett\u00e4v\u00e4 noin 3 km:n valaistu kuntorata. Valaistulla ladulla voidaan hiiht\u00e4\u00e4 sek\u00e4 luistellen ett\u00e4 perinteisell\u00e4 tavalla. My\u00f6hemmin talvella maastoon ajetaan lis\u00e4\u00e4 latuja, kuten Niemenkyl\u00e4n lenkki, Telkj\u00e4rven rantaladut, yhdysladut Haapaj\u00e4rvelle ja Simolaan ym. Latuverkoston laajuus vaihtelee eri vuosina lumitilanteen mukaan.<\/p>\n<p>Jos latuverkosto ei yll\u00e4 kotipihan tuntumaan, varmin tapa l\u00e4hte\u00e4 hiihtolenkille on Vainikkalan urheilukeskus joka sijaitsee kyl\u00e4n koulun l\u00e4hell\u00e4 (Rikkil\u00e4ntie 47). Siell\u00e4 olevat opasteet ohjaavat kauempaakin saapuneen hiiht\u00e4j\u00e4n oikealle ladulle.<\/p>\n<p><b>Lis\u00e4tietoja laduista:<\/b><br \/>\nJorma Skippari, Lappeen Riento \/ Vainikkalan kyl\u00e4osasto, puh. 040 7285140<\/p>\n<p><a href=\"https:\/\/kylat.ekarjala.fi\/vainikkala\/wp-content\/uploads\/sites\/36\/2013\/12\/LATUKARTTA-2007.2.28.pdf\">Latukartta on vuodelta 2007.<\/a><\/p>\n<p><a href=\"https:\/\/kylat.ekarjala.fi\/vainikkala\/wp-content\/uploads\/sites\/36\/2013\/12\/vainikkalan-ladut-2011.pdf\">Selostus on p\u00e4ivitetty talven 2010-2011 tilanteeseen<\/a><\/p>\n","protected":false},"excerpt":{"rendered":"<p>Kun\u00a0lunta on riitt\u00e4v\u00e4sti, Vainikkalan ymp\u00e4rist\u00f6\u00f6n rakennetaan laaja latuverkosto. Verkoston perustana on jo ensilumella hiihdett\u00e4v\u00e4 noin 3 km:n valaistu kuntorata. Valaistulla ladulla voidaan hiiht\u00e4\u00e4 sek\u00e4 luistellen ett\u00e4 perinteisell\u00e4 tavalla. My\u00f6hemmin talvella maastoon ajetaan lis\u00e4\u00e4 latuja, kuten Niemenkyl\u00e4n lenkki, Telkj\u00e4rven rantaladut, yhdysladut &hellip; <a href=\"https:\/\/kylat.ekarjala.fi\/vainikkala\/harrastukset\/liikunta\/liikuntapaikat\/latuverkosto\/\">Lue loppuun <span class=\"meta-nav\">&rarr;<\/span><\/a><\/p>\n","protected":false},"author":80,"featured_media":0,"parent":656,"menu_order":0,"comment_status":"open","ping_status":"closed","template":"","meta":{"footnotes":""},"class_list":["post-685","page","type-page","status-publish","hentry"],"_links":{"self":[{"href":"https:\/\/kylat.ekarjala.fi\/vainikkala\/wp-json\/wp\/v2\/pages\/685","targetHints":{"allow":["GET"]}}],"collection":[{"href":"https:\/\/kylat.ekarjala.fi\/vainikkala\/wp-json\/wp\/v2\/pages"}],"about":[{"href":"https:\/\/kylat.ekarjala.fi\/vainikkala\/wp-json\/wp\/v2\/types\/page"}],"author":[{"embeddable":true,"href":"https:\/\/kylat.ekarjala.fi\/vainikkala\/wp-json\/wp\/v2\/users\/80"}],"replies":[{"embeddable":true,"href":"https:\/\/kylat.ekarjala.fi\/vainikkala\/wp-json\/wp\/v2\/comments?post=685"}],"version-history":[{"count":3,"href":"https:\/\/kylat.ekarjala.fi\/vainikkala\/wp-json\/wp\/v2\/pages\/685\/revisions"}],"predecessor-version":[{"id":691,"href":"https:\/\/kylat.ekarjala.fi\/vainikkala\/wp-json\/wp\/v2\/pages\/685\/revisions\/691"}],"up":[{"embeddable":true,"href":"https:\/\/kylat.ekarjala.fi\/vainikkala\/wp-json\/wp\/v2\/pages\/656"}],"wp:attachment":[{"href":"https:\/\/kylat.ekarjala.fi\/vainikkala\/wp-json\/wp\/v2\/media?parent=685"}],"curies":[{"name":"wp","href":"https:\/\/api.w.org\/{rel}","templated":true}]}}