{"id":727,"date":"2013-12-25T19:27:04","date_gmt":"2013-12-25T19:57:04","guid":{"rendered":"https:\/\/kylat.ekarjala.fi\/vainikkala\/?page_id=727"},"modified":"2013-12-25T19:28:25","modified_gmt":"2013-12-25T19:58:25","slug":"kylahanke-2005-2008","status":"publish","type":"page","link":"https:\/\/kylat.ekarjala.fi\/vainikkala\/kylainfo\/kylahanke-2005-2008\/","title":{"rendered":"Kyl\u00e4hanke 2005-2008 Vaella Vainikkalaan &#8211; Viihdy ja J\u00e4\u00e4"},"content":{"rendered":"<div id=\"attachment_731\" style=\"width: 310px\" class=\"wp-caption alignnone\"><a href=\"https:\/\/kylat.ekarjala.fi\/vainikkala\/wp-content\/uploads\/sites\/36\/2013\/12\/sale.jpg\"><img loading=\"lazy\" decoding=\"async\" aria-describedby=\"caption-attachment-731\" class=\"size-medium wp-image-731\" alt=\"Hankkeen aikana valmistunut Sale-puisto\" src=\"https:\/\/kylat.ekarjala.fi\/vainikkala\/wp-content\/uploads\/sites\/36\/2013\/12\/sale-300x225.jpg\" width=\"300\" height=\"225\" srcset=\"https:\/\/kylat.ekarjala.fi\/vainikkala\/wp-content\/uploads\/sites\/36\/2013\/12\/sale-300x225.jpg 300w, https:\/\/kylat.ekarjala.fi\/vainikkala\/wp-content\/uploads\/sites\/36\/2013\/12\/sale.jpg 800w\" sizes=\"auto, (max-width: 300px) 100vw, 300px\" \/><\/a><p id=\"caption-attachment-731\" class=\"wp-caption-text\">Hankkeen aikana valmistunut Sale-puisto<\/p><\/div>\n<p>Kev\u00e4\u00e4ll\u00e4 2005 alkanut Vainikkalan kyl\u00e4n kehitt\u00e4mishanke Vaella Vainikkalaan \u2013 Viihdy ja j\u00e4\u00e4 (VVVJ) p\u00e4\u00e4ttyi vuoden 2008 kes\u00e4kuun lopussa. Noin kolmen ja puolen vuoden pituisen hankekokonaisuuden viimeinen virallinen tilaisuus oli 11.9.2008 pidetty hankkeen ohjausryhm\u00e4n kokous. Kokouksessa j\u00e4tettiin hankkeen loppuraportti sek\u00e4 loppumaksatushakemus viranomaisten k\u00e4sitelt\u00e4v\u00e4ksi.<\/p>\n<p>Koska loppuraportti on mielest\u00e4ni t\u00e4rke\u00e4\u00e4 t\u00e4m\u00e4n vuosikymmenen kyl\u00e4historiaa, tuon raportin tekstiosuuden kokonaisuudessaan (kieliasuvirheineen) Uutis-Vainikkalan lukijoiden ja Vainikkalan kotisivujen k\u00e4ytt\u00e4jien silmien eteen.<\/p>\n<p>Laatimassani raportissa olen arvioinut mit\u00e4 olemme saaneet aikaan, sek\u00e4 my\u00f6s hieman mit\u00e4 mahdollisuuksia on jatkaa hankkeen aikana virinneill\u00e4 uusilla ideoilla jonkun muun hankkeen nimiss\u00e4 tai erillisin\u00e4 projekteina.<\/p>\n<p>Koska virallisen raporttipohjan otsikointi on mielest\u00e4ni ik\u00e4v\u00e4\u00e4 viranomaiskielt\u00e4, olen lis\u00e4nnyt t\u00e4h\u00e4n lehti-\/nettiversioon runsaasti selvent\u00e4vi\u00e4 v\u00e4liotsikoita.<\/p>\n<p>Sauli Vainikka, hankevet\u00e4j\u00e4 \u201devp\u201d<\/p>\n<p>&nbsp;<\/p>\n<p><strong>SAAVUTETUT TAVOITTEET SUHTEESSA HANKESUUNNITELMAAN<\/strong><\/p>\n<p>Kyl\u00e4n ilmett\u00e4 muutettiin<\/p>\n<p>Hankkeella pystyttiin merkitt\u00e4v\u00e4sti muuttamaan Vainikkalan ulkoista ilmett\u00e4 haluttuun suuntaan. Kyl\u00e4n asukkaille sek\u00e4 kyl\u00e4ss\u00e4 vieraileville se n\u00e4kyy kyl\u00e4\u00e4n tultaessa siistiksi puistoksi muuttuneena alueena. Paikka oli ennen villiintynyt pusikko. Koulun l\u00e4heiselle alueelle saatiin toteutettua monipuolinen kokonaisuus joka tarjoaa kaikille useita vaihtoehtoja vapaa-ajan harrastuksille kulttuurista liikuntaan.<\/p>\n<p>Sovellettua perinnerakentamista<\/p>\n<p>Hankkeen rakennuskohteissa toteutettiin paljon perinteist\u00e4 suomalaista (ja virolaista) rakennustekniikkaa sovellettuna nykyp\u00e4iv\u00e4n vaatimuksiin. Kohteet toimivat n\u00e4yttein\u00e4 asiasta kiinnostuneille yli kyl\u00e4-, kunta- ja valtiorajojen. Edell\u00e4 mainittuja kohteita ovat riukuaidat, pajuty\u00f6t, hirsist\u00e4 rakennetut laavu ja grillikatos, ruokokatot, teatterin kiinte\u00e4t penkit sek\u00e4 puiston kyl\u00e4keinu.<\/p>\n<p>Ymp\u00e4rist\u00f6n hoidon esimerkkej\u00e4<\/p>\n<p>Hankkeella on annettu ihmisille hyv\u00e4\u00e4 esimerkki\u00e4 ymp\u00e4rist\u00f6asioiden hoidossa. J\u00e4rviruo\u2019on ker\u00e4ys Telkj\u00e4rvest\u00e4 on yksi merkitt\u00e4vimmist\u00e4 toimenpiteist\u00e4. Ruokoa ker\u00e4\u00e4m\u00e4ll\u00e4 on mahdollista saada l\u00e4hij\u00e4rven sis\u00e4ist\u00e4 kuormitusta pienemm\u00e4ksi, sek\u00e4 samalla hyv\u00e4\u00e4 ja kest\u00e4v\u00e4\u00e4 rakennusainetta kattoihin. My\u00f6s j\u00e4rven virkistysk\u00e4ytt\u00f6mahdollisuudet voivat n\u00e4in koheta selv\u00e4sti. Esimerkkin\u00e4 t\u00e4st\u00e4 My\u00f6t\u00e4virtaan melontareitin k\u00e4yt\u00f6n mahdollistuminen my\u00f6s keskikes\u00e4n reheville kuukausille jolloin Telkj\u00e4rven l\u00e4nsip\u00e4\u00e4ss\u00e4 melominen ei yleens\u00e4 ole mahdollista.<\/p>\n<p>Hanke markkinoi roskattoman retkeilyn ajatusta. Samaa mallia on toteutettu My\u00f6t\u00e4virtaan ry:n retkeilyreitill\u00e4 jolla on selke\u00e4 kytkent\u00e4 hankkeeseen.<\/p>\n<p>Tavoitteena oli houkutella kyl\u00e4\u00e4n lapsiperheit\u00e4<\/p>\n<p>Hankkeen yhten\u00e4 tavoitteena oli houkutella Vainikkalaan lapsiperheit\u00e4. T\u00e4ss\u00e4 ei ainakaan hankeaikana onnistuttu. Vainikkalan koulun lakkautusuhan tiedet\u00e4\u00e4n olevan suurin kielteinen tekij\u00e4 t\u00e4ss\u00e4 asiassa. Tosin nyt toteutunut yleisen viihtyvyyden lis\u00e4\u00e4ntyminen, hyv\u00e4t harrastusmahdollisuudet sek\u00e4 ennen kaikkea elokuussa 2008 k\u00e4ynnistetty Yl\u00e4maan ja Lappeenrannan kuntaliitosselvitys saattavat muuttaa tilannetta Vainikkalan kannalta parempaan suuntaan hyvinkin nopeasti. Koululle on jo onnistuttu hankkimaan jatkoaikaa kyl\u00e4toimikunnan ja oppilaiden vanhempien aktiivisen toiminnan ansiosta.<\/p>\n<p>Yhteisty\u00f6 Kyl\u00e4lle asumaan -hankkeen kanssa<\/p>\n<p>Lapsiperheiden sek\u00e4 my\u00f6s muiden uusien asukkaiden saamiseen Vainikkalaan tuntui hankkeen alussa olevan mit\u00e4 parhaimmat mahdollisuudet. Kyl\u00e4 oli mukana my\u00f6s paljon julkisuutta saaneessa Kyl\u00e4lle asumaan hankkeessa. Parhaimmillaan kyl\u00e4 tarjosi yhteens\u00e4 seitsem\u00e4\u00e4 tonttia Kyl\u00e4lle asumaan hankkeen kautta, ja niiden lis\u00e4ksi Lappeenrannan kaupungin tarjonnassa oli kolme tonttia.<\/p>\n<p>Kyl\u00e4lle asumaan hankkeen p\u00e4\u00e4tytty\u00e4 nelj\u00e4 tonttia vedettiin myym\u00e4tt\u00f6m\u00e4n\u00e4 pois markkinoilta, ilmeisesti kysynn\u00e4n puutteen takia. Kyl\u00e4lle asumaan \u2013tonteista on viel\u00e4 myynniss\u00e4 kolme, kaupungin tarjonnassa on kaksi tonttia. Yksi kaupungin tarjonnassa olleista tonteista on varattu rakentamiseen. Varaajan henkil\u00f6llisyys ei ole hankkeen johdon tiedossa.<\/p>\n<p>Vainikkalan yleisen\u00e4 ongelmana on myyntiin tulevien kiinteist\u00f6jen pieni m\u00e4\u00e4r\u00e4. Muuttovalmis \u201doletuslapsiperhe\u201d hankkii mieluummin valmiin omakotitalon jota sitten v\u00e4hitellen kunnostaa perheen tarpeiden mukaan. T\u00e4llaista tarjontaa ei kyl\u00e4ss\u00e4 hankeaikana ole ollut. Vainikkalassa on viime vuosikymmenin\u00e4 ollut myynniss\u00e4 keskim\u00e4\u00e4rin noin yksi omakotitalo vuodessa. T\u00e4h\u00e4n oletetaan tulevan muutos seuraavan kymmenen vuoden aikana<\/p>\n<p>Rakennettujen kohteiden k\u00e4ytt\u00f6<\/p>\n<p>Hankkeessa rakennetut kohteet on otettu k\u00e4ytt\u00f6\u00f6n tyydytt\u00e4v\u00e4sti ja vaihtelevasti. Teatteri on luonnollisesti koonnut suurimmat k\u00e4ytt\u00e4j\u00e4m\u00e4\u00e4r\u00e4t. Grillikatos-Pytinki\u00e4 on hy\u00f6dynnetty kyl\u00e4n yhdistysten kokouspaikkana sek\u00e4 Lappeen seurakunnan j\u00e4rjest\u00e4miss\u00e4 tilaisuuksissa l\u00e4pi vuoden. Kes\u00e4ll\u00e4 2008 valmistunut Sale-puisto on my\u00f6s otettu hyvin vastaan. Hiihtomaa on k\u00e4rsinyt lauhoista ja v\u00e4h\u00e4lumisista talvista. Hiihtomaan rinteiden k\u00e4ytt\u00f6aika on em. syyst\u00e4 johtuen j\u00e4\u00e4nyt muutamaksi viikoksi talvea kohti. Hiihtomajan valmistuttua kes\u00e4ll\u00e4 2008 hiihtomaa sai lis\u00e4arvoa talvitapahtumien pitopaikkana. Hiihtomaan aika tulee viel\u00e4, silloin kun talvet ovat taas talvia.<\/p>\n<p>Teatterilla j\u00e4rjestetyt tapahtumat raportointihetkeen menness\u00e4:<\/p>\n<p>09.08.2005 N\u00e4ytelm\u00e4 Kurimon l\u00e4ksi\u00e4iset, yleis\u00f6\u00e4 n. 180<br \/>\n04.09.2005 N\u00e4ytelm\u00e4 Kurimon l\u00e4ksi\u00e4iset, yleis\u00f6\u00e4 n. 130<br \/>\n06.07.2006 Lappeen seurakunnan Suven ilta yleis\u00f6\u00e4 n.90<br \/>\n17.08.2006 VVVJ ohjausryhm\u00e4n kokous, 7 henkil\u00f6\u00e4<br \/>\n26.08.2006 Juhlatilaisuus, Vainikkalan koulu 100 v, yleis\u00f6\u00e4 n. 300<br \/>\n26.08.2006 N\u00e4ytelm\u00e4 Kyl\u00e4koulun taival, yleis\u00f6\u00e4 n. 200<br \/>\n29.08.2006 N\u00e4ytelm\u00e4 Kyl\u00e4koulun taival, yleis\u00f6\u00e4 n. 150<br \/>\n05.12.2006 Lappeen seurakunnan joulunajan avaus, yleis\u00f6\u00e4 n. 70<br \/>\n17.05.2007 Lappeen seurakunnan aluety\u00f6n kev\u00e4ttapahtuma, yleis\u00f6\u00e4 n. 90<br \/>\n07.06.2007 N\u00e4ytelm\u00e4 Kirjeit\u00e4 rintamilta, yleis\u00f6\u00e4 n. 170<br \/>\n04.08.2007 N\u00e4ytelm\u00e4 Vain luojan tylpp\u00e4 ty\u00f6kalu, yleis\u00f6\u00e4 43<br \/>\n02.09.2007 Lastenteatteria Nupuille ja naperoille, yleis\u00f6\u00e4 20<br \/>\n24.05.2008 R\u00e4min\u00e4\u00e4 ja pauketta vestivaali, yleis\u00f6\u00e4 n. 200<br \/>\n05.07.2008 Ojalan sukuseuran vuosikokous, yleis\u00f6\u00e4 21<br \/>\n06.07.2008 Kalevalaisia runoja, Maijan kahvikekkereill\u00e4, yleis\u00f6\u00e4 n. 31<br \/>\n10.07.2008 Lappeen seurakunnan kes\u00e4kirkko, yleis\u00f6\u00e4 31<\/p>\n<p>Vaikutus kyl\u00e4n yhteishenkeen<\/p>\n<p>Hankkeella uskotaan olleen positiivinen vaikutus kyl\u00e4n yhteishenkeen. Osallistuminen talkoisiin on ollut hyv\u00e4ll\u00e4 tasolla, tosin painottuen pitk\u00e4lti noin kymmenen henkil\u00f6n ydinryhm\u00e4n ty\u00f6panokseen.<\/p>\n<p>Negatiivisena seikkana hankkeen johto haluaa mainita saadun palautteen eritt\u00e4in pienen m\u00e4\u00e4r\u00e4n. Saatu palaute on tullut joko talkoisiin osallistuneilta tai t\u00e4ysin ulkopuolisilta. Kyl\u00e4n perusasukas ei jostain syyst\u00e4 osaa tai halua antaa palautetta hankkeen tuotoksista.<\/p>\n<p>Kiteytettyn\u00e4 voidaan todeta alkuper\u00e4isen hankesuunnitelman toteutuneen l\u00e4hes t\u00e4ydellisesti, ja rakentamisen osalta jopa selv\u00e4sti enemm\u00e4n. Hankesuunnitelmaa t\u00e4ydennettiin hankeaikana kahdesti.<\/p>\n<p>Hankkeessa rakennettiin seuraavat kohteet:<\/p>\n<p>Kes\u00e4teatteri (n\u00e4ytt\u00e4m\u00f6, katsomon kiinte\u00e4t ja siirrett\u00e4v\u00e4t penkit, penkkivarasto, valaistus)<br \/>\nGrillikatos kelohirrest\u00e4<br \/>\nLaavu kelohirrest\u00e4, ruokokatto<br \/>\nHiihtomaa (rinne, ruokokatteinen hiihtomaja)<br \/>\nRiukuaidat<br \/>\nTemppu- ja puuharata (pajurakenteet, dyynialue)<br \/>\nPuisto (kyl\u00e4kiikku, minigolfradat, istutukset, penkit, polku, portaat, kaivo)<\/p>\n<p>Talkooty\u00f6tunteja kertyi seuraavasti:<\/p>\n<p>Teatteri 638,5 h (kaikki rakentamista)<br \/>\nGrillikatos 191,5 (kaikki rakentamista)<br \/>\nLaavu 393,0 (rakentaminen 104, kehitt\u00e4minen 289 h)<br \/>\nHiihtomaa 208,0 (rakentaminen 104, kehitt\u00e4minen 104 h)<br \/>\nRiukuaidat 12,0 (kaikki kehitt\u00e4mist\u00e4)<br \/>\nTemppurata 96,0 (rakentaminen 74, kehitt\u00e4minen 22 h)<br \/>\nPuisto 349,0 (rakentaminen 279,5, kehitt\u00e4minen 69,5 h)<br \/>\nTalkooty\u00f6t yhteens\u00e4 1888,0 h (rakentaminen 1391,5 h, kehitt\u00e4minen 496,5 h)<\/p>\n<p>Talkoot\u00f6ihin osallistui yhteens\u00e4 76 henkil\u00f6\u00e4. Heist\u00e4 oli naisia 29, ja miehi\u00e4 47. Keskim\u00e4\u00e4r\u00e4inen henkil\u00f6ty\u00f6m\u00e4\u00e4r\u00e4 oli 24,84 ty\u00f6tuntia. Vaihtelu henkil\u00f6tasolla oli 1 \u2013 346 tuntia.<\/p>\n<p>Koulutustilaisuudet<\/p>\n<p>Hankeaikana j\u00e4rjestettiin seuraavat koulutustilaisuudet:*<br \/>\nPajuty\u00f6kurssi, kev\u00e4t 2005<br \/>\nRiukuaitakurssi, kes\u00e4 2006<br \/>\nRuokokattokurssi 1, kes\u00e4 2006<br \/>\nRuokokattokurssi 2, kes\u00e4 2008<\/p>\n<p>Hankesuunnitelmassa mainittua hirsirakentamisen kurssia ei erillisen\u00e4 j\u00e4rjestetty. Koulutus toteutui k\u00e4yt\u00e4nn\u00f6ss\u00e4 avoimilla hirsity\u00f6talkoilla joihin kiinnostuneet voivat halutessaan tulla seuraamaan ty\u00f6n edistymist\u00e4. Samalla tarjottiin mahdollisuus osallistua itse tekemiseen jos halukkuutta oli. Hirsit\u00f6it\u00e4 tehtiin kes\u00e4ll\u00e4 2005 laavulla ja kes\u00e4ll\u00e4 2006 grillikatoksella.<\/p>\n<p>SAAVUTETUT TULOKSET JA VAIKUTUKSET HANKKEEN AIKANA<\/p>\n<p>Saavutetut tulokset huomioiden hanke on osoittanut tarpeellisuutensa. Voidaan olettaa ett\u00e4 joku hankkeessa toteutetuista kohteista (hiihtomaa?) olisi saattanut toteutua muiden organisaatioiden toimesta (Lappeen Riento), mutta nyt saavutetun kokonaisuuden kaltaista toimintakeskusta ja puistoa ei miss\u00e4\u00e4n tapauksessa olisi pysytty tekem\u00e4\u00e4n, ja niit\u00e4 tuskin koskaan olisi edes osattu vakavasti suunnitella.<\/p>\n<p>Hankkeen avulla saatiin Vainikkalaan uutta kehitystoimintaa joka mit\u00e4 toden n\u00e4k\u00f6isemmin synnytt\u00e4\u00e4 uusia innovaatioita l\u00e4hitulevaisuudessa. Alussa kyl\u00e4l\u00e4isten keskuudessa kenties ylivoimaisina ja ylimitoitettuina koetut suunnitelmat vietiin l\u00e4pi m\u00e4\u00e4r\u00e4ajassa. N\u00e4in luotiin hyv\u00e4\u00e4 mallia tulevaisuuden kyl\u00e4toimijoille Vainikkalassa ja Suomen maaseutualeilla yleens\u00e4<\/p>\n<p>HANKKEEN SYNNYTT\u00c4M\u00c4T JATKOTOIMENPITEET<\/p>\n<p>Hankkeen aikana on syntynyt useita ideoita jotka kytkeytyv\u00e4t hankkeen tuotoksiin sek\u00e4 my\u00f6s My\u00f6t\u00e4virtaan retkeilyreittiin, kyl\u00e4n urheilukeskukseen sek\u00e4 kyl\u00e4n sijaintiin Suomen kartalla.<\/p>\n<p>N\u00e4ist\u00e4 t\u00e4rkeimm\u00e4t ovat:<\/p>\n<p>My\u00f6t\u00e4virtaan retkeilyreitin laajentaminen Haapaj\u00e4rven suuntaan. Reitin luonnollinen jatko kulkee hankkeessa rakennettujen kohteiden kautta (hiihtomaa, teatteri, grillikatos). Retkeilyreitin jatko on k\u00e4yt\u00e4nn\u00f6ss\u00e4 jo mastossa olemassa. Vainikkalan ja Haapaj\u00e4rven v\u00e4lill\u00e4 kulkee talvisin hiihtolatu<\/p>\n<p>My\u00f6t\u00e4virtaan retkeilyreitin liitt\u00e4minen Yl\u00e4maan kylien suunnitteilla olevaan retkeilyreittiin (Rumpu, Nutikka, Villala, S\u00e4\u00e4m\u00e4l\u00e4)<\/p>\n<p>Vainikkalan asema arktisen lintumuuton reitill\u00e4 voitaisiin hy\u00f6dynt\u00e4\u00e4 rakentamalla lintutorni Telkj\u00e4rven rannalle. Sijaintia pidet\u00e4\u00e4n maakunnan ornitologien keskuudessa erinomaisena. Arktinen muutto tapahtuu Suomen kaakkoisrajaa sivuten ja kyl\u00e4n yli lent\u00e4\u00e4 suuria hanhiparvia kev\u00e4\u00e4ll\u00e4 ja syksyll\u00e4.<\/p>\n<p>On ilmennyt tarvetta saada majoitustoimintaa Vainikkalan alueelle. Mahdollisia liiketoimintamuotoja voisivat olla maatilamajoitus, majatalo tai vastaava toiminta. Toiminnan mahdollisesti k\u00e4ynnistyess\u00e4 voidaan hy\u00f6dynt\u00e4\u00e4 hankkeessa tuotetut viihtymispaikat majoitusasiakkaille lis\u00e4arvoksi.<\/p>\n<p>Tulevaisuuden yleis\u00f6tapahtumat<\/p>\n<p>Hankkeessa rakennettu kokonaisuus mahdollistaa keskisuurten yleis\u00f6tapahtumien j\u00e4rjest\u00e4misen (100-1500 henkil\u00f6\u00e4). Kes\u00e4isin (kev\u00e4t-syksy) tapahtuman keskuspaikaksi sopii kes\u00e4teatteri, talvisin hiihtomaa. Tapahtuma voi olla esimerkiksi kulttuuriin, liikuntaan tai urheiluun liittyv\u00e4. Kokonaisuuden markkinoinnille tulee vain kehitt\u00e4\u00e4 toimiva j\u00e4rjestelm\u00e4.<\/p>\n<p>ESIIN TULLEET ONGELMAT HANKKEEN TOTEUTTAMISESSA<\/p>\n<p>Suurin ongelma on ehdottomasti ollut Lappeenrannan kaupungin kasvatus- ja opetustoimen suunnitelmat kouluverkon uudistamisesta. Suunnitelmiin on kuulunut Vainikkalan koulun lakkauttaminen. Asia vaikutti negatiivisesti kyl\u00e4n henkiseen ilmapiiriin. Samalla sill\u00e4 oli suuri vaikutus hankkeen tavoitteiden uskottavuuteen koko hankeajan.<\/p>\n<p>Pienemp\u00e4n\u00e4 ongelmana voidaan todeta suhteellisen pienen, jopa yll\u00e4tt\u00e4v\u00e4n pienen kiinnostuksen hankkeen talkoot\u00f6ihin. Vaikka ty\u00f6h\u00f6n osallistuneiden kokonaism\u00e4\u00e4r\u00e4\u00e4 voidaan pit\u00e4\u00e4 suurena (76 henkil\u00f6\u00e4), valtaosan t\u00f6ist\u00e4 teki noin kymmenen henkil\u00f6n ydinryhm\u00e4.<\/p>\n<p>HANKKEEN HENKIL\u00d6T<\/p>\n<p>Sauli Vainikka \u2013 hankevet\u00e4j\u00e4 \/ projektip\u00e4\u00e4llikk\u00f6 (kokonaisuus), Hannu Putkonen &#8211; projektip\u00e4\u00e4llikk\u00f6 (rakennusty\u00f6t: teatterikokonaisuus ja hiihtomaa), Lea Heiska &#8211; projektip\u00e4\u00e4llikk\u00f6 (temppu- ja puuharata, riukuaidat, puistosuunnittelu), Esa Peltola &#8211; projektip\u00e4\u00e4llikk\u00f6 (rakennusty\u00f6t: laavu, grillikatos, puisto, hiihtomaja), Jani Kiesi &#8211; projektip\u00e4\u00e4llikk\u00f6 (s\u00e4hk\u00f6suunnittelu, -asennukset, -tarkastukset), Teuvo Kiesi \u2013 projektip\u00e4\u00e4llikk\u00f6 (puiston rakennusty\u00f6t), Jorma Vilkko \u2013 tekninen asiantuntija (rakennust\u00f6iden valvoja), Raine K\u00e4lvi\u00e4inen \u2013 tekninen asiantuntija (k\u00e4yt\u00e4nn\u00f6n rakennusty\u00f6t), Helena Puustinen \u2013 hankkeen kirjanpito<\/p>\n<p>HANKKEEN OHJAUSRYHM\u00c4 (kokoonpano hankkeen p\u00e4\u00e4ttyess\u00e4)<\/p>\n<p>Hannu Putkonen &#8211; My\u00f6t\u00e4virtaan ry, Sauli Vainikka &#8211; My\u00f6t\u00e4virtaan ry, Tuula Skippari &#8211; Vainikkalan kyl\u00e4toimikunta, Marja Suhonen &#8211; Lappeen Riento\/Vainikkalan kyl\u00e4osasto, Lea Heiska &#8211; Etel\u00e4-Karjalan ammattiopisto, Raine K\u00e4lvi\u00e4inen &#8211; alueen yritt\u00e4jien edustaja, Antero Pohjonen &#8211; alueen luontoharrastajien edustaja, Leena Hyryl\u00e4 &#8211; Kaakkois-Suomen TE-keskus, Pirjo Kuuluvainen &#8211; POMO hallitus<\/p>\n<p>Kokouksiin kutsuttiin aina L\u00e4nsi-Saimaan kehitt\u00e4misyhdistyksen edustaja. Hankkeen loppuaikana Tiina Sirppiniemi.<\/p>\n","protected":false},"excerpt":{"rendered":"<p>Kev\u00e4\u00e4ll\u00e4 2005 alkanut Vainikkalan kyl\u00e4n kehitt\u00e4mishanke Vaella Vainikkalaan \u2013 Viihdy ja j\u00e4\u00e4 (VVVJ) p\u00e4\u00e4ttyi vuoden 2008 kes\u00e4kuun lopussa. Noin kolmen ja puolen vuoden pituisen hankekokonaisuuden viimeinen virallinen tilaisuus oli 11.9.2008 pidetty hankkeen ohjausryhm\u00e4n kokous. Kokouksessa j\u00e4tettiin hankkeen loppuraportti sek\u00e4 loppumaksatushakemus &hellip; <a href=\"https:\/\/kylat.ekarjala.fi\/vainikkala\/kylainfo\/kylahanke-2005-2008\/\">Lue loppuun <span class=\"meta-nav\">&rarr;<\/span><\/a><\/p>\n","protected":false},"author":80,"featured_media":0,"parent":596,"menu_order":1,"comment_status":"open","ping_status":"closed","template":"","meta":{"footnotes":""},"class_list":["post-727","page","type-page","status-publish","hentry"],"_links":{"self":[{"href":"https:\/\/kylat.ekarjala.fi\/vainikkala\/wp-json\/wp\/v2\/pages\/727","targetHints":{"allow":["GET"]}}],"collection":[{"href":"https:\/\/kylat.ekarjala.fi\/vainikkala\/wp-json\/wp\/v2\/pages"}],"about":[{"href":"https:\/\/kylat.ekarjala.fi\/vainikkala\/wp-json\/wp\/v2\/types\/page"}],"author":[{"embeddable":true,"href":"https:\/\/kylat.ekarjala.fi\/vainikkala\/wp-json\/wp\/v2\/users\/80"}],"replies":[{"embeddable":true,"href":"https:\/\/kylat.ekarjala.fi\/vainikkala\/wp-json\/wp\/v2\/comments?post=727"}],"version-history":[{"count":4,"href":"https:\/\/kylat.ekarjala.fi\/vainikkala\/wp-json\/wp\/v2\/pages\/727\/revisions"}],"predecessor-version":[{"id":732,"href":"https:\/\/kylat.ekarjala.fi\/vainikkala\/wp-json\/wp\/v2\/pages\/727\/revisions\/732"}],"up":[{"embeddable":true,"href":"https:\/\/kylat.ekarjala.fi\/vainikkala\/wp-json\/wp\/v2\/pages\/596"}],"wp:attachment":[{"href":"https:\/\/kylat.ekarjala.fi\/vainikkala\/wp-json\/wp\/v2\/media?parent=727"}],"curies":[{"name":"wp","href":"https:\/\/api.w.org\/{rel}","templated":true}]}}