{"id":921,"date":"2013-12-26T17:37:19","date_gmt":"2013-12-26T18:07:19","guid":{"rendered":"https:\/\/kylat.ekarjala.fi\/vainikkala\/?page_id=921"},"modified":"2013-12-26T17:37:19","modified_gmt":"2013-12-26T18:07:19","slug":"kylapyoraily-2006","status":"publish","type":"page","link":"https:\/\/kylat.ekarjala.fi\/vainikkala\/tapahtumakalenteri\/tapahtumahistoria\/kylapyoraily-2006\/","title":{"rendered":"Kyl\u00e4py\u00f6r\u00e4ily 2006"},"content":{"rendered":"<p><strong>KYL\u00c4PY\u00d6R\u00c4ILY 14.5.2006 KYLITT\u00c4IN<\/strong><\/p>\n<p>(suluissa vuoden 2005 lukuja)<\/p>\n<p>Py\u00f6r\u00e4ilij\u00f6it\u00e4 yhteens\u00e4 126 (155)<\/p>\n<p>Kasukkala<\/p>\n<p>Kirjauksia 58 (78)<br \/>\nArvontavoittaja:<br \/>\nSeppo Maijanen, Reppu<br \/>\nPalkintojen lahjoittaja:<br \/>\nJohn Nurminen Oy<br \/>\nArvonnan yhteyshenkil\u00f6 Jukka Porali, 0400 558935<\/p>\n<p>Haapaj\u00e4rvi<\/p>\n<p>Kirjauksia 66 (87)<br \/>\nMahdollisesta arvonnasta tiedotetaan my\u00f6hemmin<\/p>\n<p>Vainikkala<\/p>\n<p>Kirjauksia 72 (93)<br \/>\nArvontavoittajat:<br \/>\nRaili Vainikka, EKOP sateenvarjo<br \/>\nHeikki Kupsanen, EKOP-sytytin<br \/>\nJorma Raskila, Juustoty\u00f6kalusetti<br \/>\nEira Viitakangas, Pizza valinnan mukaan<br \/>\nJenna Rikkinen, Tuotepaketti<br \/>\nHelj\u00e4 Kotonen, Laukku<br \/>\nRisto Toiviainen, Mets\u00e4kahvia + lippis<br \/>\nPirjo Meuronen, Lippis<br \/>\nNanne Meuronen, Pikkulinnun p\u00f6ntt\u00f6<br \/>\nHelena Leinonen, historiikki ja U-V puolivuosikerta<br \/>\nEnsio Salminen, historiikki ja U-V puolivuosikerta<br \/>\nPalkintojen lahjoittajat:<br \/>\nEKOP Vainikkala, Sale Vainikkala, TeliaSonera Finland, StoraEnso, Ravintola Ukko-Pekka, My\u00f6t\u00e4virtaan ry, Vainikkalan kyl\u00e4toimikunta<br \/>\nArvonnan yhteyshenkil\u00f6 Sauli Vainikka, puh. 040 3022482<\/p>\n<p>Villala<\/p>\n<p>Kirjauksia 30 (40)<br \/>\nArvontavoittaja:<br \/>\nSeppo Mikkola, kassi + kahvipaketti<br \/>\nPalkintojen lahjoittajat:<br \/>\nEKOP Yl\u00e4maa, Sale Yl\u00e4maa<br \/>\nArvonnan yhteyshenkil\u00f6 Anni Lehtola, puh. 050 3599331<\/p>\n<p>Rumpu<\/p>\n<p>Kirjauksia 38 (57)<br \/>\nArvontavoittajat:<br \/>\nKaarlo Kauvo, tikkataulu<br \/>\nMira Hiiri, pyyhe<br \/>\nArvonnan yhteyshenkil\u00f6 Asta Pohjola, puh. 050 3287580<\/p>\n<p>Simola<\/p>\n<p>Kirjauksia 59 (87)<br \/>\nArvontavoittajat:<br \/>\nMeeri Mikkola, Presidentti-kahvia<br \/>\nMarja Hiiri, Presidentti-kahvia<br \/>\nPirjo Vainikka, Presidentti-kahvia<br \/>\nMaila Pylkk\u00e4nen, Presidentti-kahvia<br \/>\nJorma Raskila, Presidentti-kahvia<br \/>\nPalkintojen lahjoittaja:<br \/>\nRaippo-Simolan kyl\u00e4toimikunta<br \/>\nArvonnan yhteyshenkil\u00f6 Juha Suuntala, puh. 0400 785782<\/p>\n<p>Hytti<\/p>\n<p>Kirjauksia 41 (70)<br \/>\nMahdollisesta arvonnasta tiedotetaan my\u00f6hemmin<\/p>\n<p>Rapattila<\/p>\n<p>Kirjauksia 28 (24)<br \/>\nMahdollisesta arvonnasta tiedotetaan my\u00f6hemmin<\/p>\n<p>Hanhij\u00e4rvi<\/p>\n<p>Kirjauksia 31 (59)<br \/>\nArvontavoittajat:<br \/>\nMika Tuuva<br \/>\nSeppo Manninen<br \/>\nHannu H\u00f6ltt\u00e4<br \/>\nAnne Pekkola<br \/>\nArvonnan yhteyshenkil\u00f6 Teemu Rantanen, puh. 0400 131924<\/p>\n<p>Hyttil\u00e4<\/p>\n<p>Kirjauksia 21 (29)<br \/>\nMahdollisesta arvonnasta tiedotetaan my\u00f6hemmin<\/p>\n<p>Toukokuun p\u00e4\u00e4palkinnon arvonta<\/p>\n<p>Toukokuun Kyl\u00e4py\u00f6r\u00e4ilyn p\u00e4\u00e4palkinnon arvonta suoritettiin Lappeen Riennon toimistossa keskiviikkona 24.5.2006. Arvonnassa olivat mukana kaikki ne 65 py\u00f6r\u00e4ilij\u00e4\u00e4 (91) joilta l\u00f6ytyi suorituskirjaus v\u00e4hint\u00e4\u00e4n nelj\u00e4ss\u00e4 merkint\u00e4paikassa.<\/p>\n<p>P\u00e4\u00e4palkinto<\/p>\n<p>Raija Vainikka, Yl\u00e4maan kunnan lahjoittama spektroliitti-kyn\u00e4teline<\/p>\n<p>Lis\u00e4palkinnot (3 kpl)<\/p>\n<p>Marketta Kallio, Pekka Leino, Asta Sipil\u00e4inen; j\u00e4rjest\u00e4jien lahjoittama Lappeen Riennon t-paita<\/p>\n<p>Palkinnot voi noutaa Lappeen Riennon toimistosta<\/p>\n<p>Kyl\u00e4py\u00f6r\u00e4ily \u2013p\u00e4\u00e4arvontaan osallistuneet &#8211; 65 py\u00f6r\u00e4ilij\u00e4\u00e4. Heist\u00e4 mitalisteja 20 kpl<\/p>\n<p>Kyl\u00e4py\u00f6r\u00e4ilyn suoritusmitaliin ovat oikeutettuja ne py\u00f6r\u00e4ilij\u00e4t jotka kirjasivat suorituksensa v\u00e4hint\u00e4\u00e4n kuudella merkint\u00e4paikalla. Kirjaamisen yhteydess\u00e4 py\u00f6r\u00e4ilij\u00e4 valitsi paikan josta h\u00e4n haluaa noutaa mitalin. Kahdeksan py\u00f6r\u00e4ilij\u00e4\u00e4 j\u00e4tti paikan merkitsem\u00e4tt\u00e4. T\u00e4m\u00e4n j\u00e4rjest\u00e4j\u00e4t tulkitsivat siten ett\u00e4 henkil\u00f6 ei mitalia halua. Mitalien noutopaikat ovat Lappeen Riennon toimisto, Simolan kyl\u00e4kauppa ja Vainikkalan Sale. Mitalit ovat noudettavissa em. paikoista 3.6.2006 alkaen. Mitaleita s\u00e4ilytet\u00e4\u00e4n noutopaikoissa 30.9.2006 saakka.<\/p>\n<p>Kymmenen kyl\u00e4\u00e4, 5 py\u00f6r\u00e4ilij\u00e4\u00e4 (12)<\/p>\n<p>Kiero Timo, Luostarinen Mauno, Rikkinen Pekka, Rusanen Sami, Tuuva Mika<\/p>\n<p>Yhdeks\u00e4n kyl\u00e4\u00e4, 0 py\u00f6r\u00e4ilij\u00e4 (1)<\/p>\n<p>Kahdeksan kyl\u00e4\u00e4, 0 py\u00f6r\u00e4ilij\u00e4\u00e4 (2)<\/p>\n<p>Seitsem\u00e4n kyl\u00e4\u00e4, 6 py\u00f6r\u00e4ilij\u00e4\u00e4 (4)<\/p>\n<p>Leino Pekka, Manninen Seppo, Raskila Jorma, Skippari Jorma, Tanttu Taisto, Viitakangas Eira,<\/p>\n<p>Kuusi kyl\u00e4\u00e4, 17 py\u00f6r\u00e4ilij\u00e4\u00e4 (30)<\/p>\n<p>H\u00e4k\u00e4mies Marjatta, Jukkala Erkki, Leinonen Helena, Luotola-Maarnela Merja, Meronen Toivo, Peltonen Minna, Peltonen Tatu, Raskila Lenni, Raskila Petter, Salminen Ensio, Taskula Jouko, Vainikka Pirjo, Vainikka Raija, Vainikka Sauli, Vanhapelto Virpi, Viertola Hilkka, Viertola Ville<\/p>\n<p>Viisi kyl\u00e4\u00e4, 5 py\u00f6r\u00e4ilij\u00e4\u00e4 (9)<\/p>\n<p>H\u00f6ltt\u00e4 Hannu, Kupsanen Heikki, Saareks Jarmo, Vainikka Pirkko<\/p>\n<p>Nelj\u00e4 kyl\u00e4\u00e4, 32 py\u00f6r\u00e4ilij\u00e4\u00e4 (20)<\/p>\n<p>Hiiri Maiju, Hiiri Marja, Hiiri Mira, Hytti Markku, Hyv\u00e4ri Markku, Junnikkala Pekka, Kailio Matti, Kallio Kalevi, Kallio Marketta, Karhu Asko, Kauppinen Sanni, Kemppinen Anna, Koivisto Reima, Kulmala Heli, Kulmala Juhani, K\u00e4lvi\u00e4inen Aila, Meuronen Erkki, Meuronen Nanne, Meuronen Pirjo, Mikkola Meeri, Mikkola Seppo, Nutikka Markku, Nutikka Mervi, Penttil\u00e4 Veikko, Pylkk\u00e4nen Maila, Saareks Jyrki, Sipil\u00e4inen Asta, Sipil\u00e4inen Pertti, Suomalainen Helli, Tapio Erkki, Toiviainen Risto, Vainikka Sisko<\/p>\n<p>Kolme kyl\u00e4\u00e4, 13 py\u00f6r\u00e4ilij\u00e4\u00e4 (21)<\/p>\n<p>Kaksi kyl\u00e4\u00e4, 10 py\u00f6r\u00e4ilij\u00e4\u00e4 (27)<\/p>\n<p>Yksi kyl\u00e4, 38 py\u00f6r\u00e4ilij\u00e4\u00e4 (29)<\/p>\n<p>Ensimm\u00e4ist\u00e4 kertaa mukana 23 py\u00f6r\u00e4ilij\u00e4\u00e4 (2000-luvulla)<\/p>\n<p>Vuosina 2000-2006 Kyl\u00e4py\u00f6r\u00e4ilyihin osallistunut yhteens\u00e4 696 eri henkil\u00f6\u00e4.<\/p>\n<p>Kyl\u00e4py\u00f6r\u00e4ily toiselle vuosikymmenelle<\/p>\n<p>Kyl\u00e4py\u00f6r\u00e4ily saavutti elokuussa 2006 kymmenen vuoden i\u00e4n. Ensimm\u00e4inen Kyl\u00e4py\u00f6r\u00e4ily j\u00e4rjestettiin elokuussa 1996. Silloin kyli\u00e4 oli mukana nelj\u00e4. Tapahtuma vakiintui vuonna 1998 yhdeks\u00e4n kyl\u00e4n tapahtumaksi. Samalla py\u00f6r\u00e4ilyp\u00e4ivi\u00e4 alettiin j\u00e4rjest\u00e4\u00e4 kahdesti kes\u00e4n aikana.<\/p>\n<p>Kyl\u00e4py\u00f6r\u00e4ily on nykyisin kymmenen kyl\u00e4n yhteisesti j\u00e4rjest\u00e4m\u00e4.<\/p>\n<p>Tapahtuman suosio vaihtelee vallitsevan s\u00e4\u00e4n mukaan. Toukokuun tapahtuman py\u00f6r\u00e4ilys\u00e4\u00e4 oli viime vuosina tutuksi tullut vaihtelevan tuulinen ja sateinen. Elokuun py\u00f6r\u00e4ilyp\u00e4iv\u00e4n s\u00e4\u00e4 oli hyv\u00e4. Aurinkoa ja poutaa riitti koko p\u00e4iv\u00e4ksi eik\u00e4 tuulestakaan ollut suurta kiusaa. Haittaavina tekij\u00f6in\u00e4 olivat pitk\u00e4n kuivan ja sateettoman kauden aiheuttamat p\u00f6ly\u00e4v\u00e4t ja pintakiharat soratiet.<\/p>\n<p>Toukokuun tapahtuman osallistujam\u00e4\u00e4r\u00e4 j\u00e4i enn\u00e4tysalhaiseksi, vain 126 py\u00f6r\u00e4ilij\u00e4\u00e4n. Elokuussa vastaavasti yllettiin kaikkien aikojen toiseksi suurimpaan elokuun osallistujam\u00e4\u00e4r\u00e4\u00e4n, 195 py\u00f6r\u00e4ilij\u00e4\u00e4n. Kyl\u00e4py\u00f6r\u00e4ilyn osallistujaenn\u00e4tys syntyi ihannes\u00e4\u00e4ss\u00e4 toukokuussa 2002. Tuolloin tapahtumaan osallistui yhteens\u00e4 237 py\u00f6r\u00e4ilij\u00e4\u00e4.<\/p>\n<p>Kyl\u00e4py\u00f6r\u00e4ilyn j\u00e4rjest\u00e4v\u00e4t yhdess\u00e4 kylien kyl\u00e4yhdistykset, Lappeen Riento ja Martat.<\/p>\n<p>**************************************************************************************<\/p>\n<p><strong>KYL\u00c4PY\u00d6R\u00c4ILY 13.8.2006 KYLITT\u00c4IN<\/strong><br \/>\n(suluissa vuoden 2005 elokuun tapahtuman lukuja)Py\u00f6r\u00e4ilij\u00f6it\u00e4 yhteens\u00e4 195 (119)<\/p>\n<p>MERKINT\u00c4PAIKAT<\/p>\n<p>Kasukkala<br \/>\nKirjauksia 93 (62)<br \/>\nArvontavoittajat:<br \/>\nErkki Meuronen, grillisetti<br \/>\nPalkintojen lahjoittaja:<br \/>\nJohn Nurminen Oy Rautatielogistiikka<\/p>\n<p>Haapaj\u00e4rvi<br \/>\nKirjauksia 111 (73)<br \/>\nArvontavoittajat:<br \/>\nMari Muhli<br \/>\nJarmo Saareks<\/p>\n<p>Vainikkala<br \/>\nKirjauksia 126 (72)<br \/>\nArvontavoittajat:<br \/>\nMaila Pylkk\u00e4nen, sateenvarjo<br \/>\nMerja Tikka, k\u00e4yntikorttikansio<br \/>\nHilkka Viertola, juustoty\u00f6kalusetti<br \/>\nPertti Sipil\u00e4inen, pizza valinnan mukaan<br \/>\nAnne Suni, rannetietokone<br \/>\nHeikki H\u00e4kkinen, laukku<br \/>\nHelena Leinonen, mets\u00e4kahvia + lippis<br \/>\nRiitta Husu, kynttil\u00e4sarja<br \/>\nJukka Latto, pelikortit<br \/>\nReima Koivisto, historiikki ja U-V puolivuosikerta<br \/>\nAri Kirvesniemi, historiikki ja U-V puolivuosikerta<br \/>\nPalkintojen lahjoittajat:<br \/>\nAuto-Eekoo, TeliaSonera Finland, Ravintola Ukko-Pekka, Stora Enso Mets\u00e4, Karteam, Kyl\u00e4lle asumaan \u2013hanke, Vainikkalan kyl\u00e4toimikunta<\/p>\n<p>Villala<br \/>\nKirjauksia 38 (28)<br \/>\nArvontavoittajat:<br \/>\nMira Hiiri, shampoo ja hoitoaine<br \/>\nVeli Lautanen, \u00f6ljylamppu, OP-apukassi<br \/>\nPalkintojen lahjoittajat:<br \/>\nSale Yl\u00e4maa, EKOP Yl\u00e4maa<\/p>\n<p>Rumpu<br \/>\nKirjauksia 59 (48)<br \/>\nArvontavoittajat:<br \/>\nSampsa Husu, juustolautassetti<br \/>\nLiisa Hiiri, kynttil\u00e4<\/p>\n<p>Simola<br \/>\nKirjauksia 88 (64)<br \/>\nArvontaa ei ole suoritettu lehden menness\u00e4 painoon<\/p>\n<p>Hytti<br \/>\nKirjauksia 74 (61)<br \/>\nArvontaa ei ole suoritettu lehden menness\u00e4 painoon<\/p>\n<p>Rapattila<br \/>\nKirjauksia 31 (26)<br \/>\nArvontaa ei ole suoritettu lehden menness\u00e4 painoon<\/p>\n<p>Hanhij\u00e4rvi<br \/>\nKirjauksia 62 (47)<br \/>\nArvontavoittajat:<br \/>\nHeikki H\u00e4kkinen<br \/>\nKristina Lund<br \/>\nErkki Meuronen<br \/>\nSisko Vainikka<\/p>\n<p>Hyttil\u00e4<br \/>\nKirjauksia 36 (23)<br \/>\nArvontaa ei ole suoritettu lehden menness\u00e4 painoon<\/p>\n<p>Elokuun p\u00e4\u00e4palkinnon arvonta<\/p>\n<p>Elokuun Kyl\u00e4py\u00f6r\u00e4ilyn p\u00e4\u00e4palkinnon arvonta suoritettiin Urheilu Koskimies Oy:n hallimyym\u00e4l\u00e4ss\u00e4 keskiviikkona 20.9.2006. Arvonnassa olivat mukana kaikki ne 97 py\u00f6r\u00e4ilij\u00e4\u00e4 joilta l\u00f6ytyi suorituskirjaus v\u00e4hint\u00e4\u00e4n nelj\u00e4ss\u00e4 merkint\u00e4paikassa. Arvonnan suorittivat Kari Nyk\u00e4nen ja Pirjo Pulli Urheilu Koskimiehest\u00e4 sek\u00e4 Sauli Vainikka j\u00e4rjest\u00e4jien edustajana.<\/p>\n<p>P\u00e4\u00e4palkinto<\/p>\n<p>Jyrki Saareks, Urheilu-Koskimiehen lahjoittama Tunturi Prego -polkupy\u00f6r\u00e4<\/p>\n<p>Lis\u00e4palkinnot<\/p>\n<p>Sauli Vainikka, j\u00e4rjest\u00e4jien lahjoittama Trek py\u00f6r\u00e4ilykyp\u00e4r\u00e4<\/p>\n<p>Anneli Heinonen, j\u00e4rjest\u00e4jien lahjoittama Step-lauta- k\u00e4sipainopaketti<\/p>\n<p>Helena Heinonen, j\u00e4rjest\u00e4jien lahjoittama Terapiapallo<\/p>\n<p>Eeva Mustola, j\u00e4rjest\u00e4jien lahjoittama Askelmittari<\/p>\n<p>Lis\u00e4palkinnot ostettiin Urheilu-Koskimiehen myym\u00e4l\u00e4n valikoimasta.<\/p>\n<p>Arvonnassa mukana olleet 97 henkil\u00f6\u00e4 (70)<\/p>\n<p>Kyl\u00e4py\u00f6r\u00e4ilyn p\u00e4\u00e4arvontaan olivat oikeutettuja ne py\u00f6r\u00e4ilij\u00e4t jotka kirjasivat suorituksensa v\u00e4hint\u00e4\u00e4n nelj\u00e4ll\u00e4 merkint\u00e4paikalla.<\/p>\n<p>Kymmenen kyl\u00e4\u00e4, 10 py\u00f6r\u00e4ilij\u00e4\u00e4 (9)<\/p>\n<p>Hartikainen Jorma, Hiiri Timo, Leinonen Helena, Rumpu Aimo, Rumpu Eija, Salminen Ensio, Tuuva Mika, Vainikka Raija, Vainikka Sisko, Vanhapelto Virpi,<\/p>\n<p>Yhdeks\u00e4n kyl\u00e4\u00e4, 1 py\u00f6r\u00e4ilij\u00e4\u00e4 (3)<\/p>\n<p>Taskula Jouko<\/p>\n<p>Kahdeksan kyl\u00e4\u00e4, 2 py\u00f6r\u00e4ilij\u00e4\u00e4 (2)<\/p>\n<p>Ikonen Mika, Pitk\u00e4nen Erkki<\/p>\n<p>Seitsem\u00e4n kyl\u00e4\u00e4, 7 py\u00f6r\u00e4ilij\u00e4\u00e4 (9)<\/p>\n<p>H\u00e4kkinen Heikki, Kirvesniemi Ari, Manninen Seppo, Mustola Eeva, Pohjola Marjo, Skippari Jorma, Vainikka Sauli<\/p>\n<p>Kuusi Kyl\u00e4\u00e4, 23 py\u00f6r\u00e4ilij\u00e4\u00e4 (12)<\/p>\n<p>Hiiri Maiju, Hiiri Mira, Junnikkala Anja, Karvanen Ossi, Koskelainen-Latto Tarja, Latto Juha, Lehikoinen Sari, Luostarinen Mauno, Meronen Toivo, Meuronen Erkki, Meuronen Pirjo, Noroaho Helena, Oinas Jyrki, Peronmaa Raija, Pihlajaniemi Tuula, Porvari Keijo, Pulkkinen Juhani, Pulli Sari, S\u00e4rkk\u00e4 Keijo, Tapio Erkki, Tuunanen Ritva, Viertola Hilkka, Viertola Ville<\/p>\n<p>Viisi kyl\u00e4\u00e4, 13 py\u00f6r\u00e4ilij\u00e4\u00e4 (12)<\/p>\n<p>H\u00f6ltt\u00e4 Hannu, Junnikkala Pekka, Kallio Marketta, Kylli\u00e4inen Pertti, Lautanen Veli, Lempi\u00e4inen Pekka, Maijanen Seppo, Mustonen Matti, Noroaho Kari, Nutikka Markku, Nutikka Mervi, Pankka Tuure, Suni Anne<\/p>\n<p>Nelj\u00e4 kyl\u00e4\u00e4, 41 py\u00f6r\u00e4ilij\u00e4\u00e4 (23)<\/p>\n<p>Bryggare Unto, Heinonen Anneli, Hytti Markku, Juuti Aki, Kailio Leila, Kailio Martti, Kailio Matti, Kaipia Eeva, Kaipia Heikki, Kallio Kalevi, Kauppinen Sanni, Koivisto Reima, Kuukka Martti, Kuuluvainen Pirjo, K\u00e4lvi\u00e4inen Jaana, K\u00e4lvi\u00e4inen Jesse, K\u00e4lv\u00e4l\u00e4 Tenho, Leino Tiina, Leino Timo, Mikkola Meeri, Mikkola Seppo, Per\u00e4kyl\u00e4 Hilkka, Pylkk\u00e4nen Maila, Ranta Marjatta, Raskila Hilkka, Raskila Petter, Rumpu Paula, Ruuskanen Pertti, Saareks Jarmo, Saareks Jyrki, Salakka Hilkka, Sipil\u00e4inen Asta, Sipil\u00e4inen Pertti, Skippari Tuula, Suomalainen Helli, Tikka Anniina, Tikka Merja, Turkia Maija, Turkia Veikko, Vainikka Eija, Vuorinen Sirkka<\/p>\n<p>Kolme kyl\u00e4\u00e4, 19 py\u00f6r\u00e4ilij\u00e4\u00e4 (11) Ei mukana p\u00e4\u00e4arvonnassa<\/p>\n<p>Kaksi kyl\u00e4\u00e4, 41 py\u00f6r\u00e4ilij\u00e4\u00e4 (13) Ei mukana p\u00e4\u00e4arvonnassa<\/p>\n<p>Yksi kyl\u00e4, 38 py\u00f6r\u00e4ilij\u00e4\u00e4 (25) Ei mukana p\u00e4\u00e4arvonnassa<\/p>\n<p>Ensimm\u00e4inen osallistuminen Kyl\u00e4py\u00f6r\u00e4ily-tapahtumaan, 41 py\u00f6r\u00e4ilij\u00e4\u00e4 (2000-luvulla)<\/p>\n<p>Vuosina 2000-2006 Kyl\u00e4py\u00f6r\u00e4ilyihin osallistunut yhteens\u00e4 yli 700 henkil\u00f6\u00e4.<\/p>\n","protected":false},"excerpt":{"rendered":"<p>KYL\u00c4PY\u00d6R\u00c4ILY 14.5.2006 KYLITT\u00c4IN (suluissa vuoden 2005 lukuja) Py\u00f6r\u00e4ilij\u00f6it\u00e4 yhteens\u00e4 126 (155) Kasukkala Kirjauksia 58 (78) Arvontavoittaja: Seppo Maijanen, Reppu Palkintojen lahjoittaja: John Nurminen Oy Arvonnan yhteyshenkil\u00f6 Jukka Porali, 0400 558935 Haapaj\u00e4rvi Kirjauksia 66 (87) Mahdollisesta arvonnasta tiedotetaan my\u00f6hemmin Vainikkala Kirjauksia &hellip; <a href=\"https:\/\/kylat.ekarjala.fi\/vainikkala\/tapahtumakalenteri\/tapahtumahistoria\/kylapyoraily-2006\/\">Lue loppuun <span class=\"meta-nav\">&rarr;<\/span><\/a><\/p>\n","protected":false},"author":80,"featured_media":0,"parent":918,"menu_order":0,"comment_status":"open","ping_status":"closed","template":"","meta":{"footnotes":""},"class_list":["post-921","page","type-page","status-publish","hentry"],"_links":{"self":[{"href":"https:\/\/kylat.ekarjala.fi\/vainikkala\/wp-json\/wp\/v2\/pages\/921","targetHints":{"allow":["GET"]}}],"collection":[{"href":"https:\/\/kylat.ekarjala.fi\/vainikkala\/wp-json\/wp\/v2\/pages"}],"about":[{"href":"https:\/\/kylat.ekarjala.fi\/vainikkala\/wp-json\/wp\/v2\/types\/page"}],"author":[{"embeddable":true,"href":"https:\/\/kylat.ekarjala.fi\/vainikkala\/wp-json\/wp\/v2\/users\/80"}],"replies":[{"embeddable":true,"href":"https:\/\/kylat.ekarjala.fi\/vainikkala\/wp-json\/wp\/v2\/comments?post=921"}],"version-history":[{"count":1,"href":"https:\/\/kylat.ekarjala.fi\/vainikkala\/wp-json\/wp\/v2\/pages\/921\/revisions"}],"predecessor-version":[{"id":922,"href":"https:\/\/kylat.ekarjala.fi\/vainikkala\/wp-json\/wp\/v2\/pages\/921\/revisions\/922"}],"up":[{"embeddable":true,"href":"https:\/\/kylat.ekarjala.fi\/vainikkala\/wp-json\/wp\/v2\/pages\/918"}],"wp:attachment":[{"href":"https:\/\/kylat.ekarjala.fi\/vainikkala\/wp-json\/wp\/v2\/media?parent=921"}],"curies":[{"name":"wp","href":"https:\/\/api.w.org\/{rel}","templated":true}]}}