{"id":943,"date":"2013-12-26T18:17:08","date_gmt":"2013-12-26T18:47:08","guid":{"rendered":"https:\/\/kylat.ekarjala.fi\/vainikkala\/?page_id=943"},"modified":"2013-12-26T18:17:08","modified_gmt":"2013-12-26T18:47:08","slug":"hullut-kavelyt-2006","status":"publish","type":"page","link":"https:\/\/kylat.ekarjala.fi\/vainikkala\/tapahtumakalenteri\/tapahtumahistoria\/hullut-kavelyt-2006\/","title":{"rendered":"Hullut K\u00e4velyt 2006"},"content":{"rendered":"<div id=\"attachment_944\" style=\"width: 310px\" class=\"wp-caption alignnone\"><a href=\"https:\/\/kylat.ekarjala.fi\/vainikkala\/wp-content\/uploads\/sites\/36\/2013\/12\/hullut1.jpg\"><img loading=\"lazy\" decoding=\"async\" aria-describedby=\"caption-attachment-944\" class=\"size-medium wp-image-944\" alt=\"&quot;T\u00e4yshullujen&quot; l\u00e4ht\u00f6paikka oli Auto-Eekoon piha Kaakkoiskaarella\" src=\"https:\/\/kylat.ekarjala.fi\/vainikkala\/wp-content\/uploads\/sites\/36\/2013\/12\/hullut1-300x225.jpg\" width=\"300\" height=\"225\" srcset=\"https:\/\/kylat.ekarjala.fi\/vainikkala\/wp-content\/uploads\/sites\/36\/2013\/12\/hullut1-300x225.jpg 300w, https:\/\/kylat.ekarjala.fi\/vainikkala\/wp-content\/uploads\/sites\/36\/2013\/12\/hullut1.jpg 800w\" sizes=\"auto, (max-width: 300px) 100vw, 300px\" \/><\/a><p id=\"caption-attachment-944\" class=\"wp-caption-text\">&#8221;T\u00e4yshullujen&#8221; l\u00e4ht\u00f6paikka oli Auto-Eekoon piha Kaakkoiskaarella<\/p><\/div>\n<p><b>Hullujen k\u00e4velyiden suosio n\u00e4ytt\u00e4\u00e4 jatkuvan<\/b><\/p>\n<p><span style=\"font-size: medium\">Hullun Papereiden hankkimisesta ja uusimisesta on tullut monelle t\u00e4rke\u00e4 asia. Vaikka k\u00e4velyp\u00e4iv\u00e4n\u00e4 17.5.2006 s\u00e4\u00e4n haltija ja meteorologit pelottelivat sadekuuroilla, l\u00e4ht\u00f6paikoilla oli viime vuosilta tuttu tungos ja tunnelma. Onneksi sade j\u00e4i vain uhkaksi, vain pient\u00e4 tihkua saatiin kasvoille. K\u00e4velij\u00e4t ylistiv\u00e4tkin maalipaikalla k\u00e4velys\u00e4\u00e4t\u00e4 erinomaiseksi. Sopivan alhainen l\u00e4mp\u00f6tila ja sel\u00e4n takaa puhaltava heikko tuuli tekiv\u00e4t k\u00e4velyst\u00e4 helppoa. Liika hikoilu ei vienyt voimia nestehukan muodossa.<\/span><\/p>\n<p><span style=\"font-size: medium\">Uusi l\u00e4ht\u00f6paikka Auto-Eekoon pihasta osoittautui oikeaksi ratkaisuksi. Baanalle p\u00e4\u00e4stiin pys\u00e4hdyksitt\u00e4 ja EeKoon my\u00f6nteinen suhtautuminen tapahtumaan oli j\u00e4rjest\u00e4jille iloinen asia. Matkalle l\u00e4hdettiin autokaupan johtajan, Jari Anttilan \u201dampumalla l\u00e4ht\u00f6laukauksella\u201d, auton \u00e4\u00e4nimerkill\u00e4.<\/span><\/p>\n<p><span style=\"font-size: medium\">Hullun Paperit ovat julkisia asiakirjoja.<\/span><\/p>\n<p><b>My\u00f6nnetyt Hullun Paperit (34 kpl)<\/b><\/p>\n<p><span style=\"font-family: Verdana\">Seuraaville henkil\u00f6ille on 19.5.2006 my\u00f6nnetty Hullun Paperit: <\/span><\/p>\n<p><span style=\"font-family: Verdana\">Kallio Kalevi, Pohjola Arja, Kaartinen Jukka, Penttil\u00e4 Jouni, Kontiainen Riitta, Luotola-Maarnela Merja, Sairanen Petter, Rumpu Aimo, Kinnunen Pasi, Kerkk\u00e4nen Kimmo, Kiero Jarmo, Akkanen Kimmo, Suokas Seppo, Mustola Ossi, M\u00e4rk\u00e4l\u00e4 Pentti, Vilhu Kari, Rikkinen Pekka, Kuuluvainen Mikko, Kilpi\u00e4 Kimmo, Kiero Jouni, N??? Jusal, N\u00e4rhi Pertti, Siiskonen J, Aspinen Terho, Vainikka Sauli, Huttunen Esko, Kiero Veijo, Tauru Martti, Haverinen Leena, Harmanen Siiri, Turunen Matti, M\u00e4lki\u00e4 Petri, Turunen Marja, Leino Aila. <\/span><\/p>\n<p><span style=\"font-size: medium\"><span style=\"font-family: Verdana;font-size: small\">Paperit ovat voimassa vuoden 2007 Kyl\u00e4hullun k\u00e4velyyn asti. K\u00e4velyurakka Auto-Eekoo \u2013 Ukko-Pekka 28 km <\/span><\/span><br \/>\n<b>My\u00f6nnetyt Puolihullun Paperit (48 kpl)<\/b><\/p>\n<p><span style=\"font-family: Verdana\">Seuraaville henkil\u00f6ille on 19.5.2006 my\u00f6nnetty Puolihullun Paperit: <\/span><\/p>\n<p><span style=\"font-family: Verdana\">Suhonen Marja, Laine Henri, Laine Jukka, Vainikka Pirjo + Jehu, Vainikka Raija, Kaipia Heikki, Taalikka Mikko, Kaipia Antti, Kaipia Tuija, Kaipia Hanna, Leino Pekka, K\u00e4lvi\u00e4inen Jaana, Pohjonen Jaana, Pohjonen Teemu, Kauvo Sari, Nutikka Jenni, Nutikka Mervi, Kuuluvainen Pirjo, Hytti Niina, Hytti Simo, Kiero Ismo, Kotonen Helj\u00e4, Lohjala Heidi, Vahviala Mikko, Junnonen Matti, Junnonen Seija, Konttila Harri, K\u00e4rmeniemi Jarmo, H\u00e4lv\u00e4 Kirsti, Reiman Merja, Kiesi Jani, Behm Sami, Lind Eija, Kaipia Maija, Saukkonen Raija, Saukkonen Pertti, Rantanen Auli, Lakkala Katja, Kuuluvainen Maiju, Yl\u00f6stalo Ritva, Yl\u00f6stalo Pekka, Penttil\u00e4 Tuula, Penttil\u00e4 Veikko, Kiianen Jaakko, Penttil\u00e4 Jukka, K\u00e4lvi\u00e4inen Harri, Lahtinen Eija, Kiero Timo. <\/span><\/p>\n<p><span style=\"font-family: Verdana\">Paperit ovat voimassa vuoden 2007 Puolihullun patikointiin asti. K\u00e4velyurakka Kasukkala \u2013 Ukko-Pekka 15 km<\/span><\/p>\n<p><b>Hullut arvonnat 2006<\/b><\/p>\n<p><span style=\"font-size: medium\"><span style=\"font-family: Verdana;font-size: small\">Hulluihin k\u00e4velyihin osallistuneiden kesken suoritettiin arvonta. Palkintoja oli saatu lahjoituksina seuraavista yrityksist\u00e4 ja yhdistyksist\u00e4: TeliaSonera Finland, Auto-Eekoo, Ravintola Ukko-Pekka, Sale Vainikkala, Karteam Viherasia, My\u00f6t\u00e4virtaan ry ja Vainikkalan kyl\u00e4toimikunta. <\/span><\/span><br \/>\n<b>Voittoluettelo<\/b><\/p>\n<p><span style=\"font-family: Verdana\">Marja Suhonen \u2013 laukku, Pertti Saukkonen \u2013 kauluspaita ja k\u00e4yntikorttikansio, Ismo Kiero \u2013 juustoty\u00f6kalusarja, Pentti M\u00e4rk\u00e4l\u00e4 \u2013 pizza valinnan mukaan, Petri M\u00e4lki\u00e4 \u2013 tuotepaketti, Veijo Kiero \u2013 valokuvakehys, Jaana K\u00e4lvi\u00e4inen \u2013 linnunp\u00f6ntt\u00f6, Pirjo Kuuluvainen \u2013 historiikki ja U-V puolivuosikerta, Seppo Suokas &#8211; historiikki ja U-V puolivuosikerta, Pasi Kinnunen \u2013 keraaminen norppa, Harri K\u00e4lvi\u00e4inen \u2013 kylm\u00e4kassi ja k\u00e4yntikorttikansio, Auli Rantanen \u2013 kynttil\u00e4pakkaus. <\/span><\/p>\n<p><span style=\"font-size: medium\"><span style=\"font-family: Verdana;font-size: small\">Palkinnot luovutettiin voittajille maalipaikalla. <\/span><\/span><\/p>\n","protected":false},"excerpt":{"rendered":"<p>Hullujen k\u00e4velyiden suosio n\u00e4ytt\u00e4\u00e4 jatkuvan Hullun Papereiden hankkimisesta ja uusimisesta on tullut monelle t\u00e4rke\u00e4 asia. Vaikka k\u00e4velyp\u00e4iv\u00e4n\u00e4 17.5.2006 s\u00e4\u00e4n haltija ja meteorologit pelottelivat sadekuuroilla, l\u00e4ht\u00f6paikoilla oli viime vuosilta tuttu tungos ja tunnelma. Onneksi sade j\u00e4i vain uhkaksi, vain pient\u00e4 tihkua &hellip; <a href=\"https:\/\/kylat.ekarjala.fi\/vainikkala\/tapahtumakalenteri\/tapahtumahistoria\/hullut-kavelyt-2006\/\">Lue loppuun <span class=\"meta-nav\">&rarr;<\/span><\/a><\/p>\n","protected":false},"author":80,"featured_media":0,"parent":918,"menu_order":0,"comment_status":"open","ping_status":"closed","template":"","meta":{"footnotes":""},"class_list":["post-943","page","type-page","status-publish","hentry"],"_links":{"self":[{"href":"https:\/\/kylat.ekarjala.fi\/vainikkala\/wp-json\/wp\/v2\/pages\/943","targetHints":{"allow":["GET"]}}],"collection":[{"href":"https:\/\/kylat.ekarjala.fi\/vainikkala\/wp-json\/wp\/v2\/pages"}],"about":[{"href":"https:\/\/kylat.ekarjala.fi\/vainikkala\/wp-json\/wp\/v2\/types\/page"}],"author":[{"embeddable":true,"href":"https:\/\/kylat.ekarjala.fi\/vainikkala\/wp-json\/wp\/v2\/users\/80"}],"replies":[{"embeddable":true,"href":"https:\/\/kylat.ekarjala.fi\/vainikkala\/wp-json\/wp\/v2\/comments?post=943"}],"version-history":[{"count":1,"href":"https:\/\/kylat.ekarjala.fi\/vainikkala\/wp-json\/wp\/v2\/pages\/943\/revisions"}],"predecessor-version":[{"id":945,"href":"https:\/\/kylat.ekarjala.fi\/vainikkala\/wp-json\/wp\/v2\/pages\/943\/revisions\/945"}],"up":[{"embeddable":true,"href":"https:\/\/kylat.ekarjala.fi\/vainikkala\/wp-json\/wp\/v2\/pages\/918"}],"wp:attachment":[{"href":"https:\/\/kylat.ekarjala.fi\/vainikkala\/wp-json\/wp\/v2\/media?parent=943"}],"curies":[{"name":"wp","href":"https:\/\/api.w.org\/{rel}","templated":true}]}}