{"id":966,"date":"2013-12-26T18:38:09","date_gmt":"2013-12-26T19:08:09","guid":{"rendered":"https:\/\/kylat.ekarjala.fi\/vainikkala\/?page_id=966"},"modified":"2013-12-26T18:38:09","modified_gmt":"2013-12-26T19:08:09","slug":"olut-ja-makkaraviesti-2006","status":"publish","type":"page","link":"https:\/\/kylat.ekarjala.fi\/vainikkala\/tapahtumakalenteri\/tapahtumahistoria\/olut-ja-makkaraviesti-2006\/","title":{"rendered":"Olut- ja makkaraviesti 2006"},"content":{"rendered":"<h1>Olut- ja makkaraviesti Ukko-Pekan maastoissa<\/h1>\n<div id=\"attachment_967\" style=\"width: 310px\" class=\"wp-caption alignnone\"><a href=\"https:\/\/kylat.ekarjala.fi\/vainikkala\/wp-content\/uploads\/sites\/36\/2013\/12\/olut1.jpg\"><img loading=\"lazy\" decoding=\"async\" aria-describedby=\"caption-attachment-967\" class=\"size-medium wp-image-967\" alt=\"Voittajien on helppo hymyill\u00e4....\" src=\"https:\/\/kylat.ekarjala.fi\/vainikkala\/wp-content\/uploads\/sites\/36\/2013\/12\/olut1-300x225.jpg\" width=\"300\" height=\"225\" srcset=\"https:\/\/kylat.ekarjala.fi\/vainikkala\/wp-content\/uploads\/sites\/36\/2013\/12\/olut1-300x225.jpg 300w, https:\/\/kylat.ekarjala.fi\/vainikkala\/wp-content\/uploads\/sites\/36\/2013\/12\/olut1.jpg 800w\" sizes=\"auto, (max-width: 300px) 100vw, 300px\" \/><\/a><p id=\"caption-attachment-967\" class=\"wp-caption-text\">Voittajien on helppo hymyill\u00e4&#8230;.<\/p><\/div>\n<p>1990-luvulla Jaanan Pubin ja Salen &#8221;maastoissa&#8221; kilpailtu Vainikkalan Olut- ja makkaraviesti koki uudelleensyntym\u00e4n kes\u00e4ll\u00e4 2005 Ravintola Ukko-Pekassa. Uudistuneeseen kilpailuun sis\u00e4llytettiin viime vuosituhannen viestin &#8221;peruskivet&#8221;: olut, makkara ja juoksu (ei ole pakko juosta, k\u00e4vell\u00e4kin saa). Nykyviestiss\u00e4 ovat uutta erilaiset hauskat ja vaativat teht\u00e4v\u00e4t joilla kilpailun j\u00e4rjestys lopulta ratkeaa.<\/p>\n","protected":false},"excerpt":{"rendered":"<p>Olut- ja makkaraviesti Ukko-Pekan maastoissa 1990-luvulla Jaanan Pubin ja Salen &#8221;maastoissa&#8221; kilpailtu Vainikkalan Olut- ja makkaraviesti koki uudelleensyntym\u00e4n kes\u00e4ll\u00e4 2005 Ravintola Ukko-Pekassa. Uudistuneeseen kilpailuun sis\u00e4llytettiin viime vuosituhannen viestin &#8221;peruskivet&#8221;: olut, makkara ja juoksu (ei ole pakko juosta, k\u00e4vell\u00e4kin saa). Nykyviestiss\u00e4 &hellip; <a href=\"https:\/\/kylat.ekarjala.fi\/vainikkala\/tapahtumakalenteri\/tapahtumahistoria\/olut-ja-makkaraviesti-2006\/\">Lue loppuun <span class=\"meta-nav\">&rarr;<\/span><\/a><\/p>\n","protected":false},"author":80,"featured_media":0,"parent":918,"menu_order":0,"comment_status":"open","ping_status":"closed","template":"","meta":{"footnotes":""},"class_list":["post-966","page","type-page","status-publish","hentry"],"_links":{"self":[{"href":"https:\/\/kylat.ekarjala.fi\/vainikkala\/wp-json\/wp\/v2\/pages\/966","targetHints":{"allow":["GET"]}}],"collection":[{"href":"https:\/\/kylat.ekarjala.fi\/vainikkala\/wp-json\/wp\/v2\/pages"}],"about":[{"href":"https:\/\/kylat.ekarjala.fi\/vainikkala\/wp-json\/wp\/v2\/types\/page"}],"author":[{"embeddable":true,"href":"https:\/\/kylat.ekarjala.fi\/vainikkala\/wp-json\/wp\/v2\/users\/80"}],"replies":[{"embeddable":true,"href":"https:\/\/kylat.ekarjala.fi\/vainikkala\/wp-json\/wp\/v2\/comments?post=966"}],"version-history":[{"count":1,"href":"https:\/\/kylat.ekarjala.fi\/vainikkala\/wp-json\/wp\/v2\/pages\/966\/revisions"}],"predecessor-version":[{"id":968,"href":"https:\/\/kylat.ekarjala.fi\/vainikkala\/wp-json\/wp\/v2\/pages\/966\/revisions\/968"}],"up":[{"embeddable":true,"href":"https:\/\/kylat.ekarjala.fi\/vainikkala\/wp-json\/wp\/v2\/pages\/918"}],"wp:attachment":[{"href":"https:\/\/kylat.ekarjala.fi\/vainikkala\/wp-json\/wp\/v2\/media?parent=966"}],"curies":[{"name":"wp","href":"https:\/\/api.w.org\/{rel}","templated":true}]}}