{"id":34,"date":"2012-09-14T14:35:47","date_gmt":"2012-09-14T15:05:47","guid":{"rendered":"https:\/\/kylat.ekarjala.fi\/valijoki\/?page_id=34"},"modified":"2025-09-20T20:04:23","modified_gmt":"2025-09-20T20:34:23","slug":"mannisto-ja-valijoen-parketti","status":"publish","type":"page","link":"https:\/\/kylat.ekarjala.fi\/valijoki\/mannisto-ja-valijoen-parketti\/","title":{"rendered":"M\u00e4nnist\u00f6 ja V\u00e4lijoen lava"},"content":{"rendered":"\n<p class=\"has-vivid-purple-color has-text-color has-link-color has-large-font-size wp-elements-d8211ea9530b6fd631a33a2ef563ab78\">M\u00e4nnist\u00f6<\/p>\n\n\n\n<p>V\u00e4lijoen asukkaiden yhteinen &#8221;koti&#8221; M\u00e4nnist\u00f6 sijaitsee aivan Taavetintien kupeessa (M\u00e4nnist\u00f6ntie 10) noin 18 kilometrin p\u00e4\u00e4ss\u00e4 Savitaipaleen kirkonkyl\u00e4lt\u00e4. Varsinkin talvisin talon sali on kansalaisopiston ja kyl\u00e4l\u00e4l\u00e4isten omien liikunta- ja harrastusryhmien k\u00e4yt\u00f6ss\u00e4. M\u00e4nnist\u00f6ss\u00e4 j\u00e4rjestet\u00e4\u00e4n my\u00f6s paljon yksityisi\u00e4 juhlia ja kokouksia.<\/p>\n\n\n\n<p>Saliin mahtuu istumaan kerralla 150 henkil\u00f6\u00e4. Iso keitti\u00f6 on remontoitu 2010. Reilu 70 vuotta vanhaa taloa on kunnostettu ja remontoitu muutekin viime vuosina, joten talo on nyt hyv\u00e4ss\u00e4 k\u00e4ytt\u00f6kunnossa. Tarkemman esittelyn kuvineen l\u00f6yd\u00e4t alla olevan M\u00e4nnist\u00f6n esittely -linkin takaa.<\/p>\n\n\n\n<p>M\u00e4nnist\u00f6n (ja\/tai Lavan) vuokrauksesta vastaa Saila Vanamo p. 040 701 7969. Molemmat kiinteist\u00f6t ovat V\u00e4lijoen nuorisoseura Riennon omistuksessa. Alla olevista linkeist\u00e4 l\u00f6yd\u00e4t M\u00e4nnist\u00f6n tarkemmat tiedot.<\/p>\n\n\n\n<p><a href=\"https:\/\/kylat.ekarjala.fi\/valijoki\/wp-content\/uploads\/sites\/19\/2023\/02\/manniston-vuokrahinnat-2023.pdf\">M\u00e4nnist\u00f6n vuokrahinnat 2023<\/a><\/p>\n\n\n\n<p><\/p>\n\n\n\n<p><\/p>\n\n\n\n<p class=\"has-vivid-purple-color has-text-color has-link-color has-large-font-size wp-elements-e78ddfd9cae4b18630382e23795766f6\">V\u00e4lijoen Lava<\/p>\n\n\n\n<p>M\u00e4nnist\u00f6n vieress\u00e4 sijaitseva tanssilava V\u00e4lijoen Lava (entinen V\u00e4lijoen Parketti, M\u00e4nnist\u00f6ntie 2) oli aikoinaan suosittu tanssipaikka. Pitk\u00e4n tauon j\u00e4lkeen Nuorisoseura j\u00e4rjesti lavalla Nostalgiatansseja vuosittain elokuun alussa. Usein M\u00e4nnist\u00f6ss\u00e4 vietett\u00e4v\u00e4t yksityistilaisuudet hy\u00f6dynt\u00e4v\u00e4t my\u00f6s V\u00e4lijoen lavan tiloja.<\/p>\n\n\n\n<p>Kes\u00e4ll\u00e4 2017 Parketti herasi uudelleen eloon sunnuntaitanssien merkeiss\u00e4. M\u00f6ykkyinen parketti poistettiin ja tilalle tuli erinomainen lautalattia. V\u00e4lijoen lava kutsuu tanssimaan l\u00e4helt\u00e4 ja kaukaa.<\/p>\n\n\n\n<p>Kes\u00e4ll\u00e4 2025 Lavalla j\u00e4rjestettiin perjantaitansseja klo 19-23, yhteisty\u00f6ss\u00e4 Gramofoni Oy ja V\u00e4lijoen nuorisoseura Riento ry. Esiintyjin\u00e4 n\u00e4htiin kes\u00e4ll\u00e4 2025 mm.&nbsp;Tomi Markkola &amp; Kipin\u00e4,&nbsp;Helminauha, Keiski &amp; PNP,&nbsp;Eija Kantola &amp; Omega, Henri Jokinen &amp; Aallonharja, Arto Nuotio, Jussi Lammela &amp; Hariolax, Sami Rosholm &amp; S\u00e4vel, Kari Hirvonen &amp; Onnent\u00e4hti.<\/p>\n\n\n\n<p>V\u00e4lijoen lavaa voi my\u00f6s vuokrata erilaisten tapahtumien j\u00e4rjest\u00e4miseen.<\/p>\n\n\n\n<p><\/p>\n\n\n\n<p><\/p>\n","protected":false},"excerpt":{"rendered":"<p>M\u00e4nnist\u00f6 V\u00e4lijoen asukkaiden yhteinen &#8221;koti&#8221; M\u00e4nnist\u00f6 sijaitsee aivan Taavetintien kupeessa (M\u00e4nnist\u00f6ntie 10) noin 18 kilometrin p\u00e4\u00e4ss\u00e4 Savitaipaleen kirkonkyl\u00e4lt\u00e4. Varsinkin talvisin talon sali on kansalaisopiston ja kyl\u00e4l\u00e4l\u00e4isten omien liikunta- ja harrastusryhmien k\u00e4yt\u00f6ss\u00e4. M\u00e4nnist\u00f6ss\u00e4 j\u00e4rjestet\u00e4\u00e4n my\u00f6s paljon yksityisi\u00e4 juhlia ja kokouksia. Saliin &hellip; <a href=\"https:\/\/kylat.ekarjala.fi\/valijoki\/mannisto-ja-valijoen-parketti\/\">Continue reading <span class=\"meta-nav\">&rarr;<\/span><\/a><\/p>\n","protected":false},"author":31,"featured_media":0,"parent":0,"menu_order":0,"comment_status":"open","ping_status":"open","template":"","meta":{"footnotes":""},"class_list":["post-34","page","type-page","status-publish","hentry"],"yoast_head":"<!-- This site is optimized with the Yoast SEO plugin v27.3 - https:\/\/yoast.com\/product\/yoast-seo-wordpress\/ -->\n<title>M\u00e4nnist\u00f6 ja V\u00e4lijoen lava - V\u00e4lijoki<\/title>\n<meta name=\"robots\" content=\"index, follow, max-snippet:-1, max-image-preview:large, max-video-preview:-1\" \/>\n<link rel=\"canonical\" href=\"https:\/\/kylat.ekarjala.fi\/valijoki\/mannisto-ja-valijoen-parketti\/\" \/>\n<meta property=\"og:locale\" content=\"fi_FI\" \/>\n<meta property=\"og:type\" content=\"article\" \/>\n<meta property=\"og:title\" content=\"M\u00e4nnist\u00f6 ja V\u00e4lijoen lava - V\u00e4lijoki\" \/>\n<meta property=\"og:description\" content=\"M\u00e4nnist\u00f6 V\u00e4lijoen asukkaiden yhteinen &#8221;koti&#8221; M\u00e4nnist\u00f6 sijaitsee aivan Taavetintien kupeessa (M\u00e4nnist\u00f6ntie 10) noin 18 kilometrin p\u00e4\u00e4ss\u00e4 Savitaipaleen kirkonkyl\u00e4lt\u00e4. Varsinkin talvisin talon sali on kansalaisopiston ja kyl\u00e4l\u00e4l\u00e4isten omien liikunta- ja harrastusryhmien k\u00e4yt\u00f6ss\u00e4. M\u00e4nnist\u00f6ss\u00e4 j\u00e4rjestet\u00e4\u00e4n my\u00f6s paljon yksityisi\u00e4 juhlia ja kokouksia. Saliin &hellip; Continue reading &rarr;\" \/>\n<meta property=\"og:url\" content=\"https:\/\/kylat.ekarjala.fi\/valijoki\/mannisto-ja-valijoen-parketti\/\" \/>\n<meta property=\"og:site_name\" content=\"V\u00e4lijoki\" \/>\n<meta property=\"article:publisher\" content=\"https:\/\/www.facebook.com\/ValijoenNuorisoseuraRientoRy\/?locale=fi_FI\" \/>\n<meta property=\"article:modified_time\" content=\"2025-09-20T20:34:23+00:00\" \/>\n<meta name=\"twitter:card\" content=\"summary_large_image\" \/>\n<meta name=\"twitter:label1\" content=\"Arvioitu lukuaika\" \/>\n\t<meta name=\"twitter:data1\" content=\"2 minuuttia\" \/>\n<script type=\"application\/ld+json\" class=\"yoast-schema-graph\">{\"@context\":\"https:\\\/\\\/schema.org\",\"@graph\":[{\"@type\":\"WebPage\",\"@id\":\"https:\\\/\\\/kylat.ekarjala.fi\\\/valijoki\\\/mannisto-ja-valijoen-parketti\\\/\",\"url\":\"https:\\\/\\\/kylat.ekarjala.fi\\\/valijoki\\\/mannisto-ja-valijoen-parketti\\\/\",\"name\":\"M\u00e4nnist\u00f6 ja V\u00e4lijoen lava - V\u00e4lijoki\",\"isPartOf\":{\"@id\":\"https:\\\/\\\/kylat.ekarjala.fi\\\/valijoki\\\/#website\"},\"datePublished\":\"2012-09-14T15:05:47+00:00\",\"dateModified\":\"2025-09-20T20:34:23+00:00\",\"breadcrumb\":{\"@id\":\"https:\\\/\\\/kylat.ekarjala.fi\\\/valijoki\\\/mannisto-ja-valijoen-parketti\\\/#breadcrumb\"},\"inLanguage\":\"fi\",\"potentialAction\":[{\"@type\":\"ReadAction\",\"target\":[\"https:\\\/\\\/kylat.ekarjala.fi\\\/valijoki\\\/mannisto-ja-valijoen-parketti\\\/\"]}]},{\"@type\":\"BreadcrumbList\",\"@id\":\"https:\\\/\\\/kylat.ekarjala.fi\\\/valijoki\\\/mannisto-ja-valijoen-parketti\\\/#breadcrumb\",\"itemListElement\":[{\"@type\":\"ListItem\",\"position\":1,\"name\":\"Etusivu\",\"item\":\"https:\\\/\\\/kylat.ekarjala.fi\\\/valijoki\\\/\"},{\"@type\":\"ListItem\",\"position\":2,\"name\":\"M\u00e4nnist\u00f6 ja V\u00e4lijoen lava\"}]},{\"@type\":\"WebSite\",\"@id\":\"https:\\\/\\\/kylat.ekarjala.fi\\\/valijoki\\\/#website\",\"url\":\"https:\\\/\\\/kylat.ekarjala.fi\\\/valijoki\\\/\",\"name\":\"V\u00e4lijoki\",\"description\":\"Uusi Etel\u00e4-Karjalan kyl\u00e4sivustot -sivusto\",\"publisher\":{\"@id\":\"https:\\\/\\\/kylat.ekarjala.fi\\\/valijoki\\\/#organization\"},\"potentialAction\":[{\"@type\":\"SearchAction\",\"target\":{\"@type\":\"EntryPoint\",\"urlTemplate\":\"https:\\\/\\\/kylat.ekarjala.fi\\\/valijoki\\\/?s={search_term_string}\"},\"query-input\":{\"@type\":\"PropertyValueSpecification\",\"valueRequired\":true,\"valueName\":\"search_term_string\"}}],\"inLanguage\":\"fi\"},{\"@type\":\"Organization\",\"@id\":\"https:\\\/\\\/kylat.ekarjala.fi\\\/valijoki\\\/#organization\",\"name\":\"V\u00e4lijoki\",\"url\":\"https:\\\/\\\/kylat.ekarjala.fi\\\/valijoki\\\/\",\"logo\":{\"@type\":\"ImageObject\",\"inLanguage\":\"fi\",\"@id\":\"https:\\\/\\\/kylat.ekarjala.fi\\\/valijoki\\\/#\\\/schema\\\/logo\\\/image\\\/\",\"url\":\"https:\\\/\\\/kylat.ekarjala.fi\\\/valijoki\\\/wp-content\\\/uploads\\\/sites\\\/19\\\/2018\\\/01\\\/RIENTO_keltaisella_RGB.jpg\",\"contentUrl\":\"https:\\\/\\\/kylat.ekarjala.fi\\\/valijoki\\\/wp-content\\\/uploads\\\/sites\\\/19\\\/2018\\\/01\\\/RIENTO_keltaisella_RGB.jpg\",\"width\":1178,\"height\":758,\"caption\":\"V\u00e4lijoki\"},\"image\":{\"@id\":\"https:\\\/\\\/kylat.ekarjala.fi\\\/valijoki\\\/#\\\/schema\\\/logo\\\/image\\\/\"},\"sameAs\":[\"https:\\\/\\\/www.facebook.com\\\/ValijoenNuorisoseuraRientoRy\\\/?locale=fi_FI\",\"https:\\\/\\\/www.instagram.com\\\/valijoenriento\\\/\"]}]}<\/script>\n<!-- \/ Yoast SEO plugin. -->","yoast_head_json":{"title":"M\u00e4nnist\u00f6 ja V\u00e4lijoen lava - V\u00e4lijoki","robots":{"index":"index","follow":"follow","max-snippet":"max-snippet:-1","max-image-preview":"max-image-preview:large","max-video-preview":"max-video-preview:-1"},"canonical":"https:\/\/kylat.ekarjala.fi\/valijoki\/mannisto-ja-valijoen-parketti\/","og_locale":"fi_FI","og_type":"article","og_title":"M\u00e4nnist\u00f6 ja V\u00e4lijoen lava - V\u00e4lijoki","og_description":"M\u00e4nnist\u00f6 V\u00e4lijoen asukkaiden yhteinen &#8221;koti&#8221; M\u00e4nnist\u00f6 sijaitsee aivan Taavetintien kupeessa (M\u00e4nnist\u00f6ntie 10) noin 18 kilometrin p\u00e4\u00e4ss\u00e4 Savitaipaleen kirkonkyl\u00e4lt\u00e4. Varsinkin talvisin talon sali on kansalaisopiston ja kyl\u00e4l\u00e4l\u00e4isten omien liikunta- ja harrastusryhmien k\u00e4yt\u00f6ss\u00e4. M\u00e4nnist\u00f6ss\u00e4 j\u00e4rjestet\u00e4\u00e4n my\u00f6s paljon yksityisi\u00e4 juhlia ja kokouksia. Saliin &hellip; Continue reading &rarr;","og_url":"https:\/\/kylat.ekarjala.fi\/valijoki\/mannisto-ja-valijoen-parketti\/","og_site_name":"V\u00e4lijoki","article_publisher":"https:\/\/www.facebook.com\/ValijoenNuorisoseuraRientoRy\/?locale=fi_FI","article_modified_time":"2025-09-20T20:34:23+00:00","twitter_card":"summary_large_image","twitter_misc":{"Arvioitu lukuaika":"2 minuuttia"},"schema":{"@context":"https:\/\/schema.org","@graph":[{"@type":"WebPage","@id":"https:\/\/kylat.ekarjala.fi\/valijoki\/mannisto-ja-valijoen-parketti\/","url":"https:\/\/kylat.ekarjala.fi\/valijoki\/mannisto-ja-valijoen-parketti\/","name":"M\u00e4nnist\u00f6 ja V\u00e4lijoen lava - V\u00e4lijoki","isPartOf":{"@id":"https:\/\/kylat.ekarjala.fi\/valijoki\/#website"},"datePublished":"2012-09-14T15:05:47+00:00","dateModified":"2025-09-20T20:34:23+00:00","breadcrumb":{"@id":"https:\/\/kylat.ekarjala.fi\/valijoki\/mannisto-ja-valijoen-parketti\/#breadcrumb"},"inLanguage":"fi","potentialAction":[{"@type":"ReadAction","target":["https:\/\/kylat.ekarjala.fi\/valijoki\/mannisto-ja-valijoen-parketti\/"]}]},{"@type":"BreadcrumbList","@id":"https:\/\/kylat.ekarjala.fi\/valijoki\/mannisto-ja-valijoen-parketti\/#breadcrumb","itemListElement":[{"@type":"ListItem","position":1,"name":"Etusivu","item":"https:\/\/kylat.ekarjala.fi\/valijoki\/"},{"@type":"ListItem","position":2,"name":"M\u00e4nnist\u00f6 ja V\u00e4lijoen lava"}]},{"@type":"WebSite","@id":"https:\/\/kylat.ekarjala.fi\/valijoki\/#website","url":"https:\/\/kylat.ekarjala.fi\/valijoki\/","name":"V\u00e4lijoki","description":"Uusi Etel\u00e4-Karjalan kyl\u00e4sivustot -sivusto","publisher":{"@id":"https:\/\/kylat.ekarjala.fi\/valijoki\/#organization"},"potentialAction":[{"@type":"SearchAction","target":{"@type":"EntryPoint","urlTemplate":"https:\/\/kylat.ekarjala.fi\/valijoki\/?s={search_term_string}"},"query-input":{"@type":"PropertyValueSpecification","valueRequired":true,"valueName":"search_term_string"}}],"inLanguage":"fi"},{"@type":"Organization","@id":"https:\/\/kylat.ekarjala.fi\/valijoki\/#organization","name":"V\u00e4lijoki","url":"https:\/\/kylat.ekarjala.fi\/valijoki\/","logo":{"@type":"ImageObject","inLanguage":"fi","@id":"https:\/\/kylat.ekarjala.fi\/valijoki\/#\/schema\/logo\/image\/","url":"https:\/\/kylat.ekarjala.fi\/valijoki\/wp-content\/uploads\/sites\/19\/2018\/01\/RIENTO_keltaisella_RGB.jpg","contentUrl":"https:\/\/kylat.ekarjala.fi\/valijoki\/wp-content\/uploads\/sites\/19\/2018\/01\/RIENTO_keltaisella_RGB.jpg","width":1178,"height":758,"caption":"V\u00e4lijoki"},"image":{"@id":"https:\/\/kylat.ekarjala.fi\/valijoki\/#\/schema\/logo\/image\/"},"sameAs":["https:\/\/www.facebook.com\/ValijoenNuorisoseuraRientoRy\/?locale=fi_FI","https:\/\/www.instagram.com\/valijoenriento\/"]}]}},"_links":{"self":[{"href":"https:\/\/kylat.ekarjala.fi\/valijoki\/wp-json\/wp\/v2\/pages\/34","targetHints":{"allow":["GET"]}}],"collection":[{"href":"https:\/\/kylat.ekarjala.fi\/valijoki\/wp-json\/wp\/v2\/pages"}],"about":[{"href":"https:\/\/kylat.ekarjala.fi\/valijoki\/wp-json\/wp\/v2\/types\/page"}],"author":[{"embeddable":true,"href":"https:\/\/kylat.ekarjala.fi\/valijoki\/wp-json\/wp\/v2\/users\/31"}],"replies":[{"embeddable":true,"href":"https:\/\/kylat.ekarjala.fi\/valijoki\/wp-json\/wp\/v2\/comments?post=34"}],"version-history":[{"count":19,"href":"https:\/\/kylat.ekarjala.fi\/valijoki\/wp-json\/wp\/v2\/pages\/34\/revisions"}],"predecessor-version":[{"id":807,"href":"https:\/\/kylat.ekarjala.fi\/valijoki\/wp-json\/wp\/v2\/pages\/34\/revisions\/807"}],"wp:attachment":[{"href":"https:\/\/kylat.ekarjala.fi\/valijoki\/wp-json\/wp\/v2\/media?parent=34"}],"curies":[{"name":"wp","href":"https:\/\/api.w.org\/{rel}","templated":true}]}}