{"id":6,"date":"2018-11-27T09:17:28","date_gmt":"2018-11-27T07:17:28","guid":{"rendered":"https:\/\/kylat.ekarjala.fi\/vilkjarvi\/services\/"},"modified":"2024-11-06T09:59:06","modified_gmt":"2024-11-06T07:59:06","slug":"kylat","status":"publish","type":"page","link":"https:\/\/kylat.ekarjala.fi\/vilkjarvi\/kylat\/","title":{"rendered":"Kyl\u00e4t"},"content":{"rendered":"\t\t<div data-elementor-type=\"wp-post\" data-elementor-id=\"6\" class=\"elementor elementor-6\" data-elementor-post-type=\"page\">\n\t\t\t\t\t\t<section class=\"elementor-section elementor-top-section elementor-element elementor-element-33a79095 elementor-section-boxed elementor-section-height-default elementor-section-height-default\" data-id=\"33a79095\" data-element_type=\"section\" data-e-type=\"section\" data-settings=\"{&quot;background_background&quot;:&quot;classic&quot;}\">\n\t\t\t\t\t\t\t<div class=\"elementor-background-overlay\"><\/div>\n\t\t\t\t\t\t\t<div class=\"elementor-container elementor-column-gap-default\">\n\t\t\t\t\t<div class=\"elementor-column elementor-col-100 elementor-top-column elementor-element elementor-element-3706530d\" data-id=\"3706530d\" data-element_type=\"column\" data-e-type=\"column\">\n\t\t\t<div class=\"elementor-widget-wrap elementor-element-populated\">\n\t\t\t\t\t\t<div class=\"elementor-element elementor-element-537de1f elementor-widget elementor-widget-heading\" data-id=\"537de1f\" data-element_type=\"widget\" data-e-type=\"widget\" data-widget_type=\"heading.default\">\n\t\t\t\t<div class=\"elementor-widget-container\">\n\t\t\t\t\t<h1 class=\"elementor-heading-title elementor-size-default\">Kyl\u00e4t<\/h1>\t\t\t\t<\/div>\n\t\t\t\t<\/div>\n\t\t\t\t\t<\/div>\n\t\t<\/div>\n\t\t\t\t\t<\/div>\n\t\t<\/section>\n\t\t\t\t<section class=\"elementor-section elementor-top-section elementor-element elementor-element-2dbed9a elementor-section-boxed elementor-section-height-default elementor-section-height-default\" data-id=\"2dbed9a\" data-element_type=\"section\" data-e-type=\"section\">\n\t\t\t\t\t\t<div class=\"elementor-container elementor-column-gap-default\">\n\t\t\t\t\t<div class=\"elementor-column elementor-col-100 elementor-top-column elementor-element elementor-element-1ca627b\" data-id=\"1ca627b\" data-element_type=\"column\" data-e-type=\"column\">\n\t\t\t<div class=\"elementor-widget-wrap elementor-element-populated\">\n\t\t\t\t\t\t<div class=\"elementor-element elementor-element-42fd904 elementor-widget elementor-widget-heading\" data-id=\"42fd904\" data-element_type=\"widget\" data-e-type=\"widget\" data-widget_type=\"heading.default\">\n\t\t\t\t<div class=\"elementor-widget-container\">\n\t\t\t\t\t<h2 class=\"elementor-heading-title elementor-size-default\">lyhyt esittely alueen kylist\u00e4<\/h2>\t\t\t\t<\/div>\n\t\t\t\t<\/div>\n\t\t\t\t<div class=\"elementor-element elementor-element-8dff22f elementor-widget elementor-widget-text-editor\" data-id=\"8dff22f\" data-element_type=\"widget\" data-e-type=\"widget\" data-widget_type=\"text-editor.default\">\n\t\t\t\t<div class=\"elementor-widget-container\">\n\t\t\t\t\t\t\t\t\t<p>T\u00e4ll\u00e4 sivulla esitell\u00e4\u00e4n lyhyesti Vilkj\u00e4rven kyl\u00e4nosat Lavonen ja Pohjonen sek\u00e4 l\u00e4hikyl\u00e4t Lensula, Myllyl\u00e4 ja Sipari.<\/p>\t\t\t\t\t\t\t\t<\/div>\n\t\t\t\t<\/div>\n\t\t\t\t\t<\/div>\n\t\t<\/div>\n\t\t\t\t\t<\/div>\n\t\t<\/section>\n\t\t\t\t<section class=\"elementor-section elementor-inner-section elementor-element elementor-element-d6c60ea elementor-section-boxed elementor-section-height-default elementor-section-height-default\" data-id=\"d6c60ea\" data-element_type=\"section\" data-e-type=\"section\">\n\t\t\t\t\t\t<div class=\"elementor-container elementor-column-gap-default\">\n\t\t\t\t\t<div class=\"elementor-column elementor-col-50 elementor-inner-column elementor-element elementor-element-f20a204\" data-id=\"f20a204\" data-element_type=\"column\" data-e-type=\"column\">\n\t\t\t<div class=\"elementor-widget-wrap elementor-element-populated\">\n\t\t\t\t\t\t<div class=\"elementor-element elementor-element-bfd172b elementor-widget elementor-widget-image\" data-id=\"bfd172b\" data-element_type=\"widget\" data-e-type=\"widget\" data-widget_type=\"image.default\">\n\t\t\t\t<div class=\"elementor-widget-container\">\n\t\t\t\t\t\t\t\t\t\t\t\t\t\t\t<img fetchpriority=\"high\" decoding=\"async\" width=\"1024\" height=\"770\" src=\"https:\/\/kylat.ekarjala.fi\/vilkjarvi\/wp-content\/uploads\/sites\/87\/2023\/08\/pohjosenkyla-1024x770.jpg\" class=\"attachment-large size-large wp-image-2345\" alt=\"\" srcset=\"https:\/\/kylat.ekarjala.fi\/vilkjarvi\/wp-content\/uploads\/sites\/87\/2023\/08\/pohjosenkyla-1024x770.jpg 1024w, https:\/\/kylat.ekarjala.fi\/vilkjarvi\/wp-content\/uploads\/sites\/87\/2023\/08\/pohjosenkyla-300x226.jpg 300w, https:\/\/kylat.ekarjala.fi\/vilkjarvi\/wp-content\/uploads\/sites\/87\/2023\/08\/pohjosenkyla-768x578.jpg 768w, https:\/\/kylat.ekarjala.fi\/vilkjarvi\/wp-content\/uploads\/sites\/87\/2023\/08\/pohjosenkyla-1536x1155.jpg 1536w, https:\/\/kylat.ekarjala.fi\/vilkjarvi\/wp-content\/uploads\/sites\/87\/2023\/08\/pohjosenkyla.jpg 1920w\" sizes=\"(max-width: 1024px) 100vw, 1024px\" \/>\t\t\t\t\t\t\t\t\t\t\t\t\t\t\t<\/div>\n\t\t\t\t<\/div>\n\t\t\t\t<div class=\"elementor-element elementor-element-d0c44fe elementor-widget elementor-widget-image-box\" data-id=\"d0c44fe\" data-element_type=\"widget\" data-e-type=\"widget\" data-widget_type=\"image-box.default\">\n\t\t\t\t<div class=\"elementor-widget-container\">\n\t\t\t\t\t<div class=\"elementor-image-box-wrapper\"><div class=\"elementor-image-box-content\"><h5 class=\"elementor-image-box-title\">Pohjonen<\/h5><p class=\"elementor-image-box-description\">Muutaman talon muodostama Vilkj\u00e4rven kyl\u00e4\u00e4n kuuluva kyl\u00e4nosa Vilkj\u00e4rven pohjoispuolella noin 4 kilometrin p\u00e4\u00e4ss\u00e4 kyl\u00e4n keskustasta. Pohjosen kyl\u00e4n takana junaradan varrella sijaitsee Tupavuori.<\/p><\/div><\/div>\t\t\t\t<\/div>\n\t\t\t\t<\/div>\n\t\t\t\t\t<\/div>\n\t\t<\/div>\n\t\t\t\t<div class=\"elementor-column elementor-col-50 elementor-inner-column elementor-element elementor-element-bce40d9\" data-id=\"bce40d9\" data-element_type=\"column\" data-e-type=\"column\">\n\t\t\t<div class=\"elementor-widget-wrap elementor-element-populated\">\n\t\t\t\t\t\t<div class=\"elementor-element elementor-element-cce00ea elementor-widget elementor-widget-image\" data-id=\"cce00ea\" data-element_type=\"widget\" data-e-type=\"widget\" data-widget_type=\"image.default\">\n\t\t\t\t<div class=\"elementor-widget-container\">\n\t\t\t\t\t\t\t\t\t\t\t\t\t\t\t<img decoding=\"async\" width=\"1024\" height=\"770\" src=\"https:\/\/kylat.ekarjala.fi\/vilkjarvi\/wp-content\/uploads\/sites\/87\/2023\/04\/myllylaweb-1024x770.jpg\" class=\"attachment-large size-large wp-image-1901\" alt=\"\" srcset=\"https:\/\/kylat.ekarjala.fi\/vilkjarvi\/wp-content\/uploads\/sites\/87\/2023\/04\/myllylaweb-1024x770.jpg 1024w, https:\/\/kylat.ekarjala.fi\/vilkjarvi\/wp-content\/uploads\/sites\/87\/2023\/04\/myllylaweb-300x226.jpg 300w, https:\/\/kylat.ekarjala.fi\/vilkjarvi\/wp-content\/uploads\/sites\/87\/2023\/04\/myllylaweb-768x578.jpg 768w, https:\/\/kylat.ekarjala.fi\/vilkjarvi\/wp-content\/uploads\/sites\/87\/2023\/04\/myllylaweb.jpg 1280w\" sizes=\"(max-width: 1024px) 100vw, 1024px\" \/>\t\t\t\t\t\t\t\t\t\t\t\t\t\t\t<\/div>\n\t\t\t\t<\/div>\n\t\t\t\t<div class=\"elementor-element elementor-element-c17baf9 elementor-widget elementor-widget-image-box\" data-id=\"c17baf9\" data-element_type=\"widget\" data-e-type=\"widget\" data-widget_type=\"image-box.default\">\n\t\t\t\t<div class=\"elementor-widget-container\">\n\t\t\t\t\t<div class=\"elementor-image-box-wrapper\"><div class=\"elementor-image-box-content\"><h5 class=\"elementor-image-box-title\">Myllyl\u00e4<\/h5><p class=\"elementor-image-box-description\">Kyl\u00e4 Yl\u00e4maantien varrella noin 4 kilometri\u00e4 Vilkj\u00e4rvelt\u00e4 Lappeenrannan suuntaan.<\/p><\/div><\/div>\t\t\t\t<\/div>\n\t\t\t\t<\/div>\n\t\t\t\t\t<\/div>\n\t\t<\/div>\n\t\t\t\t\t<\/div>\n\t\t<\/section>\n\t\t\t\t<section class=\"elementor-section elementor-inner-section elementor-element elementor-element-3dca23c elementor-section-height-min-height elementor-section-boxed elementor-section-height-default\" data-id=\"3dca23c\" data-element_type=\"section\" data-e-type=\"section\">\n\t\t\t\t\t\t<div class=\"elementor-container elementor-column-gap-default\">\n\t\t\t\t\t<div class=\"elementor-column elementor-col-50 elementor-inner-column elementor-element elementor-element-f58b4c4\" data-id=\"f58b4c4\" data-element_type=\"column\" data-e-type=\"column\">\n\t\t\t<div class=\"elementor-widget-wrap elementor-element-populated\">\n\t\t\t\t\t\t<div class=\"elementor-element elementor-element-d7fa0e3 elementor-widget elementor-widget-image\" data-id=\"d7fa0e3\" data-element_type=\"widget\" data-e-type=\"widget\" data-widget_type=\"image.default\">\n\t\t\t\t<div class=\"elementor-widget-container\">\n\t\t\t\t\t\t\t\t\t\t\t\t\t\t\t<img decoding=\"async\" width=\"1024\" height=\"711\" src=\"https:\/\/kylat.ekarjala.fi\/vilkjarvi\/wp-content\/uploads\/sites\/87\/2023\/04\/pahloisenkassaweb-1024x711.jpg\" class=\"attachment-large size-large wp-image-1902\" alt=\"\" srcset=\"https:\/\/kylat.ekarjala.fi\/vilkjarvi\/wp-content\/uploads\/sites\/87\/2023\/04\/pahloisenkassaweb-1024x711.jpg 1024w, https:\/\/kylat.ekarjala.fi\/vilkjarvi\/wp-content\/uploads\/sites\/87\/2023\/04\/pahloisenkassaweb-300x208.jpg 300w, https:\/\/kylat.ekarjala.fi\/vilkjarvi\/wp-content\/uploads\/sites\/87\/2023\/04\/pahloisenkassaweb-768x533.jpg 768w, https:\/\/kylat.ekarjala.fi\/vilkjarvi\/wp-content\/uploads\/sites\/87\/2023\/04\/pahloisenkassaweb-1536x1066.jpg 1536w, https:\/\/kylat.ekarjala.fi\/vilkjarvi\/wp-content\/uploads\/sites\/87\/2023\/04\/pahloisenkassaweb.jpg 2039w\" sizes=\"(max-width: 1024px) 100vw, 1024px\" \/>\t\t\t\t\t\t\t\t\t\t\t\t\t\t\t<\/div>\n\t\t\t\t<\/div>\n\t\t\t\t<div class=\"elementor-element elementor-element-66bbc4f elementor-widget elementor-widget-image-box\" data-id=\"66bbc4f\" data-element_type=\"widget\" data-e-type=\"widget\" data-widget_type=\"image-box.default\">\n\t\t\t\t<div class=\"elementor-widget-container\">\n\t\t\t\t\t<div class=\"elementor-image-box-wrapper\"><div class=\"elementor-image-box-content\"><h5 class=\"elementor-image-box-title\">Sipari (Pahloinen)<\/h5><p class=\"elementor-image-box-description\">Kyl\u00e4n virallinen nimi on Pahloinen, mutta yleisesti puhutaan Siparista. Kyl\u00e4 sijaitsee Yl\u00e4maantien varrella noin 5 kilometri\u00e4 Vilkj\u00e4rvelt\u00e4 Lappeenrannan suuntaan.<\/p><\/div><\/div>\t\t\t\t<\/div>\n\t\t\t\t<\/div>\n\t\t\t\t\t<\/div>\n\t\t<\/div>\n\t\t\t\t<div class=\"elementor-column elementor-col-50 elementor-inner-column elementor-element elementor-element-31ca30b\" data-id=\"31ca30b\" data-element_type=\"column\" data-e-type=\"column\">\n\t\t\t<div class=\"elementor-widget-wrap elementor-element-populated\">\n\t\t\t\t\t\t<div class=\"elementor-element elementor-element-238cce3 elementor-widget elementor-widget-image\" data-id=\"238cce3\" data-element_type=\"widget\" data-e-type=\"widget\" data-widget_type=\"image.default\">\n\t\t\t\t<div class=\"elementor-widget-container\">\n\t\t\t\t\t\t\t\t\t\t\t\t\t\t\t<img loading=\"lazy\" decoding=\"async\" width=\"1024\" height=\"768\" src=\"https:\/\/kylat.ekarjala.fi\/vilkjarvi\/wp-content\/uploads\/sites\/87\/2024\/06\/lensulasateenk-1024x768.jpg\" class=\"attachment-large size-large wp-image-2680\" alt=\"\" srcset=\"https:\/\/kylat.ekarjala.fi\/vilkjarvi\/wp-content\/uploads\/sites\/87\/2024\/06\/lensulasateenk-1024x768.jpg 1024w, https:\/\/kylat.ekarjala.fi\/vilkjarvi\/wp-content\/uploads\/sites\/87\/2024\/06\/lensulasateenk-300x225.jpg 300w, https:\/\/kylat.ekarjala.fi\/vilkjarvi\/wp-content\/uploads\/sites\/87\/2024\/06\/lensulasateenk-768x576.jpg 768w, https:\/\/kylat.ekarjala.fi\/vilkjarvi\/wp-content\/uploads\/sites\/87\/2024\/06\/lensulasateenk-1536x1152.jpg 1536w, https:\/\/kylat.ekarjala.fi\/vilkjarvi\/wp-content\/uploads\/sites\/87\/2024\/06\/lensulasateenk.jpg 1920w\" sizes=\"(max-width: 1024px) 100vw, 1024px\" \/>\t\t\t\t\t\t\t\t\t\t\t\t\t\t\t<\/div>\n\t\t\t\t<\/div>\n\t\t\t\t<div class=\"elementor-element elementor-element-00d7c15 elementor-widget elementor-widget-image-box\" data-id=\"00d7c15\" data-element_type=\"widget\" data-e-type=\"widget\" data-widget_type=\"image-box.default\">\n\t\t\t\t<div class=\"elementor-widget-container\">\n\t\t\t\t\t<div class=\"elementor-image-box-wrapper\"><div class=\"elementor-image-box-content\"><h5 class=\"elementor-image-box-title\">Lensula<\/h5><p class=\"elementor-image-box-description\">Kyl\u00e4 sijaitsee Lensulantien varrella l\u00e4hell\u00e4 Myllyl\u00e4\u00e4. Lensulan kyl\u00e4n uimaranta on Mustj\u00e4rven rannalla. Se ei sovellu pikkulapsille \u00e4kkisyv\u00e4n rannan takia.<\/p><\/div><\/div>\t\t\t\t<\/div>\n\t\t\t\t<\/div>\n\t\t\t\t\t<\/div>\n\t\t<\/div>\n\t\t\t\t\t<\/div>\n\t\t<\/section>\n\t\t\t\t<section class=\"elementor-section elementor-top-section elementor-element elementor-element-5999602 elementor-section-height-min-height elementor-section-boxed elementor-section-height-default elementor-section-items-middle\" data-id=\"5999602\" data-element_type=\"section\" data-e-type=\"section\" data-settings=\"{&quot;background_background&quot;:&quot;classic&quot;}\">\n\t\t\t\t\t\t<div class=\"elementor-container elementor-column-gap-default\">\n\t\t\t\t\t<div class=\"elementor-column elementor-col-100 elementor-top-column elementor-element elementor-element-a830c20\" data-id=\"a830c20\" data-element_type=\"column\" data-e-type=\"column\">\n\t\t\t<div class=\"elementor-widget-wrap elementor-element-populated\">\n\t\t\t\t\t\t<div class=\"elementor-element elementor-element-01fa918 elementor-widget elementor-widget-image\" data-id=\"01fa918\" data-element_type=\"widget\" data-e-type=\"widget\" data-widget_type=\"image.default\">\n\t\t\t\t<div class=\"elementor-widget-container\">\n\t\t\t\t\t\t\t\t\t\t\t\t\t\t\t<img loading=\"lazy\" decoding=\"async\" width=\"768\" height=\"432\" src=\"https:\/\/kylat.ekarjala.fi\/vilkjarvi\/wp-content\/uploads\/sites\/87\/2023\/04\/lavonenweb-768x432.jpg\" class=\"attachment-medium_large size-medium_large wp-image-1907\" alt=\"\" srcset=\"https:\/\/kylat.ekarjala.fi\/vilkjarvi\/wp-content\/uploads\/sites\/87\/2023\/04\/lavonenweb-768x432.jpg 768w, https:\/\/kylat.ekarjala.fi\/vilkjarvi\/wp-content\/uploads\/sites\/87\/2023\/04\/lavonenweb-300x169.jpg 300w, https:\/\/kylat.ekarjala.fi\/vilkjarvi\/wp-content\/uploads\/sites\/87\/2023\/04\/lavonenweb-1024x576.jpg 1024w, https:\/\/kylat.ekarjala.fi\/vilkjarvi\/wp-content\/uploads\/sites\/87\/2023\/04\/lavonenweb.jpg 1280w\" sizes=\"(max-width: 768px) 100vw, 768px\" \/>\t\t\t\t\t\t\t\t\t\t\t\t\t\t\t<\/div>\n\t\t\t\t<\/div>\n\t\t\t\t<div class=\"elementor-element elementor-element-1ea8416 elementor-widget elementor-widget-image-box\" data-id=\"1ea8416\" data-element_type=\"widget\" data-e-type=\"widget\" data-widget_type=\"image-box.default\">\n\t\t\t\t<div class=\"elementor-widget-container\">\n\t\t\t\t\t<div class=\"elementor-image-box-wrapper\"><div class=\"elementor-image-box-content\"><h5 class=\"elementor-image-box-title\">Lavonen<\/h5><p class=\"elementor-image-box-description\">Vilkj\u00e4rven kyl\u00e4\u00e4n kuuluva taloryhm\u00e4 Humalj\u00e4rven rannalla Lensulantien varrella noin 2,5 kilometrin p\u00e4\u00e4ss\u00e4 Vilkj\u00e4rven uimarannasta ja Yl\u00e4maantiest\u00e4.<\/p><\/div><\/div>\t\t\t\t<\/div>\n\t\t\t\t<\/div>\n\t\t\t\t\t<\/div>\n\t\t<\/div>\n\t\t\t\t\t<\/div>\n\t\t<\/section>\n\t\t\t\t<\/div>\n\t\t","protected":false},"excerpt":{"rendered":"<p>Kyl\u00e4t lyhyt esittely alueen kylist\u00e4 T\u00e4ll\u00e4 sivulla esitell\u00e4\u00e4n lyhyesti Vilkj\u00e4rven kyl\u00e4nosat Lavonen ja Pohjonen sek\u00e4 l\u00e4hikyl\u00e4t Lensula, Myllyl\u00e4 ja Sipari. Pohjonen Muutaman talon muodostama Vilkj\u00e4rven kyl\u00e4\u00e4n kuuluva kyl\u00e4nosa Vilkj\u00e4rven pohjoispuolella noin 4 kilometrin p\u00e4\u00e4ss\u00e4 kyl\u00e4n keskustasta. Pohjosen kyl\u00e4n takana junaradan varrella sijaitsee Tupavuori. Myllyl\u00e4 Kyl\u00e4 Yl\u00e4maantien varrella noin 4 kilometri\u00e4 Vilkj\u00e4rvelt\u00e4 Lappeenrannan suuntaan. Sipari (Pahloinen) [&hellip;]<\/p>\n","protected":false},"author":175,"featured_media":0,"parent":0,"menu_order":0,"comment_status":"closed","ping_status":"closed","template":"","meta":{"site-sidebar-layout":"no-sidebar","site-content-layout":"page-builder","ast-site-content-layout":"default","site-content-style":"default","site-sidebar-style":"default","ast-global-header-display":"","ast-banner-title-visibility":"","ast-main-header-display":"","ast-hfb-above-header-display":"","ast-hfb-below-header-display":"","ast-hfb-mobile-header-display":"","site-post-title":"disabled","ast-breadcrumbs-content":"","ast-featured-img":"disabled","footer-sml-layout":"","ast-disable-related-posts":"","theme-transparent-header-meta":"enabled","adv-header-id-meta":"","stick-header-meta":"","header-above-stick-meta":"","header-main-stick-meta":"","header-below-stick-meta":"","astra-migrate-meta-layouts":"default","ast-page-background-enabled":"default","ast-page-background-meta":{"desktop":{"background-color":"","background-image":"","background-repeat":"repeat","background-position":"center center","background-size":"auto","background-attachment":"scroll","background-type":"","background-media":"","overlay-type":"","overlay-color":"","overlay-opacity":"","overlay-gradient":""},"tablet":{"background-color":"","background-image":"","background-repeat":"repeat","background-position":"center center","background-size":"auto","background-attachment":"scroll","background-type":"","background-media":"","overlay-type":"","overlay-color":"","overlay-opacity":"","overlay-gradient":""},"mobile":{"background-color":"","background-image":"","background-repeat":"repeat","background-position":"center center","background-size":"auto","background-attachment":"scroll","background-type":"","background-media":"","overlay-type":"","overlay-color":"","overlay-opacity":"","overlay-gradient":""}},"ast-content-background-meta":{"desktop":{"background-color":"var(--ast-global-color-5)","background-image":"","background-repeat":"repeat","background-position":"center center","background-size":"auto","background-attachment":"scroll","background-type":"","background-media":"","overlay-type":"","overlay-color":"","overlay-opacity":"","overlay-gradient":""},"tablet":{"background-color":"var(--ast-global-color-5)","background-image":"","background-repeat":"repeat","background-position":"center center","background-size":"auto","background-attachment":"scroll","background-type":"","background-media":"","overlay-type":"","overlay-color":"","overlay-opacity":"","overlay-gradient":""},"mobile":{"background-color":"var(--ast-global-color-5)","background-image":"","background-repeat":"repeat","background-position":"center center","background-size":"auto","background-attachment":"scroll","background-type":"","background-media":"","overlay-type":"","overlay-color":"","overlay-opacity":"","overlay-gradient":""}},"footnotes":""},"class_list":["post-6","page","type-page","status-publish","hentry"],"_links":{"self":[{"href":"https:\/\/kylat.ekarjala.fi\/vilkjarvi\/wp-json\/wp\/v2\/pages\/6","targetHints":{"allow":["GET"]}}],"collection":[{"href":"https:\/\/kylat.ekarjala.fi\/vilkjarvi\/wp-json\/wp\/v2\/pages"}],"about":[{"href":"https:\/\/kylat.ekarjala.fi\/vilkjarvi\/wp-json\/wp\/v2\/types\/page"}],"author":[{"embeddable":true,"href":"https:\/\/kylat.ekarjala.fi\/vilkjarvi\/wp-json\/wp\/v2\/users\/175"}],"replies":[{"embeddable":true,"href":"https:\/\/kylat.ekarjala.fi\/vilkjarvi\/wp-json\/wp\/v2\/comments?post=6"}],"version-history":[{"count":20,"href":"https:\/\/kylat.ekarjala.fi\/vilkjarvi\/wp-json\/wp\/v2\/pages\/6\/revisions"}],"predecessor-version":[{"id":2859,"href":"https:\/\/kylat.ekarjala.fi\/vilkjarvi\/wp-json\/wp\/v2\/pages\/6\/revisions\/2859"}],"wp:attachment":[{"href":"https:\/\/kylat.ekarjala.fi\/vilkjarvi\/wp-json\/wp\/v2\/media?parent=6"}],"curies":[{"name":"wp","href":"https:\/\/api.w.org\/{rel}","templated":true}]}}