{"id":778,"date":"2023-03-07T10:30:29","date_gmt":"2023-03-07T08:30:29","guid":{"rendered":"https:\/\/kylat.ekarjala.fi\/vilkjarvi\/?page_id=778"},"modified":"2023-05-10T11:53:07","modified_gmt":"2023-05-10T08:53:07","slug":"lahikylat","status":"publish","type":"page","link":"https:\/\/kylat.ekarjala.fi\/vilkjarvi\/lahikylat\/","title":{"rendered":"L\u00e4hikyl\u00e4t"},"content":{"rendered":"\t\t<div data-elementor-type=\"wp-page\" data-elementor-id=\"778\" class=\"elementor elementor-778\" data-elementor-post-type=\"page\">\n\t\t\t\t\t\t<section class=\"elementor-section elementor-top-section elementor-element elementor-element-11721d1 elementor-section-boxed elementor-section-height-default elementor-section-height-default\" data-id=\"11721d1\" data-element_type=\"section\" data-e-type=\"section\" data-settings=\"{&quot;background_background&quot;:&quot;classic&quot;}\">\n\t\t\t\t\t\t\t<div class=\"elementor-background-overlay\"><\/div>\n\t\t\t\t\t\t\t<div class=\"elementor-container elementor-column-gap-default\">\n\t\t\t\t\t<div class=\"elementor-column elementor-col-100 elementor-top-column elementor-element elementor-element-dffc1bb\" data-id=\"dffc1bb\" data-element_type=\"column\" data-e-type=\"column\">\n\t\t\t<div class=\"elementor-widget-wrap elementor-element-populated\">\n\t\t\t\t\t\t<div class=\"elementor-element elementor-element-ee64fe4 elementor-widget elementor-widget-heading\" data-id=\"ee64fe4\" data-element_type=\"widget\" data-e-type=\"widget\" data-widget_type=\"heading.default\">\n\t\t\t\t<div class=\"elementor-widget-container\">\n\t\t\t\t\t<h1 class=\"elementor-heading-title elementor-size-default\">L\u00e4hikyl\u00e4t<\/h1>\t\t\t\t<\/div>\n\t\t\t\t<\/div>\n\t\t\t\t\t<\/div>\n\t\t<\/div>\n\t\t\t\t\t<\/div>\n\t\t<\/section>\n\t\t\t\t<section class=\"elementor-section elementor-top-section elementor-element elementor-element-4a4abf5 elementor-section-boxed elementor-section-height-default elementor-section-height-default\" data-id=\"4a4abf5\" data-element_type=\"section\" data-e-type=\"section\">\n\t\t\t\t\t\t<div class=\"elementor-container elementor-column-gap-default\">\n\t\t\t\t\t<div class=\"elementor-column elementor-col-50 elementor-top-column elementor-element elementor-element-7696446\" data-id=\"7696446\" data-element_type=\"column\" data-e-type=\"column\">\n\t\t\t<div class=\"elementor-widget-wrap elementor-element-populated\">\n\t\t\t\t\t\t<div class=\"elementor-element elementor-element-efe18d6 elementor-widget elementor-widget-heading\" data-id=\"efe18d6\" data-element_type=\"widget\" data-e-type=\"widget\" data-widget_type=\"heading.default\">\n\t\t\t\t<div class=\"elementor-widget-container\">\n\t\t\t\t\t<h4 class=\"elementor-heading-title elementor-size-default\">Adam Wilke Lensulasta<\/h4>\t\t\t\t<\/div>\n\t\t\t\t<\/div>\n\t\t\t\t<div class=\"elementor-element elementor-element-86f2514 elementor-widget elementor-widget-text-editor\" data-id=\"86f2514\" data-element_type=\"widget\" data-e-type=\"widget\" data-widget_type=\"text-editor.default\">\n\t\t\t\t<div class=\"elementor-widget-container\">\n\t\t\t\t\t\t\t\t\t<p style=\"text-align: left;\">Viipurissa Hackmanin kauppahuoneen palveluksessa kirjanpit\u00e4j\u00e4n\u00e4 toiminut Adam Wilke oli syntynyt Lensulan kyl\u00e4ss\u00e4 Kiiskin talossa 5. syyskuuta 1798. Aloittaessaan koulunk\u00e4ynnin Lappeenrannassa h\u00e4nelle annettiin ajan tavan mukaan &#8221;hienompi&#8221; nimi. Uudeksi sukunimeksi valittiin Wilke h\u00e4nen syntym\u00e4kotinsa l\u00e4hell\u00e4 sijaitsevan Vilkj\u00e4rven mukaan.<\/p><p style=\"text-align: left;\">Adam Wilke osallistui yst\u00e4viens\u00e4 kanssa Viipurin Suomalaisen Kirjallisuusseuran perustamiseen vuonna 1845, kaksi vuotta ennen kuolemaansa.<\/p><p style=\"text-align: left;\">Wilke teki pitk\u00e4n uran Hackmanien kauppahuoneessa ja ker\u00e4si merkitt\u00e4v\u00e4n omaisuuden, josta h\u00e4n testamentissaan lahjoitti varoja Lappeen seurakunnalle kattokruunun ostoa varten sek\u00e4 Viipurin Suomalaiselle Kirjallisuusseuralle 11000 ruplaa suomenkielisen rahvaan pojille tarkoitetun koulun perustamiseksi Lappeen seudulle.<\/p><p style=\"text-align: left;\">Wilken koulu perustettiin kuitenkin Viipuriin miss\u00e4 se toimi vuosina 1860 &#8211; 1893.<\/p><p style=\"text-align: left;\">L\u00e4hteet: Murto, T. G &#8211; Lappeen pit\u00e4j\u00e4n historia II <br \/>Viipurin Suomalainen Kirjallisuusseura, www.vsks.net<\/p>\t\t\t\t\t\t\t\t<\/div>\n\t\t\t\t<\/div>\n\t\t\t\t\t<\/div>\n\t\t<\/div>\n\t\t\t\t<div class=\"elementor-column elementor-col-50 elementor-top-column elementor-element elementor-element-e4b71b2\" data-id=\"e4b71b2\" data-element_type=\"column\" data-e-type=\"column\">\n\t\t\t<div class=\"elementor-widget-wrap elementor-element-populated\">\n\t\t\t\t\t\t<div class=\"elementor-element elementor-element-38ced2b elementor-widget elementor-widget-image\" data-id=\"38ced2b\" data-element_type=\"widget\" data-e-type=\"widget\" data-widget_type=\"image.default\">\n\t\t\t\t<div class=\"elementor-widget-container\">\n\t\t\t\t\t\t\t\t\t\t\t\t\t\t\t<img fetchpriority=\"high\" decoding=\"async\" width=\"900\" height=\"850\" src=\"https:\/\/kylat.ekarjala.fi\/vilkjarvi\/wp-content\/uploads\/sites\/87\/2023\/04\/adamwilkefinna.jpg\" class=\"attachment-full size-full wp-image-1465\" alt=\"\" srcset=\"https:\/\/kylat.ekarjala.fi\/vilkjarvi\/wp-content\/uploads\/sites\/87\/2023\/04\/adamwilkefinna.jpg 900w, https:\/\/kylat.ekarjala.fi\/vilkjarvi\/wp-content\/uploads\/sites\/87\/2023\/04\/adamwilkefinna-300x283.jpg 300w, https:\/\/kylat.ekarjala.fi\/vilkjarvi\/wp-content\/uploads\/sites\/87\/2023\/04\/adamwilkefinna-768x725.jpg 768w\" sizes=\"(max-width: 900px) 100vw, 900px\" \/>\t\t\t\t\t\t\t\t\t\t\t\t\t\t\t<\/div>\n\t\t\t\t<\/div>\n\t\t\t\t<div class=\"elementor-element elementor-element-55ea205 elementor-widget elementor-widget-text-editor\" data-id=\"55ea205\" data-element_type=\"widget\" data-e-type=\"widget\" data-widget_type=\"text-editor.default\">\n\t\t\t\t<div class=\"elementor-widget-container\">\n\t\t\t\t\t\t\t\t\t<p>Viipurin Suomalaisen Kirjallisuusseuran teett\u00e4m\u00e4 mitali, jonka suunnitteli Viljo Savikurki 1959. Kuva: Etel\u00e4-Karjalan museo.<\/p>\t\t\t\t\t\t\t\t<\/div>\n\t\t\t\t<\/div>\n\t\t\t\t\t<\/div>\n\t\t<\/div>\n\t\t\t\t\t<\/div>\n\t\t<\/section>\n\t\t\t\t<section class=\"elementor-section elementor-top-section elementor-element elementor-element-ded8fef elementor-section-boxed elementor-section-height-default elementor-section-height-default\" data-id=\"ded8fef\" data-element_type=\"section\" data-e-type=\"section\">\n\t\t\t\t\t\t<div class=\"elementor-container elementor-column-gap-default\">\n\t\t\t\t\t<div class=\"elementor-column elementor-col-50 elementor-top-column elementor-element elementor-element-d4d5512\" data-id=\"d4d5512\" data-element_type=\"column\" data-e-type=\"column\">\n\t\t\t<div class=\"elementor-widget-wrap elementor-element-populated\">\n\t\t\t\t\t\t<div class=\"elementor-element elementor-element-5428cab elementor-widget elementor-widget-heading\" data-id=\"5428cab\" data-element_type=\"widget\" data-e-type=\"widget\" data-widget_type=\"heading.default\">\n\t\t\t\t<div class=\"elementor-widget-container\">\n\t\t\t\t\t<h4 class=\"elementor-heading-title elementor-size-default\">Siparin koulu<\/h4>\t\t\t\t<\/div>\n\t\t\t\t<\/div>\n\t\t\t\t<div class=\"elementor-element elementor-element-45e53d3 elementor-widget elementor-widget-text-editor\" data-id=\"45e53d3\" data-element_type=\"widget\" data-e-type=\"widget\" data-widget_type=\"text-editor.default\">\n\t\t\t\t<div class=\"elementor-widget-container\">\n\t\t\t\t\t\t\t\t\t<p style=\"text-align: left;\">Monille Vilkj\u00e4rvell\u00e4 ja l\u00e4hikyliss\u00e4 asuneille 1970 &#8211; 90 &#8211; luvun lapsille on\u00a0 Siparin koulu hyvinkin tuttu. Siparin koulu perustettiin Lensulan, Myllyl\u00e4n, Pahloisten, Toikkalan ja Yllikk\u00e4l\u00e4n is\u00e4ntien toimesta 1800 -luvun lopulla.\u00a0 Mikko ja Hanna Sipari Pahloisista lahjoittivat koulua varten tontin ja tukivat muutenkin kouluhanketta. Koulu aloitti toimintansa syksyll\u00e4 1897. Vilkj\u00e4rven koulupiirin lapset siirtyiv\u00e4t Siparin kouluun syksyll\u00e4 1966, kun Vilkj\u00e4rven koulu lakkautettiin. Siparin koulu lakkautettiin kev\u00e4\u00e4ll\u00e4 2000. Nyt koulu on yksityisomistuksessa ja sit\u00e4 vuokrataan perhejuhliin ja muihin tilaisuuksiin.<\/p><p style=\"text-align: left;\">L\u00e4hde: Kunta kaupungin kupeessa, Lappeen historia II, Vuodet 1865-1966<\/p>\t\t\t\t\t\t\t\t<\/div>\n\t\t\t\t<\/div>\n\t\t\t\t\t<\/div>\n\t\t<\/div>\n\t\t\t\t<div class=\"elementor-column elementor-col-50 elementor-top-column elementor-element elementor-element-7f5017a\" data-id=\"7f5017a\" data-element_type=\"column\" data-e-type=\"column\">\n\t\t\t<div class=\"elementor-widget-wrap elementor-element-populated\">\n\t\t\t\t\t\t<div class=\"elementor-element elementor-element-fb23254 elementor-widget elementor-widget-image\" data-id=\"fb23254\" data-element_type=\"widget\" data-e-type=\"widget\" data-widget_type=\"image.default\">\n\t\t\t\t<div class=\"elementor-widget-container\">\n\t\t\t\t\t\t\t\t\t\t\t\t\t\t\t<img decoding=\"async\" width=\"1024\" height=\"605\" src=\"https:\/\/kylat.ekarjala.fi\/vilkjarvi\/wp-content\/uploads\/sites\/87\/2023\/04\/sipariweb2-1024x605.jpg\" class=\"attachment-large size-large wp-image-1509\" alt=\"\" srcset=\"https:\/\/kylat.ekarjala.fi\/vilkjarvi\/wp-content\/uploads\/sites\/87\/2023\/04\/sipariweb2-1024x605.jpg 1024w, https:\/\/kylat.ekarjala.fi\/vilkjarvi\/wp-content\/uploads\/sites\/87\/2023\/04\/sipariweb2-300x177.jpg 300w, https:\/\/kylat.ekarjala.fi\/vilkjarvi\/wp-content\/uploads\/sites\/87\/2023\/04\/sipariweb2-768x454.jpg 768w, https:\/\/kylat.ekarjala.fi\/vilkjarvi\/wp-content\/uploads\/sites\/87\/2023\/04\/sipariweb2.jpg 1280w\" sizes=\"(max-width: 1024px) 100vw, 1024px\" \/>\t\t\t\t\t\t\t\t\t\t\t\t\t\t\t<\/div>\n\t\t\t\t<\/div>\n\t\t\t\t\t<\/div>\n\t\t<\/div>\n\t\t\t\t\t<\/div>\n\t\t<\/section>\n\t\t\t\t<\/div>\n\t\t","protected":false},"excerpt":{"rendered":"<p>L\u00e4hikyl\u00e4t Adam Wilke Lensulasta Viipurissa Hackmanin kauppahuoneen palveluksessa kirjanpit\u00e4j\u00e4n\u00e4 toiminut Adam Wilke oli syntynyt Lensulan kyl\u00e4ss\u00e4 Kiiskin talossa 5. syyskuuta 1798. Aloittaessaan koulunk\u00e4ynnin Lappeenrannassa h\u00e4nelle annettiin ajan tavan mukaan &#8221;hienompi&#8221; nimi. Uudeksi sukunimeksi valittiin Wilke h\u00e4nen syntym\u00e4kotinsa l\u00e4hell\u00e4 sijaitsevan Vilkj\u00e4rven mukaan. Adam Wilke osallistui yst\u00e4viens\u00e4 kanssa Viipurin Suomalaisen Kirjallisuusseuran perustamiseen vuonna 1845, kaksi vuotta ennen [&hellip;]<\/p>\n","protected":false},"author":175,"featured_media":0,"parent":0,"menu_order":0,"comment_status":"closed","ping_status":"closed","template":"","meta":{"site-sidebar-layout":"no-sidebar","site-content-layout":"page-builder","ast-site-content-layout":"default","site-content-style":"default","site-sidebar-style":"default","ast-global-header-display":"","ast-banner-title-visibility":"","ast-main-header-display":"","ast-hfb-above-header-display":"","ast-hfb-below-header-display":"","ast-hfb-mobile-header-display":"","site-post-title":"disabled","ast-breadcrumbs-content":"","ast-featured-img":"disabled","footer-sml-layout":"","ast-disable-related-posts":"","theme-transparent-header-meta":"","adv-header-id-meta":"","stick-header-meta":"","header-above-stick-meta":"","header-main-stick-meta":"","header-below-stick-meta":"","astra-migrate-meta-layouts":"default","ast-page-background-enabled":"default","ast-page-background-meta":{"desktop":{"background-color":"","background-image":"","background-repeat":"repeat","background-position":"center center","background-size":"auto","background-attachment":"scroll","background-type":"","background-media":"","overlay-type":"","overlay-color":"","overlay-opacity":"","overlay-gradient":""},"tablet":{"background-color":"","background-image":"","background-repeat":"repeat","background-position":"center center","background-size":"auto","background-attachment":"scroll","background-type":"","background-media":"","overlay-type":"","overlay-color":"","overlay-opacity":"","overlay-gradient":""},"mobile":{"background-color":"","background-image":"","background-repeat":"repeat","background-position":"center center","background-size":"auto","background-attachment":"scroll","background-type":"","background-media":"","overlay-type":"","overlay-color":"","overlay-opacity":"","overlay-gradient":""}},"ast-content-background-meta":{"desktop":{"background-color":"var(--ast-global-color-5)","background-image":"","background-repeat":"repeat","background-position":"center center","background-size":"auto","background-attachment":"scroll","background-type":"","background-media":"","overlay-type":"","overlay-color":"","overlay-opacity":"","overlay-gradient":""},"tablet":{"background-color":"var(--ast-global-color-5)","background-image":"","background-repeat":"repeat","background-position":"center center","background-size":"auto","background-attachment":"scroll","background-type":"","background-media":"","overlay-type":"","overlay-color":"","overlay-opacity":"","overlay-gradient":""},"mobile":{"background-color":"var(--ast-global-color-5)","background-image":"","background-repeat":"repeat","background-position":"center center","background-size":"auto","background-attachment":"scroll","background-type":"","background-media":"","overlay-type":"","overlay-color":"","overlay-opacity":"","overlay-gradient":""}},"footnotes":""},"class_list":["post-778","page","type-page","status-publish","hentry"],"_links":{"self":[{"href":"https:\/\/kylat.ekarjala.fi\/vilkjarvi\/wp-json\/wp\/v2\/pages\/778","targetHints":{"allow":["GET"]}}],"collection":[{"href":"https:\/\/kylat.ekarjala.fi\/vilkjarvi\/wp-json\/wp\/v2\/pages"}],"about":[{"href":"https:\/\/kylat.ekarjala.fi\/vilkjarvi\/wp-json\/wp\/v2\/types\/page"}],"author":[{"embeddable":true,"href":"https:\/\/kylat.ekarjala.fi\/vilkjarvi\/wp-json\/wp\/v2\/users\/175"}],"replies":[{"embeddable":true,"href":"https:\/\/kylat.ekarjala.fi\/vilkjarvi\/wp-json\/wp\/v2\/comments?post=778"}],"version-history":[{"count":20,"href":"https:\/\/kylat.ekarjala.fi\/vilkjarvi\/wp-json\/wp\/v2\/pages\/778\/revisions"}],"predecessor-version":[{"id":2134,"href":"https:\/\/kylat.ekarjala.fi\/vilkjarvi\/wp-json\/wp\/v2\/pages\/778\/revisions\/2134"}],"wp:attachment":[{"href":"https:\/\/kylat.ekarjala.fi\/vilkjarvi\/wp-json\/wp\/v2\/media?parent=778"}],"curies":[{"name":"wp","href":"https:\/\/api.w.org\/{rel}","templated":true}]}}